Results for 3.2.3 20030502 (Red Hat Linux 3.2.3-14) testsuite on powerpc64-unknown-linux-gnu

Janis Johnson janis187@us.ibm.com
Sat Feb 19 20:22:00 GMT 2005


Linux 2.4.21-17.EL ppc64
GNU C Library stable release version 2.3.2
GNU ld version 2.15
GNU assembler 2.15
GNU Make version 3.79.1

DejaGnu:
	Expect version is	5.40.0
	Tcl version is		8.4
	Framework version is	1.4.4

32-bit biarch default32

CVS branch:  gcc-3_2-rhl8-branch

This hardware does not support VMX instructions.

LAST_UPDATED: Sat Feb 19 11:18:01 UTC 2005

Native configuration is powerpc64-unknown-linux-gnu

		=== g++ tests ===


Running target unix/-m32
XPASS: g++.other/init5.C  Execution test

		=== g++ Summary for unix/-m32 ===

# of expected passes		7463
# of unexpected successes	1
# of expected failures		89
# of untested testcases		23
# of unsupported tests		9

Running target unix/-m64
XPASS: g++.other/init5.C  Execution test

		=== g++ Summary for unix/-m64 ===

# of expected passes		7463
# of unexpected successes	1
# of expected failures		89
# of untested testcases		23
# of unsupported tests		9

		=== g++ Summary ===

# of expected passes		14926
# of unexpected successes	2
# of expected failures		178
# of untested testcases		46
# of unsupported tests		18
/home/gccbuild/build/nightly/build-gcc-3.2rh/gcc/testsuite/../g++ version 3.2.3 20030502 (Red Hat Linux 3.2.3-14)

		=== g77 tests ===


Running target unix/-m32

		=== g77 Summary for unix/-m32 ===

# of expected passes		1458
# of unsupported tests		8

Running target unix/-m64

		=== g77 Summary for unix/-m64 ===

# of expected passes		1458
# of unsupported tests		8

		=== g77 Summary ===

# of expected passes		2916
# of unsupported tests		16
/home/gccbuild/build/nightly/build-gcc-3.2rh/gcc/testsuite/../g77 version 3.2.3 20030502 (Red Hat Linux 3.2.3-14)

		=== gcc tests ===


Running target unix/-m32
XPASS: gcc.c-torture/execute/20020227-1.c execution,  -O0 
XPASS: gcc.c-torture/execute/20020227-1.c execution,  -O1 
XPASS: gcc.c-torture/execute/20020227-1.c execution,  -O2 
XPASS: gcc.c-torture/execute/20020227-1.c execution,  -O3 -fomit-frame-pointer 
XPASS: gcc.c-torture/execute/20020227-1.c execution,  -O3 -g 
XPASS: gcc.c-torture/execute/20020227-1.c execution,  -Os 
FAIL: gcc.dg/20020118-1.c execution test

		=== gcc Summary for unix/-m32 ===

# of expected passes		19175
# of unexpected failures	1
# of unexpected successes	6
# of expected failures		67
# of unsupported tests		140

Running target unix/-m64
FAIL: gcc.c-torture/compile/20031023-4.c,  -O0  
FAIL: gcc.c-torture/compile/20031023-4.c,  -O1  
FAIL: gcc.c-torture/compile/20031023-4.c,  -O2  
FAIL: gcc.c-torture/compile/20031023-4.c,  -O3 -fomit-frame-pointer  
FAIL: gcc.c-torture/compile/20031023-4.c,  -O3 -g  
FAIL: gcc.c-torture/compile/20031023-4.c,  -Os  
XPASS: gcc.c-torture/execute/20020227-1.c execution,  -O0 
XPASS: gcc.c-torture/execute/20020227-1.c execution,  -O1 
XPASS: gcc.c-torture/execute/20020227-1.c execution,  -O2 
XPASS: gcc.c-torture/execute/20020227-1.c execution,  -O3 -fomit-frame-pointer 
XPASS: gcc.c-torture/execute/20020227-1.c execution,  -O3 -g 
XPASS: gcc.c-torture/execute/20020227-1.c execution,  -Os 
FAIL: gcc.c-torture/execute/20020307-2.c execution,  -O0 
FAIL: gcc.c-torture/execute/20020307-2.c execution,  -O1 
FAIL: gcc.c-torture/execute/20020307-2.c execution,  -O2 
FAIL: gcc.c-torture/execute/20020307-2.c execution,  -O3 -fomit-frame-pointer 
FAIL: gcc.c-torture/execute/20020307-2.c execution,  -O3 -fomit-frame-pointer -funroll-loops 
FAIL: gcc.c-torture/execute/20020307-2.c execution,  -O3 -fomit-frame-pointer -funroll-all-loops -finline-functions 
FAIL: gcc.c-torture/execute/20020307-2.c execution,  -O3 -g 
FAIL: gcc.c-torture/execute/20020307-2.c execution,  -Os 
FAIL: gcc.dg/debug/20020327-1.c -gstabs1 (test for excess errors)
FAIL: gcc.dg/debug/20020327-1.c -gstabs1 -O (test for excess errors)
FAIL: gcc.dg/debug/20020327-1.c -gstabs1 -O3 (test for excess errors)
FAIL: gcc.dg/debug/20020327-1.c -gstabs (test for excess errors)
FAIL: gcc.dg/debug/20020327-1.c -gstabs -O (test for excess errors)
FAIL: gcc.dg/debug/20020327-1.c -gstabs -O3 (test for excess errors)
FAIL: gcc.dg/debug/20020327-1.c -gstabs3 (test for excess errors)
FAIL: gcc.dg/debug/20020327-1.c -gstabs3 -O (test for excess errors)
FAIL: gcc.dg/debug/20020327-1.c -gstabs3 -O3 (test for excess errors)
FAIL: gcc.dg/debug/20020327-1.c -gstabs+1 (test for excess errors)
FAIL: gcc.dg/debug/20020327-1.c -gstabs+1 -O (test for excess errors)
FAIL: gcc.dg/debug/20020327-1.c -gstabs+1 -O3 (test for excess errors)
FAIL: gcc.dg/debug/20020327-1.c -gstabs+ (test for excess errors)
FAIL: gcc.dg/debug/20020327-1.c -gstabs+ -O (test for excess errors)
FAIL: gcc.dg/debug/20020327-1.c -gstabs+ -O3 (test for excess errors)
FAIL: gcc.dg/debug/20020327-1.c -gstabs+3 (test for excess errors)
FAIL: gcc.dg/debug/20020327-1.c -gstabs+3 -O (test for excess errors)
FAIL: gcc.dg/debug/20020327-1.c -gstabs+3 -O3 (test for excess errors)
FAIL: gcc.dg/altivec-5.c (test for excess errors)
FAIL: gcc.dg/asm-names.c (test for excess errors)
XPASS: gcc.dg/c99-intconst-1.c (test for excess errors)
FAIL: linkage.c

		=== gcc Summary for unix/-m64 ===

# of expected passes		19141
# of unexpected failures	35
# of unexpected successes	7
# of expected failures		66
# of unsupported tests		140

		=== gcc Summary ===

# of expected passes		38316
# of unexpected failures	36
# of unexpected successes	13
# of expected failures		133
# of unsupported tests		280
/home/gccbuild/build/nightly/build-gcc-3.2rh/gcc/xgcc version 3.2.3 20030502 (Red Hat Linux 3.2.3-14)

		=== objc tests ===


Running target unix/-m32

		=== objc Summary for unix/-m32 ===

# of expected passes		1047
# of expected failures		6

Running target unix/-m64

		=== objc Summary for unix/-m64 ===

# of expected passes		1047
# of expected failures		6

		=== objc Summary ===

# of expected passes		2094
# of expected failures		12
/home/gccbuild/build/nightly/build-gcc-3.2rh/gcc/xgcc version 3.2.3 20030502 (Red Hat Linux 3.2.3-14)

		=== libjava tests ===


Running target unix/-m32
WARNING: program timed out.
FAIL: Array_3 execution from source compiled test
WARNING: program timed out.
FAIL: Array_3 execution from bytecode->native test
WARNING: program timed out.
FAIL: Array_3 -O execution from source compiled test
WARNING: program timed out.
FAIL: Array_3 -O execution from bytecode->native test
WARNING: program timed out.
FAIL: PR218 execution from source compiled test
WARNING: program timed out.
FAIL: PR218 execution from bytecode->native test
WARNING: program timed out.
FAIL: PR218 -O execution from source compiled test
WARNING: program timed out.
FAIL: PR218 -O execution from bytecode->native test
WARNING: program timed out.
FAIL: Invoke_1 execution from source compiled test
WARNING: program timed out.
FAIL: Invoke_1 execution from bytecode->native test
WARNING: program timed out.
FAIL: Invoke_1 -O execution from source compiled test
WARNING: program timed out.
FAIL: Invoke_1 -O execution from bytecode->native test
WARNING: program timed out.
FAIL: Throw_2 execution from source compiled test
WARNING: program timed out.
FAIL: Throw_2 execution from bytecode->native test
WARNING: program timed out.
FAIL: Throw_2 -O execution from source compiled test
WARNING: program timed out.
FAIL: Throw_2 -O execution from bytecode->native test
WARNING: program timed out.
FAIL: SyncTest execution from bytecode->native test

		=== libjava Summary for unix/-m32 ===

# of expected passes		2053
# of unexpected failures	17
# of expected failures		18
# of untested testcases		31

Running target unix/-m64
FAIL: invoke run
FAIL: noclass run
FAIL: field run
FAIL: calls run
FAIL: throwit run
FAIL: martin run
FAIL: overload run
FAIL: simple_int run
FAIL: cxxtest run
FAIL: register run
FAIL: virtual run
FAIL: final_method run
FAIL: findclass run
FAIL: pr179 execution from source compiled test
FAIL: pr179 execution from bytecode->native test
FAIL: pr179 -O execution from source compiled test
FAIL: pr179 -O execution from bytecode->native test
FAIL: anfi execution from source compiled test
FAIL: anfi execution from bytecode->native test
FAIL: anfi -O execution from source compiled test
FAIL: anfi -O execution from bytecode->native test
FAIL: pr184 execution from source compiled test
FAIL: pr184 execution from bytecode->native test
FAIL: pr184 -O execution from source compiled test
FAIL: pr184 -O execution from bytecode->native test
FAIL: private_direct_read execution from source compiled test
FAIL: private_direct_read execution from bytecode->native test
FAIL: private_direct_read -O execution from source compiled test
FAIL: private_direct_read -O execution from bytecode->native test
FAIL: Synch execution from source compiled test
FAIL: Synch execution from bytecode->native test
FAIL: Synch -O execution from source compiled test
FAIL: Synch -O execution from bytecode->native test
FAIL: err10 execution from source compiled test
FAIL: err10 execution from bytecode->native test
FAIL: err10 -O execution from source compiled test
FAIL: err10 -O execution from bytecode->native test
FAIL: II execution from source compiled test
FAIL: II execution from bytecode->native test
FAIL: II -O execution from source compiled test
FAIL: II -O execution from bytecode->native test
FAIL: err11 execution from source compiled test
FAIL: err11 execution from bytecode->native test
FAIL: err11 -O execution from source compiled test
FAIL: err11 -O execution from bytecode->native test
FAIL: anonarray execution from source compiled test
FAIL: anonarray execution from bytecode->native test
FAIL: anonarray -O execution from source compiled test
FAIL: anonarray -O execution from bytecode->native test
FAIL: err12 execution from source compiled test
FAIL: err12 execution from bytecode->native test
FAIL: err12 -O execution from source compiled test
FAIL: err12 -O execution from bytecode->native test
FAIL: err13 execution from source compiled test
FAIL: err13 execution from bytecode->native test
FAIL: err13 -O execution from source compiled test
FAIL: err13 -O execution from bytecode->native test
FAIL: G19990310_01 execution from source compiled test
FAIL: G19990310_01 execution from bytecode->native test
FAIL: G19990310_01 -O execution from source compiled test
FAIL: G19990310_01 -O execution from bytecode->native test
FAIL: Thread_Alive execution from source compiled test
FAIL: Thread_Alive execution from bytecode->native test
FAIL: Thread_Alive -O execution from source compiled test
FAIL: Thread_Alive -O execution from bytecode->native test
FAIL: PR5057 execution from source compiled test
FAIL: PR5057 execution from bytecode->native test
FAIL: PR5057 -O execution from source compiled test
FAIL: PR5057 -O execution from bytecode->native test
FAIL: G19990301_01 execution from source compiled test
FAIL: G19990301_01 execution from bytecode->native test
FAIL: G19990301_01 -O execution from source compiled test
FAIL: G19990301_01 -O execution from bytecode->native test
FAIL: err1 execution from source compiled test
FAIL: err1 execution from bytecode->native test
FAIL: err1 -O execution from source compiled test
FAIL: err1 -O execution from bytecode->native test
FAIL: err2 execution from source compiled test
FAIL: err2 execution from bytecode->native test
FAIL: err2 -O execution from source compiled test
FAIL: err2 -O execution from bytecode->native test
FAIL: err3 execution from source compiled test
FAIL: err3 execution from bytecode->native test
FAIL: err3 -O execution from source compiled test
FAIL: err3 -O execution from bytecode->native test
FAIL: err4 execution from source compiled test
FAIL: err4 execution from bytecode->native test
FAIL: err4 -O execution from source compiled test
FAIL: err4 -O execution from bytecode->native test
FAIL: err5 execution from source compiled test
FAIL: err5 execution from bytecode->native test
FAIL: err5 -O execution from source compiled test
FAIL: err5 -O execution from bytecode->native test
FAIL: err6 execution from source compiled test
FAIL: err6 execution from bytecode->native test
FAIL: err6 -O execution from source compiled test
FAIL: err6 -O execution from bytecode->native test
FAIL: StringBuffer_1 execution from source compiled test
FAIL: StringBuffer_1 execution from bytecode->native test
FAIL: StringBuffer_1 -O execution from source compiled test
FAIL: StringBuffer_1 -O execution from bytecode->native test
FAIL: err7 execution from source compiled test
FAIL: err7 execution from bytecode->native test
FAIL: err7 -O execution from source compiled test
FAIL: err7 -O execution from bytecode->native test
FAIL: err8 execution from source compiled test
FAIL: err8 execution from bytecode->native test
FAIL: err8 -O execution from source compiled test
FAIL: err8 -O execution from bytecode->native test
FAIL: err9 execution from source compiled test
FAIL: err9 execution from bytecode->native test
FAIL: err9 -O execution from source compiled test
FAIL: err9 -O execution from bytecode->native test
FAIL: inner_interface execution from source compiled test
FAIL: inner_interface execution from bytecode->native test
FAIL: inner_interface -O execution from source compiled test
FAIL: inner_interface -O execution from bytecode->native test
FAIL: update_outer execution from source compiled test
FAIL: update_outer execution from bytecode->native test
FAIL: update_outer -O execution from source compiled test
FAIL: update_outer -O execution from bytecode->native test
FAIL: anon execution from source compiled test
FAIL: anon execution from bytecode->native test
FAIL: anon -O execution from source compiled test
FAIL: anon -O execution from bytecode->native test
FAIL: direct_write execution from source compiled test
FAIL: direct_write execution from bytecode->native test
FAIL: direct_write -O execution from source compiled test
FAIL: direct_write -O execution from bytecode->native test
FAIL: TLtest execution from source compiled test
FAIL: TLtest execution from bytecode->native test
FAIL: TLtest -O execution from source compiled test
FAIL: TLtest -O execution from bytecode->native test
FAIL: Array_1 execution from source compiled test
FAIL: Array_1 execution from bytecode->native test
FAIL: Array_1 -O execution from source compiled test
FAIL: Array_1 -O execution from bytecode->native test
FAIL: Array_2 execution from source compiled test
FAIL: Array_2 execution from bytecode->native test
FAIL: Array_2 -O execution from source compiled test
FAIL: Array_2 -O execution from bytecode->native test
FAIL: Array_3 execution from source compiled test
FAIL: Array_3 execution from bytecode->native test
FAIL: Array_3 -O execution from source compiled test
FAIL: Array_3 -O execution from bytecode->native test
FAIL: Thread_Monitor execution from source compiled test
FAIL: Thread_Monitor execution from bytecode->native test
FAIL: Thread_Monitor -O execution from source compiled test
FAIL: Thread_Monitor -O execution from bytecode->native test
FAIL: inner_array execution from source compiled test
FAIL: inner_array execution from bytecode->native test
FAIL: inner_array -O execution from source compiled test
FAIL: inner_array -O execution from bytecode->native test
FAIL: inner1 execution from source compiled test
FAIL: inner1 execution from bytecode->native test
FAIL: inner1 -O execution from source compiled test
FAIL: inner1 -O execution from bytecode->native test
FAIL: inner2 execution from source compiled test
FAIL: inner2 execution from bytecode->native test
FAIL: inner2 -O execution from source compiled test
FAIL: inner2 -O execution from bytecode->native test
FAIL: inner3 execution from source compiled test
FAIL: inner3 execution from bytecode->native test
FAIL: inner3 -O execution from source compiled test
FAIL: inner3 -O execution from bytecode->native test
FAIL: inner4 execution from source compiled test
FAIL: inner4 execution from bytecode->native test
FAIL: inner4 -O execution from source compiled test
FAIL: inner4 -O execution from bytecode->native test
FAIL: klass execution from source compiled test
FAIL: klass execution from bytecode->native test
FAIL: klass -O execution from source compiled test
FAIL: klass -O execution from bytecode->native test
FAIL: Thread_Wait_Interrupt execution from source compiled test
FAIL: Thread_Wait_Interrupt execution from bytecode->native test
FAIL: Thread_Wait_Interrupt -O execution from source compiled test
FAIL: Thread_Wait_Interrupt -O execution from bytecode->native test
FAIL: InterfaceDispatch execution from source compiled test
FAIL: InterfaceDispatch execution from bytecode->native test
FAIL: InterfaceDispatch -O execution from source compiled test
FAIL: InterfaceDispatch -O execution from bytecode->native test
FAIL: invoke_from_inner execution from source compiled test
FAIL: invoke_from_inner execution from bytecode->native test
FAIL: invoke_from_inner -O execution from source compiled test
FAIL: invoke_from_inner -O execution from bytecode->native test
FAIL: G19990303_01 execution from source compiled test
FAIL: G19990303_01 execution from bytecode->native test
FAIL: G19990303_01 -O execution from source compiled test
FAIL: G19990303_01 -O execution from bytecode->native test
FAIL: G19990303_02 execution from source compiled test
FAIL: G19990303_02 execution from bytecode->native test
FAIL: G19990303_02 -O execution from source compiled test
FAIL: G19990303_02 -O execution from bytecode->native test
FAIL: PR141 execution from source compiled test
FAIL: PR141 execution from bytecode->native test
FAIL: PR141 -O execution from source compiled test
FAIL: PR141 -O execution from bytecode->native test
FAIL: PR160 execution from source compiled test
FAIL: PR160 execution from bytecode->native test
FAIL: PR160 -O execution from source compiled test
FAIL: PR160 -O execution from bytecode->native test
FAIL: PR162 execution from source compiled test
FAIL: PR162 execution from bytecode->native test
FAIL: PR162 -O execution from source compiled test
FAIL: PR162 -O execution from bytecode->native test
FAIL: final_int execution from source compiled test
FAIL: final_int execution from bytecode->native test
FAIL: final_int -O execution from source compiled test
FAIL: final_int -O execution from bytecode->native test
FAIL: stringconst execution from source compiled test
FAIL: stringconst execution from bytecode->native test
FAIL: stringconst -O execution from source compiled test
FAIL: stringconst -O execution from bytecode->native test
FAIL: Class_1 execution from source compiled test
FAIL: Class_1 execution from bytecode->native test
FAIL: Class_1 -O execution from source compiled test
FAIL: Class_1 -O execution from bytecode->native test
FAIL: instinit2 execution from source compiled test
FAIL: instinit2 execution from bytecode->native test
FAIL: instinit2 -O execution from source compiled test
FAIL: instinit2 -O execution from bytecode->native test
FAIL: PR5057_2 execution from source compiled test
FAIL: PR5057_2 execution from bytecode->native test
FAIL: PR5057_2 -O execution from source compiled test
FAIL: PR5057_2 -O execution from bytecode->native test
FAIL: N19990310_02 execution from source compiled test
FAIL: N19990310_02 execution from bytecode->native test
FAIL: N19990310_02 -O execution from source compiled test
FAIL: N19990310_02 -O execution from bytecode->native test
FAIL: PR218 execution from source compiled test
FAIL: PR218 execution from bytecode->native test
FAIL: PR218 -O execution from source compiled test
FAIL: PR218 -O execution from bytecode->native test
FAIL: indirect execution from source compiled test
FAIL: indirect execution from bytecode->native test
FAIL: indirect -O execution from source compiled test
FAIL: indirect -O execution from bytecode->native test
FAIL: FileHandleGcTest execution from source compiled test
FAIL: FileHandleGcTest execution from bytecode->native test
FAIL: FileHandleGcTest -O execution from source compiled test
FAIL: FileHandleGcTest -O execution from bytecode->native test
FAIL: indirect_read execution from source compiled test
FAIL: indirect_read execution from bytecode->native test
FAIL: indirect_read -O execution from source compiled test
FAIL: indirect_read -O execution from bytecode->native test
FAIL: Shazam execution from source compiled test
FAIL: Shazam execution from bytecode->native test
FAIL: Shazam -O execution from source compiled test
FAIL: Shazam -O execution from bytecode->native test
FAIL: PR242 execution from source compiled test
FAIL: PR242 execution from bytecode->native test
FAIL: PR242 -O execution from source compiled test
FAIL: PR242 -O execution from bytecode->native test
FAIL: Invoke_1 execution from source compiled test
FAIL: Invoke_1 execution from bytecode->native test
FAIL: Invoke_1 -O execution from source compiled test
FAIL: Invoke_1 -O execution from bytecode->native test
FAIL: Invoke_2 execution from source compiled test
FAIL: Invoke_2 execution from bytecode->native test
FAIL: Invoke_2 -O execution from source compiled test
FAIL: Invoke_2 -O execution from bytecode->native test
FAIL: PR260 execution from source compiled test
FAIL: PR260 execution from bytecode->native test
FAIL: PR260 -O execution from source compiled test
FAIL: PR260 -O execution from bytecode->native test
FAIL: tmi execution from source compiled test
FAIL: tmi execution from bytecode->native test
FAIL: tmi -O execution from source compiled test
FAIL: tmi -O execution from bytecode->native test
FAIL: instinit execution from source compiled test
FAIL: instinit execution from bytecode->native test
FAIL: instinit -O execution from source compiled test
FAIL: instinit -O execution from bytecode->native test
FAIL: Thread_Wait execution from source compiled test
FAIL: Thread_Wait execution from bytecode->native test
FAIL: Thread_Wait -O execution from source compiled test
FAIL: Thread_Wait -O execution from bytecode->native test
FAIL: stringconst2 execution from source compiled test
FAIL: stringconst2 execution from bytecode->native test
FAIL: stringconst2 -O execution from source compiled test
FAIL: stringconst2 -O execution from bytecode->native test
FAIL: Throw_1 execution from source compiled test
FAIL: Throw_1 execution from bytecode->native test
FAIL: Throw_1 -O execution from source compiled test
FAIL: Throw_1 -O execution from bytecode->native test
FAIL: Throw_2 execution from source compiled test
FAIL: Throw_2 execution from bytecode->native test
FAIL: Throw_2 -O execution from source compiled test
FAIL: Throw_2 -O execution from bytecode->native test
FAIL: Divide_1 execution from source compiled test
FAIL: Divide_1 execution from bytecode->native test
FAIL: Divide_1 -O execution from source compiled test
FAIL: Divide_1 -O execution from bytecode->native test
FAIL: instance execution from source compiled test
FAIL: instance execution from bytecode->native test
FAIL: instance -O execution from source compiled test
FAIL: instance -O execution from bytecode->native test
FAIL: Thread_Sleep execution from source compiled test
FAIL: Thread_Sleep execution from bytecode->native test
FAIL: Thread_Sleep -O execution from source compiled test
FAIL: Thread_Sleep -O execution from bytecode->native test
FAIL: KeepInline execution from source compiled test
FAIL: KeepInline execution from bytecode->native test
FAIL: KeepInline -O execution from source compiled test
FAIL: KeepInline -O execution from bytecode->native test
FAIL: SyncTest execution from source compiled test
FAIL: SyncTest execution from bytecode->native test
FAIL: SyncTest -O execution from source compiled test
FAIL: SyncTest -O execution from bytecode->native test
FAIL: nested_with_ctor execution from source compiled test
FAIL: nested_with_ctor execution from bytecode->native test
FAIL: nested_with_ctor -O execution from source compiled test
FAIL: nested_with_ctor -O execution from bytecode->native test
FAIL: anon2 execution from source compiled test
FAIL: anon2 execution from bytecode->native test
FAIL: anon2 -O execution from source compiled test
FAIL: anon2 -O execution from bytecode->native test
FAIL: anon3 execution from source compiled test
FAIL: anon3 execution from bytecode->native test
FAIL: anon3 -O execution from source compiled test
FAIL: anon3 -O execution from bytecode->native test
FAIL: anon4 execution from source compiled test
FAIL: anon4 execution from bytecode->native test
FAIL: anon4 -O execution from source compiled test
FAIL: anon4 -O execution from bytecode->native test
FAIL: ArrayStore2 execution from source compiled test
FAIL: ArrayStore2 execution from bytecode->native test
FAIL: ArrayStore2 -O execution from source compiled test
FAIL: ArrayStore2 -O execution from bytecode->native test
FAIL: tp execution from source compiled test
FAIL: tp execution from bytecode->native test
FAIL: tp -O execution from source compiled test
FAIL: tp -O execution from bytecode->native test
FAIL: Matrix4f execution from source compiled test
FAIL: Matrix4f execution from bytecode->native test
FAIL: Matrix4f -O execution from source compiled test
FAIL: Matrix4f -O execution from bytecode->native test
FAIL: anonarray2 execution from source compiled test
FAIL: anonarray2 execution from bytecode->native test
FAIL: anonarray2 -O execution from source compiled test
FAIL: anonarray2 -O execution from bytecode->native test
FAIL: anonarray3 execution from source compiled test
FAIL: anonarray3 execution from bytecode->native test
FAIL: anonarray3 -O execution from source compiled test
FAIL: anonarray3 -O execution from bytecode->native test
FAIL: G19990302_02 execution from source compiled test
FAIL: G19990302_02 execution from bytecode->native test
FAIL: G19990302_02 -O execution from source compiled test
FAIL: G19990302_02 -O execution from bytecode->native test
FAIL: InvokeReturn execution from source compiled test
FAIL: InvokeReturn execution from bytecode->native test
FAIL: InvokeReturn -O execution from source compiled test
FAIL: InvokeReturn -O execution from bytecode->native test
FAIL: Thread_Join execution from source compiled test
FAIL: Thread_Join execution from bytecode->native test
FAIL: Thread_Join -O execution from source compiled test
FAIL: Thread_Join -O execution from bytecode->native test
FAIL: multiple_finit execution from source compiled test
FAIL: multiple_finit execution from bytecode->native test
FAIL: multiple_finit -O execution from source compiled test
FAIL: multiple_finit -O execution from bytecode->native test
FAIL: indirect_write execution from source compiled test
FAIL: indirect_write execution from bytecode->native test
FAIL: indirect_write -O execution from source compiled test
FAIL: indirect_write -O execution from bytecode->native test
FAIL: invokethrow execution from source compiled test
FAIL: invokethrow execution from bytecode->native test
FAIL: invokethrow -O execution from source compiled test
FAIL: invokethrow -O execution from bytecode->native test
FAIL: Float_1 execution from source compiled test
FAIL: Float_1 execution from bytecode->native test
FAIL: Float_1 -O execution from source compiled test
FAIL: Float_1 -O execution from bytecode->native test
FAIL: final_inner execution from source compiled test
FAIL: final_inner execution from bytecode->native test
FAIL: final_inner -O execution from source compiled test
FAIL: final_inner -O execution from bytecode->native test
FAIL: Thread_Interrupt execution from source compiled test
FAIL: Thread_Interrupt execution from bytecode->native test
FAIL: Thread_Interrupt -O execution from source compiled test
FAIL: Thread_Interrupt -O execution from bytecode->native test
FAIL: test_long execution from source compiled test
FAIL: test_long execution from bytecode->native test
FAIL: test_long -O execution from source compiled test
FAIL: test_long -O execution from bytecode->native test
FAIL: search_outer execution from source compiled test
FAIL: search_outer execution from bytecode->native test
FAIL: search_outer -O execution from source compiled test
FAIL: search_outer -O execution from bytecode->native test
FAIL: N19990310_3 execution from source compiled test
FAIL: N19990310_3 execution from bytecode->native test
FAIL: N19990310_3 -O execution from source compiled test
FAIL: N19990310_3 -O execution from bytecode->native test
FAIL: N19990310_4 execution from source compiled test
FAIL: N19990310_4 execution from bytecode->native test
FAIL: N19990310_4 -O execution from source compiled test
FAIL: N19990310_4 -O execution from bytecode->native test
FAIL: N19990310_5 execution from source compiled test
FAIL: N19990310_5 execution from bytecode->native test
FAIL: N19990310_5 -O execution from source compiled test
FAIL: N19990310_5 -O execution from bytecode->native test
FAIL: EvaluationOrder execution from source compiled test
FAIL: EvaluationOrder execution from bytecode->native test
FAIL: EvaluationOrder -O execution from source compiled test
FAIL: EvaluationOrder -O execution from bytecode->native test
FAIL: PR3731 execution from source compiled test
FAIL: PR3731 execution from bytecode->native test
FAIL: PR3731 -O execution from source compiled test
FAIL: PR3731 -O execution from bytecode->native test
FAIL: ArrayStore execution from source compiled test
FAIL: ArrayStore execution from bytecode->native test
FAIL: ArrayStore -O execution from source compiled test
FAIL: ArrayStore -O execution from bytecode->native test
FAIL: G19990304_01 execution from source compiled test
FAIL: G19990304_01 execution from bytecode->native test
FAIL: G19990304_01 -O execution from source compiled test
FAIL: G19990304_01 -O execution from bytecode->native test
FAIL: Thread_Wait_2 execution from source compiled test
FAIL: Thread_Wait_2 execution from bytecode->native test
FAIL: Thread_Wait_2 -O execution from source compiled test
FAIL: Thread_Wait_2 -O execution from bytecode->native test
FAIL: Final execution from source compiled test
FAIL: Final execution from bytecode->native test
FAIL: Final -O execution from source compiled test
FAIL: Final -O execution from bytecode->native test
FAIL: negzero execution from source compiled test
FAIL: negzero execution from bytecode->native test
FAIL: negzero -O execution from source compiled test
FAIL: negzero -O execution from bytecode->native test
FAIL: final_static_and_friend execution from source compiled test
FAIL: final_static_and_friend execution from bytecode->native test
FAIL: final_static_and_friend -O execution from source compiled test
FAIL: final_static_and_friend -O execution from bytecode->native test
FAIL: direct_read execution from source compiled test
FAIL: direct_read execution from bytecode->native test
FAIL: direct_read -O execution from source compiled test
FAIL: direct_read -O execution from bytecode->native test
FAIL: pr109 execution from source compiled test
FAIL: pr109 execution from bytecode->native test
FAIL: pr109 -O execution from source compiled test
FAIL: pr109 -O execution from bytecode->native test
FAIL: stub execution from source compiled test
FAIL: stub execution from bytecode->native test
FAIL: stub -O execution from source compiled test
FAIL: stub -O execution from bytecode->native test
FAIL: PR3096 execution from source compiled test
FAIL: PR3096 execution from bytecode->native test
FAIL: PR3096 -O execution from source compiled test
FAIL: PR3096 -O execution from bytecode->native test
FAIL: pr133 execution from source compiled test
FAIL: pr133 execution from bytecode->native test
FAIL: pr133 -O execution from source compiled test
FAIL: pr133 -O execution from bytecode->native test
FAIL: anon_ctor_itf_arg execution from source compiled test
FAIL: anon_ctor_itf_arg execution from bytecode->native test
FAIL: anon_ctor_itf_arg -O execution from source compiled test
FAIL: anon_ctor_itf_arg -O execution from bytecode->native test
FAIL: PR55 execution from source compiled test
FAIL: PR55 execution from bytecode->native test
FAIL: PR55 -O execution from source compiled test
FAIL: PR55 -O execution from bytecode->native test
FAIL: PR56 execution from source compiled test
FAIL: PR56 execution from bytecode->native test
FAIL: PR56 -O execution from source compiled test
FAIL: PR56 -O execution from bytecode->native test
FAIL: pr83 execution from source compiled test
FAIL: pr83 execution from bytecode->native test
FAIL: pr83 -O execution from source compiled test
FAIL: pr83 -O execution from bytecode->native test

		=== libjava Summary for unix/-m64 ===

# of expected passes		1168
# of unexpected failures	469
# of expected failures		12
# of untested testcases		483

		=== libjava Summary ===

# of expected passes		3221
# of unexpected failures	486
# of expected failures		30
# of untested testcases		514
		=== libstdc++-v3 tests ===


Running target unix/-m32
XPASS: 22_locale/collate_byname.cc execution test
XPASS: 22_locale/collate_members_char.cc execution test
XPASS: 22_locale/collate_members_wchar_t.cc execution test
XPASS: 22_locale/ctype_is_char.cc execution test
XPASS: 22_locale/ctype_is_wchar_t.cc execution test
XPASS: 22_locale/members.cc execution test
XPASS: 22_locale/messages_byname.cc execution test
XPASS: 22_locale/messages_members_char.cc execution test
XPASS: 22_locale/money_get_members_char.cc execution test
XPASS: 22_locale/money_get_members_wchar_t.cc execution test
XPASS: 22_locale/money_put_members_char.cc execution test
XPASS: 22_locale/money_put_members_wchar_t.cc execution test
XPASS: 22_locale/moneypunct_byname.cc execution test
XPASS: 22_locale/moneypunct_members_char.cc execution test
XPASS: 22_locale/moneypunct_members_wchar_t.cc execution test
XPASS: 22_locale/num_get_members_char.cc execution test
XPASS: 22_locale/num_get_members_wchar_t.cc execution test
XPASS: 22_locale/num_put_members_char.cc execution test
XPASS: 22_locale/num_put_members_wchar_t.cc execution test
XPASS: 22_locale/numpunct_byname.cc execution test
XPASS: 22_locale/numpunct_members_char.cc execution test
XPASS: 22_locale/numpunct_members_wchar_t.cc execution test
XPASS: 22_locale/time_get_members_char.cc execution test
XPASS: 22_locale/time_get_members_wchar_t.cc execution test
FAIL: 26_numerics/c99_classification_macros_c.cc (test for excess errors)

		=== libstdc++-v3 Summary for unix/-m32 ===

# of expected passes		556
# of unexpected failures	1
# of unexpected successes	24
# of expected failures		2

Running target unix/-m64
FAIL: 17_intro/header_cassert.cc (test for excess errors)
WARNING: 17_intro/header_cassert.cc compilation failed to produce executable
XPASS: 22_locale/collate_byname.cc execution test
XPASS: 22_locale/collate_members_char.cc execution test
XPASS: 22_locale/collate_members_wchar_t.cc execution test
XPASS: 22_locale/ctype_is_char.cc execution test
XPASS: 22_locale/ctype_is_wchar_t.cc execution test
XPASS: 22_locale/members.cc execution test
XPASS: 22_locale/money_get_members_char.cc execution test
XPASS: 22_locale/money_get_members_wchar_t.cc execution test
XPASS: 22_locale/money_put_members_char.cc execution test
XPASS: 22_locale/money_put_members_wchar_t.cc execution test
XPASS: 22_locale/moneypunct_byname.cc execution test
XPASS: 22_locale/moneypunct_members_char.cc execution test
XPASS: 22_locale/moneypunct_members_wchar_t.cc execution test
XPASS: 22_locale/num_get_members_char.cc execution test
XPASS: 22_locale/num_get_members_wchar_t.cc execution test
XPASS: 22_locale/num_put_members_char.cc execution test
XPASS: 22_locale/num_put_members_wchar_t.cc execution test
XPASS: 22_locale/numpunct_byname.cc execution test
XPASS: 22_locale/numpunct_members_char.cc execution test
XPASS: 22_locale/numpunct_members_wchar_t.cc execution test
XPASS: 22_locale/time_get_members_char.cc execution test
XPASS: 22_locale/time_get_members_wchar_t.cc execution test
FAIL: 26_numerics/c99_classification_macros_c.cc (test for excess errors)

		=== libstdc++-v3 Summary for unix/-m64 ===

# of expected passes		554
# of unexpected failures	2
# of unexpected successes	22
# of expected failures		4

		=== libstdc++-v3 Summary ===

# of expected passes		1110
# of unexpected failures	3
# of unexpected successes	46
# of expected failures		6

Compiler version: 3.2.3 20030502 (Red Hat Linux 3.2.3-14) 
Platform: powerpc64-unknown-linux-gnu
configure flags: --prefix=/opt/gcc-nightly/3.2rh-20050219 --build=powerpc64-linux --host=powerpc64-linux --target=powerpc64-linux --with-cpu=default32 --with-as=/opt/gcc-nightly/binutils/bin/as --with-ld=/opt/gcc-nightly/binutils/bin/ld --enable-threads=posix --enable-shared --enable-__cxa_atexit --enable-languages=c,c++,f77,java,objc



More information about the Gcc-testresults mailing list