Results for 3.3.6 20050219 (prerelease) testsuite on i586-suse-linux-gnu

Robert Schiele rschiele@uni-mannheim.de
Sat Feb 19 11:55:00 GMT 2005


# Some comments about the system:

# SuSE Linux 9.2 (i586)
# VERSION = 9.2

# bash-3.0-8.2
# binutils-2.15.91.0.2-7
# dejagnu-1.4.4-3
# expect-5.41-2
# gcc-3.3.4-11
# glibc-2.3.3-118
# kernel-default-2.6.8-24.11
# make-3.80-186
# tcl-8.4.7-3
# texinfo-4.7-6

# Linux 2.6.8-24.11-default #1 Fri Jan 14 13:01:26 UTC 2005 i686 athlon i386 GNU/Linux
#   7:56am  up 15 days  1:49,  19 users,  load average: 1.84, 1.76, 1.73

# Reading specs from /usr/lib/gcc-lib/i586-suse-linux/3.3.4/specs
# Configured with: ../configure --enable-threads=posix --prefix=/usr --with-local-prefix=/usr/local --infodir=/usr/share/info --mandir=/usr/share/man --enable-languages=c,c++,f77,objc,java,ada --disable-checking --libdir=/usr/lib --enable-libgcj --with-gxx-include-dir=/usr/include/g++ --with-slibdir=/lib --with-system-zlib --enable-shared --enable-__cxa_atexit i586-suse-linux
# Thread model: posix
# gcc version 3.3.4 (pre 3.3.5 20040809)

# GNU C Library stable release version 2.3.3 (20040917), by Roland McGrath et al.
# Configured for i686-suse-linux.
# Compiled by GNU CC version 3.3.4 (pre 3.3.5 20040809).
# Compiled on a Linux 2.6.8.1 system on 2004-10-05.
# Available extensions:
# 	GNU libio by Per Bothner
# 	crypt add-on version 2.1 by Michael Glad and others
# 	linuxthreads-0.10 by Xavier Leroy
# 	GNU Libidn by Simon Josefsson
# 	NoVersion patch for broken glibc 2.0 binaries
# 	BIND-8.2.3-T5B
# 	libthread_db work sponsored by Alpha Processor Inc
# 	NIS(YP)/NIS+ NSS modules 0.19 by Thorsten Kukuk
# Thread-local storage support included.
# For bug reporting instructions, please see:
# <http://www.gnu.org/software/libc/bugs.html>.

LAST_UPDATED: Sat Feb 19 02:00:16 UTC 2005

Native configuration is i586-suse-linux-gnu

		=== g77 tests ===


Running target unix

		=== g77 Summary ===

# of expected passes		1720
# of unsupported tests		8
/local/build/gcc/testsuite/../g77 version 3.3.6 20050219 (prerelease)

		=== gcc tests ===


Running target unix
FAIL: gcc.dg/duff-2.c (test for excess errors)

		=== gcc Summary ===

# of expected passes		21476
# of unexpected failures	1
# of expected failures		69
# of unsupported tests		101
/local/build/gcc/xgcc version 3.3.6 20050219 (prerelease)

		=== g++ tests ===


Running target unix
XPASS: g++.other/init5.C  Execution test

		=== g++ Summary ===

# of expected passes		8265
# of unexpected successes	1
# of expected failures		97
# of untested testcases		9
# of unsupported tests		15
/local/build/gcc/testsuite/../g++ version 3.3.6 20050219 (prerelease)

		=== objc tests ===


Running target unix

		=== objc Summary ===

# of expected passes		1166
/local/build/gcc/xgcc version 3.3.6 20050219 (prerelease)


		=== libstdc++-v3 check-abi Summary ===

# of added symbols:		 51
# of missing symbols:		 0
# of incompatible symbols:	 0

using: /local/src/gcc.gcc-3_3-branch/libstdc++-v3/config/abi/i486-linux-gnu/baseline_symbols.txt

		=== libstdc++-v3 tests ===


Running target unix
XPASS: 22_locale/collate_byname.cc execution test
XPASS: 22_locale/collate_members_char.cc execution test
XPASS: 22_locale/collate_members_wchar_t.cc execution test
XPASS: 22_locale/ctype_is_char.cc execution test
XPASS: 22_locale/ctype_is_wchar_t.cc execution test
XPASS: 22_locale/members.cc execution test
XPASS: 22_locale/messages_byname.cc execution test
XPASS: 22_locale/messages_members_char.cc execution test
XPASS: 22_locale/money_get_members_char.cc execution test
XPASS: 22_locale/money_get_members_wchar_t.cc execution test
XPASS: 22_locale/money_put_members_char.cc execution test
XPASS: 22_locale/money_put_members_wchar_t.cc execution test
XPASS: 22_locale/moneypunct_byname.cc execution test
XPASS: 22_locale/moneypunct_members_char.cc execution test
XPASS: 22_locale/moneypunct_members_wchar_t.cc execution test
XPASS: 22_locale/num_get_members_char.cc execution test
XPASS: 22_locale/num_get_members_wchar_t.cc execution test
XPASS: 22_locale/num_put_members_char.cc execution test
XPASS: 22_locale/num_put_members_wchar_t.cc execution test
XPASS: 22_locale/numpunct_byname.cc execution test
XPASS: 22_locale/numpunct_members_char.cc execution test
XPASS: 22_locale/numpunct_members_wchar_t.cc execution test
XPASS: 22_locale/time_get_members_char.cc execution test
XPASS: 22_locale/time_get_members_wchar_t.cc execution test
XPASS: 22_locale/time_put_members_char.cc execution test
XPASS: 22_locale/time_put_members_wchar_t.cc execution test

		=== libstdc++-v3 Summary ===

# of expected passes		453
# of unexpected successes	26
# of expected failures		2

Compiler version: 3.3.6 20050219 (prerelease) 
Platform: i586-suse-linux-gnu
configure flags: --host=i586-suse-linux --enable-threads=posix --prefix=/local/inst/gcc336 --libexecdir=/local/inst/gcc336/lib --enable-languages=c,c++,f77,objc --disable-checking --disable-libgcj --with-gxx-include-dir=/local/inst/gcc336/include/g++ --with-system-zlib --enable-shared --enable-__cxa_atexit



More information about the Gcc-testresults mailing list