Results for 4.1.0-tcb (merged 20050216) testsuite on i686-pc-linux-gnu

Diego Novillo dnovillo@redhat.com
Fri Feb 18 22:58:00 GMT 2005


LAST_UPDATED: 
Native configuration is i686-pc-linux-gnu

		=== g++ tests ===


Running target unix
FAIL: g++.dg/opt/static3.C (test for excess errors)

		=== g++ Summary ===

# of expected passes		10714
# of unexpected failures	1
# of expected failures		70
# of unsupported tests		56
/notnfs/dnovillo/sbox/tcb/bld.toohappy/gcc/testsuite/../g++  version 4.1.0-tcb (merged 20050216)

		=== gcc tests ===


Running target unix
FAIL: gcc.c-torture/execute/20030216-1.c compilation,  -O1 
UNRESOLVED: gcc.c-torture/execute/20030216-1.c execution,  -O1 
FAIL: gcc.c-torture/execute/20030216-1.c compilation,  -O2 
UNRESOLVED: gcc.c-torture/execute/20030216-1.c execution,  -O2 
FAIL: gcc.c-torture/execute/20030216-1.c compilation,  -O3 -fomit-frame-pointer 
UNRESOLVED: gcc.c-torture/execute/20030216-1.c execution,  -O3 -fomit-frame-pointer 
FAIL: gcc.c-torture/execute/20030216-1.c compilation,  -O3 -g 
UNRESOLVED: gcc.c-torture/execute/20030216-1.c execution,  -O3 -g 
FAIL: gcc.c-torture/execute/20030216-1.c compilation,  -Os 
UNRESOLVED: gcc.c-torture/execute/20030216-1.c execution,  -Os 
FAIL: gcc.dg/pr18501.c conditional in loop (test for warnings, line 12)
XPASS: gcc.dg/uninit-5.c uninitialized variable warning (test for bogus messages, line 12)
XPASS: gcc.dg/uninit-5.c uninitialized variable warning (test for bogus messages, line 26)
XPASS: gcc.dg/uninit-9.c uninitialized variable warning (test for bogus messages, line 26)
FAIL: gcc.dg/tree-ssa/ssa-pre-2.c scan-tree-dump-times Eliminated:1 1
FAIL: gcc.dg/tree-ssa/ssa-pre-3.c scan-tree-dump-times Eliminated:2 1
FAIL: gcc.dg/tree-ssa/ssa-pre-4.c scan-tree-dump-times Eliminated:1 1
FAIL: gcc.dg/tree-ssa/ssa-pre-5.c scan-tree-dump-times Constified:1 1
FAIL: gcc.dg/tree-ssa/ssa-pre-6.c scan-tree-dump-times Eliminated:1 1
XPASS: gcc.dg/vect/vect-22.c scan-tree-dump-times vectorized 3 loops 1
XPASS: gcc.dg/vect/vect-67.c scan-tree-dump-times vectorized 1 loops 1

		=== gcc Summary ===

# of expected passes		33171
# of unexpected failures	11
# of unexpected successes	5
# of expected failures		95
# of unresolved testcases	5
# of untested testcases		28
# of unsupported tests		307
/notnfs/dnovillo/sbox/tcb/bld.toohappy/gcc/xgcc  version 4.1.0-tcb (merged 20050216)

		=== gfortran tests ===


Running target unix
XPASS: gfortran.dg/ret_pointer_1.f90 execution test
XPASS: gfortran.dg/ret_pointer_1.f90 execution test
XPASS: gfortran.dg/ret_pointer_1.f90 execution test
XPASS: gfortran.dg/ret_pointer_1.f90 execution test
XPASS: gfortran.dg/ret_pointer_1.f90 execution test
FAIL: gfortran.dg/g77/dnrm2.f execution test
FAIL: gfortran.dg/g77/dnrm2.f execution test
FAIL: gfortran.dg/g77/dnrm2.f execution test
FAIL: gfortran.dg/g77/dnrm2.f execution test
FAIL: gfortran.dg/g77/dnrm2.f execution test
FAIL: gfortran.dg/g77/dnrm2.f execution test
FAIL: gfortran.dg/g77/dnrm2.f execution test
FAIL: gfortran.fortran-torture/execute/forall_3.f90 execution,  -O1 

		=== gfortran Summary ===

# of expected passes		5229
# of unexpected failures	8
# of unexpected successes	5
# of expected failures		21
/notnfs/dnovillo/sbox/tcb/bld.toohappy/gcc/testsuite/../gfortran  version 4.1.0-tcb (merged 20050216)

		=== objc tests ===


Running target unix

		=== objc Summary ===

# of expected passes		1534
# of unsupported tests		10
/notnfs/dnovillo/sbox/tcb/bld.toohappy/gcc/xgcc  version 4.1.0-tcb (merged 20050216)

		=== libffi tests ===


Running target unix

		=== libffi Summary ===

# of expected passes		216
# of unsupported tests		2
		=== libjava tests ===


Running target unix
FAIL: LargeFile execution - source compiled test
FAIL: LargeFile execution - gij test
FAIL: LargeFile execution - bytecode->native test
FAIL: LargeFile -O3 execution - source compiled test
FAIL: LargeFile execution - gij test
FAIL: LargeFile -O3 execution - bytecode->native test

		=== libjava Summary ===

# of expected passes		3739
# of unexpected failures	6
# of expected failures		14
# of untested testcases		22
		=== libmudflap tests ===


Running target unix

		=== libmudflap Summary ===

# of expected passes		1288

		=== libstdc++-v3 check-abi Summary ===

# of added symbols:		 54
# of missing symbols:		 0
# of incompatible symbols:	 0

using: /home/cygnus/dnovillo/perf/sbox/tcb/local.i686/src/libstdc++-v3/config/abi/i486-linux-gnu/baseline_symbols.txt

		=== libstdc++ tests ===


Running target unix
XPASS: 22_locale/locale/cons/12658_thread-1.cc execution test
XPASS: 26_numerics/cmath/c99_classification_macros_c.cc (test for excess errors)

		=== libstdc++ Summary ===

# of expected passes		3482
# of unexpected successes	2
# of expected failures		5

Compiler version: 4.1.0-tcb (merged 20050216) 
Platform: i686-pc-linux-gnu
configure flags: --prefix=/home/cygnus/dnovillo/perf/sbox/tcb/local.i686/inst.toohappy --srcdir=/home/cygnus/dnovillo/perf/sbox/tcb/local.i686/src --disable-multilib --enable-mpfr --with-gmp=/home/cygnus/dnovillo/i686 --enable-languages=c,c++,f95,java,objc



More information about the Gcc-testresults mailing list