Results for 4.0.0 20050218 (experimental) testsuite on i686-pc-linux-gnu
Andrew Pinski
pinskia@physics.uc.edu
Fri Feb 18 18:55:00 GMT 2005
LAST_UPDATED: Fri Feb 18 05:08:15 UTC 2005
Native configuration is i686-pc-linux-gnu
=== g++ tests ===
Running target unix
FAIL: g++.dg/conversion/simd1.C (test for excess errors)
FAIL: g++.dg/ext/attribute-test-1.C (test for excess errors)
WARNING: g++.dg/ext/attribute-test-1.C compilation failed to produce executable
FAIL: g++.dg/ext/attribute-test-2.C (test for excess errors)
WARNING: g++.dg/ext/attribute-test-2.C compilation failed to produce executable
FAIL: g++.dg/ext/attribute-test-3.C (test for excess errors)
WARNING: g++.dg/ext/attribute-test-3.C compilation failed to produce executable
FAIL: g++.dg/ext/attribute-test-4.C (test for excess errors)
WARNING: g++.dg/ext/attribute-test-4.C compilation failed to produce executable
FAIL: g++.dg/other/mmintrin.C (test for excess errors)
XPASS: g++.old-deja/g++.other/init5.C execution test
=== g++ Summary ===
# of expected passes 10752
# of unexpected failures 6
# of unexpected successes 1
# of expected failures 69
# of unsupported tests 60
/home/gates/pinskia/src/gnu/gcc/src/objdir.linux/gcc/testsuite/../g++ version 4.0.0 20050218 (experimental)
=== gcc tests ===
Running target unix
WARNING: program timed out.
FAIL: gcc.c-torture/compile/20001226-1.c (test for excess errors)
FAIL: gcc.c-torture/execute/20050121-1.c execution, -O0
FAIL: gcc.c-torture/execute/20050121-1.c execution, -O1
FAIL: gcc.c-torture/execute/20050121-1.c execution, -O2
FAIL: gcc.c-torture/execute/20050121-1.c execution, -O3 -fomit-frame-pointer
FAIL: gcc.c-torture/execute/20050121-1.c execution, -O3 -g
FAIL: gcc.c-torture/execute/20050121-1.c execution, -Os
FAIL: gcc.c-torture/execute/complex-1.c execution, -O0
FAIL: gcc.c-torture/execute/complex-1.c execution, -O1
FAIL: gcc.c-torture/execute/complex-1.c execution, -O2
FAIL: gcc.c-torture/execute/complex-1.c execution, -O3 -fomit-frame-pointer
FAIL: gcc.c-torture/execute/complex-1.c execution, -O3 -g
FAIL: gcc.c-torture/execute/complex-1.c execution, -Os
FAIL: gcc.dg/cpp/arith-3.c (test for bogus messages, line 257)
FAIL: gcc.dg/20020531-1.c (test for excess errors)
FAIL: gcc.dg/i386-3dnow-1.c (test for excess errors)
FAIL: gcc.dg/i386-3dnow-2.c (test for excess errors)
FAIL: gcc.dg/i386-3dnowA-1.c (test for excess errors)
FAIL: gcc.dg/i386-3dnowA-2.c (test for excess errors)
FAIL: gcc.dg/i386-mmx-1.c (test for excess errors)
FAIL: gcc.dg/i386-mmx-2.c (test for excess errors)
FAIL: gcc.dg/i386-mmx-4.c (test for excess errors)
WARNING: gcc.dg/i386-mmx-4.c compilation failed to produce executable
FAIL: gcc.dg/i386-mmx-5.c (test for excess errors)
FAIL: gcc.dg/i386-mmx-6.c (test for excess errors)
FAIL: gcc.dg/i386-sse-1.c (test for excess errors)
FAIL: gcc.dg/i386-sse-2.c (test for excess errors)
FAIL: gcc.dg/i386-sse-3.c (test for excess errors)
FAIL: gcc.dg/i386-sse-6.c (test for excess errors)
WARNING: gcc.dg/i386-sse-6.c compilation failed to produce executable
FAIL: gcc.dg/i386-sse-7.c (test for excess errors)
WARNING: gcc.dg/i386-sse-7.c compilation failed to produce executable
FAIL: gcc.dg/i386-sse-9.c (test for excess errors)
WARNING: gcc.dg/i386-sse-9.c compilation failed to produce executable
FAIL: gcc.dg/i386-ssetype-1.c (test for excess errors)
ERROR: gcc.dg/i386-ssetype-1.c: error executing dg-final: couldn't open "i386-ssetype-1.s": no such file or directory
UNRESOLVED: gcc.dg/i386-ssetype-1.c: error executing dg-final: couldn't open "i386-ssetype-1.s": no such file or directory
FAIL: gcc.dg/i386-ssetype-2.c (test for excess errors)
ERROR: gcc.dg/i386-ssetype-2.c: error executing dg-final: couldn't open "i386-ssetype-2.s": no such file or directory
UNRESOLVED: gcc.dg/i386-ssetype-2.c: error executing dg-final: couldn't open "i386-ssetype-2.s": no such file or directory
FAIL: gcc.dg/i386-ssetype-3.c (test for excess errors)
ERROR: gcc.dg/i386-ssetype-3.c: error executing dg-final: couldn't open "i386-ssetype-3.s": no such file or directory
UNRESOLVED: gcc.dg/i386-ssetype-3.c: error executing dg-final: couldn't open "i386-ssetype-3.s": no such file or directory
FAIL: gcc.dg/i386-ssetype-4.c (test for excess errors)
ERROR: gcc.dg/i386-ssetype-4.c: error executing dg-final: couldn't open "i386-ssetype-4.s": no such file or directory
UNRESOLVED: gcc.dg/i386-ssetype-4.c: error executing dg-final: couldn't open "i386-ssetype-4.s": no such file or directory
FAIL: gcc.dg/i386-ssetype-5.c (test for excess errors)
ERROR: gcc.dg/i386-ssetype-5.c: error executing dg-final: couldn't open "i386-ssetype-5.s": no such file or directory
UNRESOLVED: gcc.dg/i386-ssetype-5.c: error executing dg-final: couldn't open "i386-ssetype-5.s": no such file or directory
FAIL: gcc.dg/pr19633-1.c (test for excess errors)
WARNING: gcc.dg/pr19633-1.c compilation failed to produce executable
FAIL: gcc.dg/struct-ret-libc.c execution test
XPASS: gcc.dg/vect/vect-22.c scan-tree-dump-times vectorized 3 loops 1
FAIL: gcc.target/i386/pr13366.c (test for excess errors)
FAIL: gcc.target/i386/sse-1.c (test for excess errors)
ERROR: gcc.target/i386/sse-1.c: error executing dg-final: couldn't open "sse-1.s": no such file or directory
UNRESOLVED: gcc.target/i386/sse-1.c: error executing dg-final: couldn't open "sse-1.s": no such file or directory
=== gcc Summary ===
# of expected passes 34365
# of unexpected failures 39
# of unexpected successes 1
# of expected failures 100
# of unresolved testcases 6
# of untested testcases 28
# of unsupported tests 307
/home/gates/pinskia/src/gnu/gcc/src/objdir.linux/gcc/xgcc version 4.0.0 20050218 (experimental)
=== gfortran tests ===
Running target unix
XPASS: gfortran.dg/ret_pointer_1.f90 execution test
XPASS: gfortran.dg/ret_pointer_1.f90 execution test
XPASS: gfortran.dg/ret_pointer_1.f90 execution test
XPASS: gfortran.dg/ret_pointer_1.f90 execution test
XPASS: gfortran.dg/ret_pointer_1.f90 execution test
FAIL: gfortran.fortran-torture/execute/forall_3.f90 execution, -O1
FAIL: gfortran.fortran-torture/execute/intrinsic_cshift.f90 execution, -O0
FAIL: gfortran.fortran-torture/execute/intrinsic_cshift.f90 execution, -O1
FAIL: gfortran.fortran-torture/execute/intrinsic_cshift.f90 execution, -O2
FAIL: gfortran.fortran-torture/execute/intrinsic_cshift.f90 execution, -O3 -fomit-frame-pointer
FAIL: gfortran.fortran-torture/execute/intrinsic_cshift.f90 execution, -O3 -fomit-frame-pointer -funroll-loops
FAIL: gfortran.fortran-torture/execute/intrinsic_cshift.f90 execution, -O3 -fomit-frame-pointer -funroll-all-loops -finline-functions
FAIL: gfortran.fortran-torture/execute/intrinsic_cshift.f90 execution, -O3 -g
FAIL: gfortran.fortran-torture/execute/intrinsic_cshift.f90 execution, -Os
=== gfortran Summary ===
# of expected passes 5228
# of unexpected failures 9
# of unexpected successes 5
# of expected failures 21
/home/gates/pinskia/src/gnu/gcc/src/objdir.linux/gcc/testsuite/../gfortran version 4.0.0 20050218 (experimental)
=== objc tests ===
Running target unix
=== objc Summary ===
# of expected passes 1534
# of unsupported tests 10
/home/gates/pinskia/src/gnu/gcc/src/objdir.linux/gcc/xgcc version 4.0.0 20050218 (experimental)
=== libffi tests ===
Running target unix
=== libffi Summary ===
# of expected passes 216
# of unsupported tests 2
=== libjava tests ===
Running target unix
=== libjava Summary ===
# of expected passes 3751
# of expected failures 14
# of untested testcases 16
=== libmudflap tests ===
Running target unix
FAIL: libmudflap.cth/pass40-frag.c execution test
FAIL: libmudflap.cth/pass40-frag.c output pattern test
FAIL: libmudflap.cth/pass40-frag.c (-O2) execution test
FAIL: libmudflap.cth/pass40-frag.c (-O2) output pattern test
FAIL: libmudflap.cth/pass40-frag.c (-O3) execution test
FAIL: libmudflap.cth/pass40-frag.c (-O3) output pattern test
=== libmudflap Summary ===
# of expected passes 1282
# of unexpected failures 6
=== libstdc++-v3 check-abi Summary ===
# of added symbols: 54
# of missing symbols: 0
# of incompatible symbols: 0
using: /home/peshtigo/pinskia/src/gnu/gcc/src/libstdc++-v3/config/abi/i486-linux-gnu/baseline_symbols.txt
=== libstdc++ tests ===
Running target unix
XPASS: 22_locale/locale/cons/12658_thread-1.cc execution test
XPASS: 26_numerics/cmath/c99_classification_macros_c.cc (test for excess errors)
FAIL: 26_numerics/complex/13450.cc execution test
=== libstdc++ Summary ===
# of expected passes 3481
# of unexpected failures 1
# of unexpected successes 2
# of expected failures 5
Compiler version: 4.0.0 20050218 (experimental)
Platform: i686-pc-linux-gnu
configure flags: --target=i686-pc-linux-gnu --host=i686-pc-linux-gnu --enable-__cxa_atexit --prefix=/home/gates/pinskia/linux --enable-threads=posix --enable-shared --enable-languages=c,c++,f95,java,objc
More information about the Gcc-testresults
mailing list