Results for 4.0.0 20050218 (experimental) testsuite on ia64-suse-linux-gnu

Andreas Schwab schwab@suse.de
Fri Feb 18 18:21:00 GMT 2005


LAST_UPDATED: Fri Feb 18 09:02:00 UTC 2005

		=== acats tests ===
FAIL:	c37213h
FAIL:	c37215h
FAIL:	c37305a
FAIL:	c391002
FAIL:	c432002
FAIL:	c9a009a
FAIL:	c9a009c
FAIL:	c9a009h
FAIL:	c9a010a
FAIL:	cxa3004
FAIL:	cxb3006
FAIL:	cxf3a01
FAIL:	cxf3a02

		=== acats Summary ===
# of expected passes		2309
# of unexpected failures	13
Native configuration is ia64-suse-linux-gnu

		=== g++ tests ===


Running target unix
FAIL: g++.dg/lookup/koenig1.C  (test for errors, line 12)
FAIL: g++.dg/lookup/koenig1.C (test for excess errors)
FAIL: g++.dg/opt/longbranch1.C (test for excess errors)
FAIL: g++.dg/template/error1.C  (test for errors, line 12)
FAIL: g++.dg/template/error1.C (test for excess errors)
FAIL: g++.old-deja/g++.other/crash24.C  (test for errors, line 10)
XPASS: g++.old-deja/g++.other/init5.C execution test
FAIL: g++.old-deja/g++.other/vaarg3.C  (test for errors, line 12)
FAIL: g++.old-deja/g++.other/vaarg3.C  (test for errors, line 21)
FAIL: g++.old-deja/g++.other/vaarg3.C  (test for errors, line 23)
FAIL: g++.old-deja/g++.other/vaarg3.C  (test for errors, line 24)
FAIL: g++.old-deja/g++.other/vaarg3.C  (test for errors, line 25)
FAIL: g++.old-deja/g++.other/vaarg3.C  (test for errors, line 26)
FAIL: g++.old-deja/g++.pt/instantiate8.C  (test for errors, line 28)
FAIL: g++.old-deja/g++.pt/instantiate8.C  (test for errors, line 36)
FAIL: g++.old-deja/g++.pt/partial2.C  (test for errors, line 11)
FAIL: g++.old-deja/g++.pt/partial2.C  (test for errors, line 17)
FAIL: g++.old-deja/g++.pt/partial2.C  (test for errors, line 23)
FAIL: g++.old-deja/g++.robertl/eb4.C  (test for errors, line 47)

		=== g++ Summary ===

# of expected passes		10248
# of unexpected failures	18
# of unexpected successes	1
# of expected failures		69
# of unsupported tests		90
/tmp/cvs/gcc-20050218/Build/gcc/testsuite/../g++  version 4.0.0 20050218 (experimental)

		=== gcc tests ===


Running target unix
XPASS: gcc.dg/tree-ssa/loop-1.c scan-assembler-times foo 5
XPASS: gcc.dg/vect/vect-22.c scan-tree-dump-times vectorized 3 loops 1
XPASS: gcc.dg/vect/vect-44.c scan-tree-dump-times Alignment of access forced using peeling 1
XPASS: gcc.dg/vect/vect-50.c scan-tree-dump-times Alignment of access forced using peeling 1
XPASS: gcc.dg/vect/vect-54.c scan-tree-dump-times Alignment of access forced using peeling 1
XPASS: gcc.dg/vect/vect-58.c scan-tree-dump-times Alignment of access forced using peeling 1

		=== gcc Summary ===

# of expected passes		32226
# of unexpected successes	6
# of expected failures		131
# of untested testcases		28
# of unsupported tests		452
/tmp/cvs/gcc-20050218/Build/gcc/xgcc  version 4.0.0 20050218 (experimental)

		=== gfortran tests ===


Running target unix
XPASS: gfortran.dg/ret_pointer_1.f90 execution test
XPASS: gfortran.dg/ret_pointer_1.f90 execution test
XPASS: gfortran.dg/ret_pointer_1.f90 execution test
XPASS: gfortran.dg/ret_pointer_1.f90 execution test
XPASS: gfortran.dg/ret_pointer_1.f90 execution test
XPASS: gfortran.dg/ret_pointer_1.f90 execution test
XPASS: gfortran.dg/ret_pointer_1.f90 execution test
XPASS: gfortran.dg/ret_pointer_1.f90 execution test
FAIL: gfortran.fortran-torture/execute/forall_3.f90 execution,  -O0 
FAIL: gfortran.fortran-torture/execute/forall_3.f90 execution,  -O1 
FAIL: gfortran.fortran-torture/execute/forall_3.f90 execution,  -O2 
FAIL: gfortran.fortran-torture/execute/forall_3.f90 execution,  -O3 -fomit-frame-pointer 
FAIL: gfortran.fortran-torture/execute/forall_3.f90 execution,  -O3 -fomit-frame-pointer -funroll-loops 
FAIL: gfortran.fortran-torture/execute/forall_3.f90 execution,  -O3 -fomit-frame-pointer -funroll-all-loops -finline-functions 
FAIL: gfortran.fortran-torture/execute/forall_3.f90 execution,  -O3 -g 
FAIL: gfortran.fortran-torture/execute/forall_3.f90 execution,  -Os 

		=== gfortran Summary ===

# of expected passes		5213
# of unexpected failures	8
# of unexpected successes	8
# of expected failures		18
# of unsupported tests		8
/tmp/cvs/gcc-20050218/Build/gcc/testsuite/../gfortran  version 4.0.0 20050218 (experimental)

		=== objc tests ===


Running target unix

		=== objc Summary ===

# of expected passes		1532
# of unsupported tests		11
/tmp/cvs/gcc-20050218/Build/gcc/xgcc  version 4.0.0 20050218 (experimental)

		=== libffi tests ===


Running target unix

		=== libffi Summary ===

# of expected passes		216
# of unsupported tests		2
		=== libjava tests ===


Running target unix

		=== libjava Summary ===

# of expected passes		3751
# of expected failures		14
# of untested testcases		16
		=== libmudflap tests ===


Running target unix

		=== libmudflap Summary ===

# of expected passes		1288

		=== libstdc++-v3 check-abi Summary ===

# of added symbols:		 54
# of missing symbols:		 0
# of incompatible symbols:	 0

using: /tmp/cvs/gcc-20050218/libstdc++-v3/config/abi/ia64-linux-gnu/baseline_symbols.txt

		=== libstdc++ tests ===


Running target unix
XPASS: 22_locale/locale/cons/12658_thread-1.cc execution test
FAIL: 23_containers/vector/capacity/8230.cc execution test
XPASS: 26_numerics/cmath/c99_classification_macros_c.cc (test for excess errors)
XPASS: 27_io/fpos/14320-1.cc execution test
FAIL: tr1/6_containers/unordered/insert/array_syntax.cc execution test

		=== libstdc++ Summary ===

# of expected passes		3495
# of unexpected failures	2
# of unexpected successes	3
# of expected failures		4

Compiler version: 4.0.0 20050218 (experimental) 
Platform: ia64-suse-linux-gnu
configure flags: --host=ia64-suse-linux --enable-shared --enable-threads --enable-__cxa_atexit --with-system-zlib --with-system-libunwind --enable-languages=c,ada,c++,f95,java,objc



More information about the Gcc-testresults mailing list