Results for 3.3.6 20050218 (prerelease) testsuite on i686-pc-linux-gnu

Joe Buck Joe.Buck@synopsys.com
Fri Feb 18 15:00:00 GMT 2005


This is a Red Hat Enterprise (GNU/)Linux WS release 3 system,
running on a dual 2.2 GHz Intel Xeon system.

kernel: 2.4.21-4.EL (from Red Hat)
glibc: 2.3.2-95.3 (from Red Hat)
binutils: 2.14.90.0.4-26 (from Red Hat)

Only C, C++, ObjC, and Fortran 77 are tested (no Java).
LAST_UPDATED: Fri Feb 18 08:56:14 UTC 2005

Native configuration is i686-pc-linux-gnu

		=== g++ tests ===


Running target unix

		=== g++ Summary ===

# of expected passes		8265
# of expected failures		98
# of untested testcases		9
# of unsupported tests		15
/var/tmp/gccbuild/3_3_branch/gcc/testsuite/../g++ version 3.3.6 20050218 (prerelease)

		=== g77 tests ===


Running target unix

		=== g77 Summary ===

# of expected passes		1736
/var/tmp/gccbuild/3_3_branch/gcc/testsuite/../g77 version 3.3.6 20050218 (prerelease)

		=== gcc tests ===


Running target unix
FAIL: gcc.dg/duff-2.c (test for excess errors)

		=== gcc Summary ===

# of expected passes		21476
# of unexpected failures	1
# of expected failures		69
# of unsupported tests		101
/var/tmp/gccbuild/3_3_branch/gcc/xgcc version 3.3.6 20050218 (prerelease)

		=== objc tests ===


Running target unix

		=== objc Summary ===

# of expected passes		1166
/var/tmp/gccbuild/3_3_branch/gcc/xgcc version 3.3.6 20050218 (prerelease)


		=== libstdc++-v3 check-abi Summary ===

# of added symbols:		 51
# of missing symbols:		 0
# of incompatible symbols:	 0

using: /u/jbuck/gnu/src/cvs/3_3_branch/gcc/libstdc++-v3/config/abi/i486-linux-gnu/baseline_symbols.txt

		=== libstdc++-v3 tests ===


Running target unix
XPASS: 22_locale/collate_byname.cc execution test
XPASS: 22_locale/collate_members_char.cc execution test
XPASS: 22_locale/collate_members_wchar_t.cc execution test
XPASS: 22_locale/ctype_is_char.cc execution test
XPASS: 22_locale/ctype_is_wchar_t.cc execution test
XPASS: 22_locale/members.cc execution test
XPASS: 22_locale/messages_byname.cc execution test
XPASS: 22_locale/messages_members_char.cc execution test
XPASS: 22_locale/money_get_members_char.cc execution test
XPASS: 22_locale/money_get_members_wchar_t.cc execution test
XPASS: 22_locale/money_put_members_char.cc execution test
XPASS: 22_locale/money_put_members_wchar_t.cc execution test
XPASS: 22_locale/moneypunct_byname.cc execution test
XPASS: 22_locale/moneypunct_members_char.cc execution test
XPASS: 22_locale/moneypunct_members_wchar_t.cc execution test
XPASS: 22_locale/num_get_members_char.cc execution test
XPASS: 22_locale/num_get_members_wchar_t.cc execution test
XPASS: 22_locale/num_put_members_char.cc execution test
XPASS: 22_locale/num_put_members_wchar_t.cc execution test
XPASS: 22_locale/numpunct_byname.cc execution test
XPASS: 22_locale/numpunct_members_char.cc execution test
XPASS: 22_locale/numpunct_members_wchar_t.cc execution test
XPASS: 22_locale/time_get_members_char.cc execution test
XPASS: 22_locale/time_get_members_wchar_t.cc execution test
XPASS: 22_locale/time_put_members_char.cc execution test
XPASS: 22_locale/time_put_members_wchar_t.cc execution test

		=== libstdc++-v3 Summary ===

# of expected passes		453
# of unexpected successes	26
# of expected failures		2

Compiler version: 3.3.6 20050218 (prerelease) 
Platform: i686-pc-linux-gnu
configure flags: --host=i686-pc-linux-gnu --prefix=/usr/localdisk/gcc-cvs/3_3_branch --enable-languages=c,c++,objc,f77



More information about the Gcc-testresults mailing list