Results for 4.0.0 20050218 (experimental) testsuite on powerpc-unknown-linux-gnu

Aldy Hernandez aldyh@cure81.build.redhat.com
Fri Feb 18 13:01:00 GMT 2005


LAST_UPDATED: 
Native configuration is powerpc-unknown-linux-gnu

		=== g++ tests ===


Running target unix
FAIL: g++.dg/conversion/simd1.C (test for excess errors)
FAIL: g++.dg/ext/attribute-test-1.C (test for excess errors)
WARNING: g++.dg/ext/attribute-test-1.C compilation failed to produce executable
FAIL: g++.dg/ext/attribute-test-2.C (test for excess errors)
WARNING: g++.dg/ext/attribute-test-2.C compilation failed to produce executable
FAIL: g++.dg/ext/attribute-test-3.C (test for excess errors)
WARNING: g++.dg/ext/attribute-test-3.C compilation failed to produce executable
FAIL: g++.dg/ext/attribute-test-4.C (test for excess errors)
WARNING: g++.dg/ext/attribute-test-4.C compilation failed to produce executable
FAIL: g++.dg/lookup/koenig1.C  (test for errors, line 12)
FAIL: g++.dg/lookup/koenig1.C (test for excess errors)
FAIL: g++.dg/template/error1.C  (test for errors, line 12)
FAIL: g++.dg/template/error1.C (test for excess errors)
FAIL: g++.old-deja/g++.other/crash24.C  (test for errors, line 10)
FAIL: g++.old-deja/g++.other/init5.C execution test
FAIL: g++.old-deja/g++.other/vaarg3.C  (test for errors, line 12)
FAIL: g++.old-deja/g++.other/vaarg3.C  (test for errors, line 21)
FAIL: g++.old-deja/g++.other/vaarg3.C  (test for errors, line 23)
FAIL: g++.old-deja/g++.other/vaarg3.C  (test for errors, line 24)
FAIL: g++.old-deja/g++.other/vaarg3.C  (test for errors, line 25)
FAIL: g++.old-deja/g++.other/vaarg3.C  (test for errors, line 26)
FAIL: g++.old-deja/g++.pt/instantiate8.C  (test for errors, line 28)
FAIL: g++.old-deja/g++.pt/instantiate8.C  (test for errors, line 36)
FAIL: g++.old-deja/g++.pt/partial2.C  (test for errors, line 11)
FAIL: g++.old-deja/g++.pt/partial2.C  (test for errors, line 17)
FAIL: g++.old-deja/g++.pt/partial2.C  (test for errors, line 23)
FAIL: g++.old-deja/g++.robertl/eb4.C  (test for errors, line 47)

		=== g++ Summary ===

# of expected passes		10764
# of unexpected failures	23
# of expected failures		69
# of unsupported tests		80
/tmp/aldyh/nightly-builds/powerpc-linux-gnu/cure81.build.redhat.com/gcc/testsuite/../g++  version 4.0.0 20050218 (experimental)

		=== gcc tests ===


Running target unix
FAIL: gcc.dg/20020103-1.c scan-assembler-not LC
FAIL: gcc.dg/cleanup-10.c execution test
FAIL: gcc.dg/cleanup-11.c execution test
FAIL: gcc.dg/cleanup-9.c execution test
FAIL: gcc.dg/pr19633-1.c (test for excess errors)
WARNING: gcc.dg/pr19633-1.c compilation failed to produce executable
FAIL: gcc.dg/struct-ret-libc.c execution test

		=== gcc Summary ===

# of expected passes		34821
# of unexpected failures	6
# of expected failures		100
# of untested testcases		28
# of unsupported tests		419
/tmp/aldyh/nightly-builds/powerpc-linux-gnu/cure81.build.redhat.com/gcc/xgcc  version 4.0.0 20050218 (experimental)

		=== libmudflap tests ===


Running target unix
FAIL: libmudflap.cth/pass37-frag.c (-O3) (rerun 6) execution test
FAIL: libmudflap.cth/pass37-frag.c (-O3) (rerun 6) output pattern test

		=== libmudflap Summary ===

# of expected passes		1286
# of unexpected failures	2

		=== libstdc++-v3 check-abi Summary ===

# of added symbols:		 63
# of missing symbols:		 0
# of incompatible symbols:	 0

using: /tmp/aldyh/untainted-sources/gcc/libstdc++-v3/config/abi/powerpc-linux-gnu/baseline_symbols.txt

		=== libstdc++ tests ===


Running target unix
XPASS: 22_locale/locale/cons/12658_thread-1.cc execution test
XPASS: 26_numerics/cmath/c99_classification_macros_c.cc (test for excess errors)

		=== libstdc++ Summary ===

# of expected passes		3481
# of unexpected successes	2
# of expected failures		6

Compiler version: 4.0.0 20050218 (experimental) 
Platform: powerpc-unknown-linux-gnu
configure flags: --host=powerpc-linux-gnu --enable-languages=c,c++



More information about the Gcc-testresults mailing list