Results for 4.0.0 20050217 (experimental) testsuite on s390-ibm-linux-gnu

Ulrich Weigand uweigand@de.ibm.com
Fri Feb 18 10:21:00 GMT 2005


LAST_UPDATED: 
		=== acats tests ===
FAIL:	c32001c
FAIL:	c32001e
FAIL:	c32107a
FAIL:	c32107c
FAIL:	c34001d
FAIL:	c34002a
FAIL:	c352001
FAIL:	c354002
FAIL:	c354003
FAIL:	c35503c
FAIL:	c35503e
FAIL:	c35503f
FAIL:	c35504b
FAIL:	c35507a
FAIL:	c35507b
FAIL:	c35507c
FAIL:	c35507e
FAIL:	c35508c
FAIL:	c35508e
FAIL:	c35902d
FAIL:	c37402a
FAIL:	c391002
FAIL:	c393012
FAIL:	c41404a
FAIL:	c432002
FAIL:	c43214c
FAIL:	c45532j
FAIL:	c45532l
FAIL:	c45532m
FAIL:	c45532n
FAIL:	c45532o
FAIL:	c45532p
FAIL:	c460007
FAIL:	c460009
FAIL:	c52011a
FAIL:	c61010a
FAIL:	c64005b
FAIL:	c64005c
FAIL:	c64005d
FAIL:	c64105b
FAIL:	c74004a
FAIL:	c761004
FAIL:	c85006e
FAIL:	c854002
FAIL:	c87b07e
FAIL:	c87b32a
FAIL:	c91006a
FAIL:	c95021a
FAIL:	c95086b
FAIL:	c96001a
FAIL:	c97116a
FAIL:	ca11020
FAIL:	cc1220a
FAIL:	cc1221c
FAIL:	cc1221d
FAIL:	cc1227a
FAIL:	cc3019c
FAIL:	cc3220a
FAIL:	cc3601a
FAIL:	cc51a01
FAIL:	cd2a31a
FAIL:	cd2a32a
FAIL:	cd2a32e
FAIL:	cd2a32j
FAIL:	cd2b11a
FAIL:	cd2b11b
FAIL:	cdb0a02
FAIL:	cdd2a02
FAIL:	ce3806g
FAIL:	ce3806h
FAIL:	ce3810b
FAIL:	ce3906f
FAIL:	cxa3004
FAIL:	cxa4006
FAIL:	cxa4017
FAIL:	cxa5011
FAIL:	cxa5012
FAIL:	cxa5015
FAIL:	cxa5a01
FAIL:	cxa5a02
FAIL:	cxa5a03
FAIL:	cxaa008
FAIL:	cxaa010
FAIL:	cxb3006
FAIL:	cxb5002
FAIL:	cxf2001
FAIL:	cxf2002
FAIL:	cxf2003
FAIL:	cxf2004
FAIL:	cxf2005
FAIL:	cxf3a01
FAIL:	cxf3a02
FAIL:	cxg2001
FAIL:	cxg2002
FAIL:	cxg2004
FAIL:	cxg2006
FAIL:	cxg2007
FAIL:	cxg2008
FAIL:	cxg2010
FAIL:	cxg2011
FAIL:	cxg2012
FAIL:	cxg2013
FAIL:	cxg2014
FAIL:	cxg2015
FAIL:	cxg2016
FAIL:	cxg2018
FAIL:	cxg2019
FAIL:	cxg2021
FAIL:	cxg2022
FAIL:	cxg2024

		=== acats Summary ===
# of expected passes		2212
# of unexpected failures	110
Native configuration is s390-ibm-linux-gnu

		=== g++ tests ===


Running target unix
FAIL: g++.dg/conversion/simd1.C (test for excess errors)
FAIL: g++.dg/ext/attribute-test-1.C (test for excess errors)
WARNING: g++.dg/ext/attribute-test-1.C compilation failed to produce executable
FAIL: g++.dg/ext/attribute-test-2.C (test for excess errors)
WARNING: g++.dg/ext/attribute-test-2.C compilation failed to produce executable
FAIL: g++.dg/ext/attribute-test-3.C (test for excess errors)
WARNING: g++.dg/ext/attribute-test-3.C compilation failed to produce executable
FAIL: g++.dg/ext/attribute-test-4.C (test for excess errors)
WARNING: g++.dg/ext/attribute-test-4.C compilation failed to produce executable
XPASS: g++.old-deja/g++.other/init5.C execution test

		=== g++ Summary ===

# of expected passes		10642
# of unexpected failures	5
# of unexpected successes	1
# of expected failures		69
# of unsupported tests		91
/mnt/dasdc1/fsf/gcc-head-build/gcc/testsuite/../g++  version 4.0.0 20050217 (experimental)

		=== gcc tests ===


Running target unix
FAIL: gcc.c-torture/execute/20050121-1.c execution,  -O0 
FAIL: gcc.c-torture/execute/20050121-1.c execution,  -O1 
FAIL: gcc.c-torture/execute/20050121-1.c execution,  -O2 
FAIL: gcc.c-torture/execute/20050121-1.c execution,  -O3 -fomit-frame-pointer 
FAIL: gcc.c-torture/execute/20050121-1.c execution,  -O3 -g 
FAIL: gcc.c-torture/execute/20050121-1.c execution,  -Os 
FAIL: gcc.c-torture/execute/complex-1.c execution,  -O0 
FAIL: gcc.c-torture/execute/complex-1.c execution,  -O1 
FAIL: gcc.c-torture/execute/complex-1.c execution,  -O2 
FAIL: gcc.c-torture/execute/complex-1.c execution,  -O3 -fomit-frame-pointer 
FAIL: gcc.c-torture/execute/complex-1.c execution,  -O3 -g 
FAIL: gcc.c-torture/execute/complex-1.c execution,  -Os 
FAIL: gcc.c-torture/unsorted/USIcmp.c,  -O1  
FAIL: gcc.c-torture/unsorted/USIcmp.c,  -O2  
FAIL: gcc.c-torture/unsorted/USIcmp.c,  -O3 -fomit-frame-pointer  
FAIL: gcc.c-torture/unsorted/USIcmp.c,  -O3 -g  
FAIL: gcc.c-torture/unsorted/USIcmp.c,  -Os  
FAIL: gcc.dg/pr19633-1.c (test for excess errors)
WARNING: gcc.dg/pr19633-1.c compilation failed to produce executable
FAIL: gcc.dg/struct-ret-libc.c execution test
XPASS: gcc.dg/tree-ssa/20040204-1.c scan-tree-dump-times link_error 0

		=== gcc Summary ===

# of expected passes		32364
# of unexpected failures	19
# of unexpected successes	1
# of expected failures		74
# of untested testcases		28
# of unsupported tests		457
/mnt/dasdc1/fsf/gcc-head-build/gcc/xgcc  version 4.0.0 20050217 (experimental)

		=== gfortran tests ===


Running target unix
XPASS: gfortran.dg/ret_pointer_1.f90  -O0  execution test
XPASS: gfortran.dg/ret_pointer_1.f90  -O1  execution test
XPASS: gfortran.dg/ret_pointer_1.f90  -O2  execution test
XPASS: gfortran.dg/ret_pointer_1.f90  -O3 -fomit-frame-pointer  execution test
XPASS: gfortran.dg/ret_pointer_1.f90  -O3 -fomit-frame-pointer -funroll-loops  execution test
XPASS: gfortran.dg/ret_pointer_1.f90  -O3 -fomit-frame-pointer -funroll-all-loops -finline-functions  execution test
XPASS: gfortran.dg/ret_pointer_1.f90  -O3 -g  execution test
XPASS: gfortran.dg/ret_pointer_1.f90  -Os  execution test
FAIL: gfortran.fortran-torture/execute/csqrt_1.f90 execution,  -O0 
FAIL: gfortran.fortran-torture/execute/forall_3.f90 execution,  -O0 
FAIL: gfortran.fortran-torture/execute/forall_3.f90 execution,  -O1 
FAIL: gfortran.fortran-torture/execute/forall_3.f90 execution,  -O2 
FAIL: gfortran.fortran-torture/execute/forall_3.f90 execution,  -O3 -fomit-frame-pointer 
FAIL: gfortran.fortran-torture/execute/forall_3.f90 execution,  -O3 -fomit-frame-pointer -funroll-loops 
FAIL: gfortran.fortran-torture/execute/forall_3.f90 execution,  -O3 -fomit-frame-pointer -funroll-all-loops -finline-functions 
FAIL: gfortran.fortran-torture/execute/forall_3.f90 execution,  -O3 -g 
FAIL: gfortran.fortran-torture/execute/forall_3.f90 execution,  -Os 
FAIL: gfortran.fortran-torture/execute/intrinsic_cshift.f90 execution,  -O0 
FAIL: gfortran.fortran-torture/execute/intrinsic_cshift.f90 execution,  -O1 
FAIL: gfortran.fortran-torture/execute/intrinsic_cshift.f90 execution,  -O2 
FAIL: gfortran.fortran-torture/execute/intrinsic_cshift.f90 execution,  -O3 -fomit-frame-pointer 
FAIL: gfortran.fortran-torture/execute/intrinsic_cshift.f90 execution,  -O3 -fomit-frame-pointer -funroll-loops 
FAIL: gfortran.fortran-torture/execute/intrinsic_cshift.f90 execution,  -O3 -fomit-frame-pointer -funroll-all-loops -finline-functions 
FAIL: gfortran.fortran-torture/execute/intrinsic_cshift.f90 execution,  -O3 -g 
FAIL: gfortran.fortran-torture/execute/intrinsic_cshift.f90 execution,  -Os 
FAIL: gfortran.fortran-torture/execute/where_3.f90 execution,  -O2 
FAIL: gfortran.fortran-torture/execute/where_3.f90 execution,  -O3 -fomit-frame-pointer 
FAIL: gfortran.fortran-torture/execute/where_3.f90 execution,  -O3 -fomit-frame-pointer -funroll-loops 
FAIL: gfortran.fortran-torture/execute/where_3.f90 execution,  -O3 -fomit-frame-pointer -funroll-all-loops -finline-functions 
FAIL: gfortran.fortran-torture/execute/where_3.f90 execution,  -O3 -g 

		=== gfortran Summary ===

# of expected passes		5199
# of unexpected failures	22
# of unexpected successes	8
# of expected failures		18
# of unsupported tests		8
/mnt/dasdc1/fsf/gcc-head-build/gcc/testsuite/../gfortran  version 4.0.0 20050217 (experimental)

		=== objc tests ===


Running target unix

		=== objc Summary ===

# of expected passes		1534
# of unsupported tests		10
/mnt/dasdc1/fsf/gcc-head-build/gcc/xgcc  version 4.0.0 20050217 (experimental)

		=== libffi tests ===


Running target unix

		=== libffi Summary ===

# of expected passes		216
# of unsupported tests		2
		=== libjava tests ===


Running target unix

		=== libjava Summary ===

# of expected passes		3751
# of expected failures		14
# of untested testcases		16
		=== libmudflap tests ===


Running target unix

		=== libmudflap Summary ===

# of expected passes		1288

		=== libstdc++-v3 check-abi Summary ===

# of added symbols:		 63
# of missing symbols:		 0
# of incompatible symbols:	 0

using: /home/uweigand/fsf/gcc-head/libstdc++-v3/config/abi/s390-linux-gnu/baseline_symbols.txt

		=== libstdc++ tests ===


Running target unix
XPASS: 22_locale/locale/cons/12658_thread-1.cc execution test
XPASS: 26_numerics/cmath/c99_classification_macros_c.cc (test for excess errors)
FAIL: 26_numerics/complex/13450.cc execution test

		=== libstdc++ Summary ===

# of expected passes		3481
# of unexpected failures	1
# of unexpected successes	2
# of expected failures		5

Compiler version: 4.0.0 20050217 (experimental) 
Platform: s390-ibm-linux-gnu
configure flags: --prefix=/home/uweigand/fsf/gcc-head-install --enable-__cxa_atexit --enable-languages=c,ada,c++,f95,java,objc



More information about the Gcc-testresults mailing list