Results for 4.0.0 20050214 (experimental) testsuite on i686-pc-linux-gnu

Kaveh R. Ghazi ghazi@caip.rutgers.edu
Thu Feb 17 21:23:00 GMT 2005


LAST_UPDATED: 
Native configuration is i686-pc-linux-gnu

		=== gcc tests ===


Running target unix/-fPIC
FAIL: gcc.c-torture/compile/20000804-1.c  -O0  (test for excess errors)
WARNING: program timed out.
FAIL: gcc.c-torture/compile/20001226-1.c  -O0  (test for excess errors)
FAIL: gcc.c-torture/execute/builtins/strlen-3.c execution,  -O2 
FAIL: gcc.c-torture/execute/builtins/strlen-3.c execution,  -O3 -fomit-frame-pointer 
FAIL: gcc.c-torture/execute/builtins/strlen-3.c execution,  -O3 -fomit-frame-pointer -funroll-loops 
FAIL: gcc.c-torture/execute/builtins/strlen-3.c execution,  -O3 -fomit-frame-pointer -funroll-all-loops -finline-functions 
FAIL: gcc.c-torture/execute/builtins/strlen-3.c execution,  -O3 -g 
FAIL: gcc.dg/20020919-1.c  (test for errors, line 132)
FAIL: gcc.dg/20020919-1.c  (test for errors, line 177)
FAIL: gcc.dg/20020919-1.c  (test for errors, line 231)
FAIL: gcc.dg/20020919-1.c  (test for errors, line 244)
FAIL: gcc.dg/20020919-1.c (test for excess errors)
FAIL: gcc.dg/assign-warn-3.c  (test for warnings, line 9)
FAIL: gcc.dg/assign-warn-3.c  (test for warnings, line 13)
FAIL: gcc.dg/clobbers.c (test for excess errors)
WARNING: gcc.dg/clobbers.c compilation failed to produce executable
FAIL: gcc.dg/i386-387-3.c scan-assembler fldpi
FAIL: gcc.dg/i386-387-4.c scan-assembler fldpi
FAIL: gcc.dg/i386-asm-3.c (test for excess errors)
WARNING: gcc.dg/i386-asm-3.c compilation failed to produce executable
FAIL: gcc.dg/i386-cmov1.c scan-assembler sar[^\\\\n]*magic_namea
FAIL: gcc.dg/i386-cmov1.c scan-assembler sar[^\\\\n]*magic_nameb
FAIL: gcc.dg/i386-cmov1.c scan-assembler sar[^\\\\n]*magic_namec
FAIL: gcc.dg/i386-cmov1.c scan-assembler shr[^\\\\n]*magic_named
FAIL: gcc.dg/i386-cmov1.c scan-assembler shr[^\\\\n]*magic_namee
FAIL: gcc.dg/i386-cmov1.c scan-assembler shr[^\\\\n]*magic_namef
FAIL: gcc.dg/i386-local2.c scan-assembler-not sub[^\\\\n]*sp
FAIL: gcc.dg/i386-mul.c scan-assembler and[^\\\\n]*magic
FAIL: gcc.dg/i386-ssetype-1.c scan-assembler andpd[^\\\\n]*magic
FAIL: gcc.dg/i386-ssetype-1.c scan-assembler andnpd[^\\\\n]*magic
FAIL: gcc.dg/i386-ssetype-1.c scan-assembler xorpd[^\\\\n]*magic
FAIL: gcc.dg/i386-ssetype-1.c scan-assembler orpd[^\\\\n]*magic
FAIL: gcc.dg/i386-ssetype-1.c scan-assembler movapd[^\\\\n]*magic
FAIL: gcc.dg/i386-ssetype-3.c scan-assembler andps[^\\\\n]*magic
FAIL: gcc.dg/i386-ssetype-3.c scan-assembler andnps[^\\\\n]*magic
FAIL: gcc.dg/i386-ssetype-3.c scan-assembler xorps[^\\\\n]*magic
FAIL: gcc.dg/i386-ssetype-3.c scan-assembler orps[^\\\\n]*magic
FAIL: gcc.dg/i386-ssetype-3.c scan-assembler movaps[^\\\\n]*magic
FAIL: gcc.dg/i386-ssetype-5.c scan-assembler pand[^\\\\n]*magic
FAIL: gcc.dg/i386-ssetype-5.c scan-assembler pandn[^\\\\n]*magic
FAIL: gcc.dg/i386-ssetype-5.c scan-assembler pxor[^\\\\n]*magic
FAIL: gcc.dg/i386-ssetype-5.c scan-assembler por[^\\\\n]*magic
FAIL: gcc.dg/pr15784-1.c scan-tree-dump-times ABS_EXPR 0
FAIL: gcc.dg/pr15784-2.c scan-tree-dump-times ABS_EXPR 0
FAIL: gcc.dg/sibcall-6.c execution test
FAIL: gcc.dg/tree-ssa/ssa-dce-2.c scan-tree-dump-times if  0
XPASS: gcc.dg/vect/vect-22.c scan-tree-dump-times vectorized 3 loops 1

		=== gcc Summary for unix/-fPIC ===

# of expected passes		32979
# of unexpected failures	44
# of unexpected successes	1
# of expected failures		89
# of untested testcases		28
# of unsupported tests		308

Running target unix/-fpic
FAIL: gcc.c-torture/compile/20000804-1.c  -O0  (test for excess errors)
WARNING: program timed out.
FAIL: gcc.c-torture/compile/20001226-1.c  -O0  (test for excess errors)
FAIL: gcc.c-torture/execute/builtins/strlen-3.c execution,  -O2 
FAIL: gcc.c-torture/execute/builtins/strlen-3.c execution,  -O3 -fomit-frame-pointer 
FAIL: gcc.c-torture/execute/builtins/strlen-3.c execution,  -O3 -fomit-frame-pointer -funroll-loops 
FAIL: gcc.c-torture/execute/builtins/strlen-3.c execution,  -O3 -fomit-frame-pointer -funroll-all-loops -finline-functions 
FAIL: gcc.c-torture/execute/builtins/strlen-3.c execution,  -O3 -g 
FAIL: gcc.dg/20020919-1.c  (test for errors, line 132)
FAIL: gcc.dg/20020919-1.c  (test for errors, line 177)
FAIL: gcc.dg/20020919-1.c  (test for errors, line 231)
FAIL: gcc.dg/20020919-1.c  (test for errors, line 244)
FAIL: gcc.dg/20020919-1.c (test for excess errors)
FAIL: gcc.dg/assign-warn-3.c  (test for warnings, line 9)
FAIL: gcc.dg/assign-warn-3.c  (test for warnings, line 13)
FAIL: gcc.dg/clobbers.c (test for excess errors)
WARNING: gcc.dg/clobbers.c compilation failed to produce executable
FAIL: gcc.dg/i386-387-3.c scan-assembler fldpi
FAIL: gcc.dg/i386-387-4.c scan-assembler fldpi
FAIL: gcc.dg/i386-asm-3.c (test for excess errors)
WARNING: gcc.dg/i386-asm-3.c compilation failed to produce executable
FAIL: gcc.dg/i386-cmov1.c scan-assembler sar[^\\\\n]*magic_namea
FAIL: gcc.dg/i386-cmov1.c scan-assembler sar[^\\\\n]*magic_nameb
FAIL: gcc.dg/i386-cmov1.c scan-assembler sar[^\\\\n]*magic_namec
FAIL: gcc.dg/i386-cmov1.c scan-assembler shr[^\\\\n]*magic_named
FAIL: gcc.dg/i386-cmov1.c scan-assembler shr[^\\\\n]*magic_namee
FAIL: gcc.dg/i386-cmov1.c scan-assembler shr[^\\\\n]*magic_namef
FAIL: gcc.dg/i386-local2.c scan-assembler-not sub[^\\\\n]*sp
FAIL: gcc.dg/i386-mul.c scan-assembler and[^\\\\n]*magic
FAIL: gcc.dg/i386-ssetype-1.c scan-assembler andpd[^\\\\n]*magic
FAIL: gcc.dg/i386-ssetype-1.c scan-assembler andnpd[^\\\\n]*magic
FAIL: gcc.dg/i386-ssetype-1.c scan-assembler xorpd[^\\\\n]*magic
FAIL: gcc.dg/i386-ssetype-1.c scan-assembler orpd[^\\\\n]*magic
FAIL: gcc.dg/i386-ssetype-1.c scan-assembler movapd[^\\\\n]*magic
FAIL: gcc.dg/i386-ssetype-3.c scan-assembler andps[^\\\\n]*magic
FAIL: gcc.dg/i386-ssetype-3.c scan-assembler andnps[^\\\\n]*magic
FAIL: gcc.dg/i386-ssetype-3.c scan-assembler xorps[^\\\\n]*magic
FAIL: gcc.dg/i386-ssetype-3.c scan-assembler orps[^\\\\n]*magic
FAIL: gcc.dg/i386-ssetype-3.c scan-assembler movaps[^\\\\n]*magic
FAIL: gcc.dg/i386-ssetype-5.c scan-assembler pand[^\\\\n]*magic
FAIL: gcc.dg/i386-ssetype-5.c scan-assembler pandn[^\\\\n]*magic
FAIL: gcc.dg/i386-ssetype-5.c scan-assembler pxor[^\\\\n]*magic
FAIL: gcc.dg/i386-ssetype-5.c scan-assembler por[^\\\\n]*magic
FAIL: gcc.dg/pr15784-1.c scan-tree-dump-times ABS_EXPR 0
FAIL: gcc.dg/pr15784-2.c scan-tree-dump-times ABS_EXPR 0
FAIL: gcc.dg/sibcall-6.c execution test
FAIL: gcc.dg/tree-ssa/ssa-dce-2.c scan-tree-dump-times if  0
XPASS: gcc.dg/vect/vect-22.c scan-tree-dump-times vectorized 3 loops 1

		=== gcc Summary for unix/-fpic ===

# of expected passes		32979
# of unexpected failures	44
# of unexpected successes	1
# of expected failures		89
# of untested testcases		28
# of unsupported tests		308

Running target unix
WARNING: program timed out.
FAIL: gcc.c-torture/compile/20001226-1.c  -O0  (test for excess errors)
FAIL: gcc.dg/pr15784-1.c scan-tree-dump-times ABS_EXPR 0
FAIL: gcc.dg/pr15784-2.c scan-tree-dump-times ABS_EXPR 0
XPASS: gcc.dg/vect/vect-22.c scan-tree-dump-times vectorized 3 loops 1

		=== gcc Summary for unix ===

# of expected passes		33024
# of unexpected failures	3
# of unexpected successes	1
# of expected failures		89
# of untested testcases		28
# of unsupported tests		307

		=== gcc Summary ===

# of expected passes		98982
# of unexpected failures	91
# of unexpected successes	3
# of expected failures		267
# of untested testcases		84
# of unsupported tests		923
/tmp/kg/40/build/gcc/xgcc  version 4.0.0 20050214 (experimental)

		=== gfortran tests ===


Running target unix/-fPIC
XPASS: gfortran.dg/ret_pointer_1.f90  -O0  execution test
XPASS: gfortran.dg/ret_pointer_1.f90  -O1  execution test
XPASS: gfortran.dg/ret_pointer_1.f90  -O3 -fomit-frame-pointer  execution test
XPASS: gfortran.dg/ret_pointer_1.f90  -O3 -fomit-frame-pointer -funroll-loops  execution test
XPASS: gfortran.dg/ret_pointer_1.f90  -O3 -fomit-frame-pointer -funroll-all-loops -finline-functions  execution test
FAIL: gfortran.fortran-torture/execute/forall_3.f90 execution,  -O1 

		=== gfortran Summary for unix/-fPIC ===

# of expected passes		5236
# of unexpected failures	1
# of unexpected successes	5
# of expected failures		21

Running target unix/-fpic
XPASS: gfortran.dg/ret_pointer_1.f90  -O0  execution test
XPASS: gfortran.dg/ret_pointer_1.f90  -O1  execution test
XPASS: gfortran.dg/ret_pointer_1.f90  -O3 -fomit-frame-pointer  execution test
XPASS: gfortran.dg/ret_pointer_1.f90  -O3 -fomit-frame-pointer -funroll-loops  execution test
XPASS: gfortran.dg/ret_pointer_1.f90  -O3 -fomit-frame-pointer -funroll-all-loops -finline-functions  execution test
FAIL: gfortran.fortran-torture/execute/forall_3.f90 execution,  -O1 

		=== gfortran Summary for unix/-fpic ===

# of expected passes		5236
# of unexpected failures	1
# of unexpected successes	5
# of expected failures		21

Running target unix
XPASS: gfortran.dg/ret_pointer_1.f90  -O0  execution test
XPASS: gfortran.dg/ret_pointer_1.f90  -O1  execution test
XPASS: gfortran.dg/ret_pointer_1.f90  -O3 -fomit-frame-pointer  execution test
XPASS: gfortran.dg/ret_pointer_1.f90  -O3 -fomit-frame-pointer -funroll-loops  execution test
XPASS: gfortran.dg/ret_pointer_1.f90  -O3 -fomit-frame-pointer -funroll-all-loops -finline-functions  execution test
FAIL: gfortran.fortran-torture/execute/forall_3.f90 execution,  -O1 

		=== gfortran Summary for unix ===

# of expected passes		5236
# of unexpected failures	1
# of unexpected successes	5
# of expected failures		21

		=== gfortran Summary ===

# of expected passes		15708
# of unexpected failures	3
# of unexpected successes	15
# of expected failures		63
/tmp/kg/40/build/gcc/testsuite/../gfortran  version 4.0.0 20050214 (experimental)

		=== g++ tests ===


Running target unix/-fPIC
FAIL: g++.dg/eh/omit-frame-pointer2.C execution test

		=== g++ Summary for unix/-fPIC ===

# of expected passes		10696
# of unexpected failures	1
# of expected failures		70
# of unsupported tests		58

Running target unix/-fpic
FAIL: g++.dg/eh/omit-frame-pointer2.C execution test

		=== g++ Summary for unix/-fpic ===

# of expected passes		10696
# of unexpected failures	1
# of expected failures		70
# of unsupported tests		58

Running target unix

		=== g++ Summary for unix ===

# of expected passes		10699
# of expected failures		70
# of unsupported tests		56

		=== g++ Summary ===

# of expected passes		32091
# of unexpected failures	2
# of expected failures		210
# of unsupported tests		172
/tmp/kg/40/build/gcc/testsuite/../g++  version 4.0.0 20050214 (experimental)

		=== objc tests ===


Running target unix/-fPIC

		=== objc Summary for unix/-fPIC ===

# of expected passes		1534
# of unsupported tests		10

Running target unix/-fpic

		=== objc Summary for unix/-fpic ===

# of expected passes		1534
# of unsupported tests		10

Running target unix

		=== objc Summary for unix ===

# of expected passes		1534
# of unsupported tests		10

		=== objc Summary ===

# of expected passes		4602
# of unsupported tests		30
/tmp/kg/40/build/gcc/xgcc  version 4.0.0 20050214 (experimental)

		=== libffi tests ===


Running target unix/-fPIC

		=== libffi Summary for unix/-fPIC ===

# of expected passes		216
# of unsupported tests		2

Running target unix/-fpic

		=== libffi Summary for unix/-fpic ===

# of expected passes		216
# of unsupported tests		2

Running target unix

		=== libffi Summary for unix ===

# of expected passes		216
# of unsupported tests		2

		=== libffi Summary ===

# of expected passes		648
# of unsupported tests		6
		=== libjava tests ===


Running target unix/-fPIC

		=== libjava Summary for unix/-fPIC ===

# of expected passes		3726
# of expected failures		14
# of untested testcases		16

Running target unix/-fpic

		=== libjava Summary for unix/-fpic ===

# of expected passes		3726
# of expected failures		14
# of untested testcases		16

Running target unix

		=== libjava Summary for unix ===

# of expected passes		3726
# of expected failures		14
# of untested testcases		16

		=== libjava Summary ===

# of expected passes		11178
# of expected failures		42
# of untested testcases		48
		=== libmudflap tests ===


Running target unix/-fPIC
FAIL: libmudflap.cth/pass40-frag.c execution test
FAIL: libmudflap.cth/pass40-frag.c output pattern test
FAIL: libmudflap.cth/pass40-frag.c (-O2) execution test
FAIL: libmudflap.cth/pass40-frag.c (-O2) output pattern test
FAIL: libmudflap.cth/pass40-frag.c (-O3) execution test
FAIL: libmudflap.cth/pass40-frag.c (-O3) output pattern test

		=== libmudflap Summary for unix/-fPIC ===

# of expected passes		1282
# of unexpected failures	6

Running target unix/-fpic
FAIL: libmudflap.cth/pass40-frag.c execution test
FAIL: libmudflap.cth/pass40-frag.c output pattern test
FAIL: libmudflap.cth/pass40-frag.c (-O2) execution test
FAIL: libmudflap.cth/pass40-frag.c (-O2) output pattern test
FAIL: libmudflap.cth/pass40-frag.c (-O3) execution test
FAIL: libmudflap.cth/pass40-frag.c (-O3) output pattern test

		=== libmudflap Summary for unix/-fpic ===

# of expected passes		1282
# of unexpected failures	6

Running target unix
FAIL: libmudflap.cth/pass40-frag.c execution test
FAIL: libmudflap.cth/pass40-frag.c output pattern test
FAIL: libmudflap.cth/pass40-frag.c (-O2) execution test
FAIL: libmudflap.cth/pass40-frag.c (-O2) output pattern test
FAIL: libmudflap.cth/pass40-frag.c (-O3) execution test
FAIL: libmudflap.cth/pass40-frag.c (-O3) output pattern test

		=== libmudflap Summary for unix ===

# of expected passes		1282
# of unexpected failures	6

		=== libmudflap Summary ===

# of expected passes		3846
# of unexpected failures	18

		=== libstdc++-v3 check-abi Summary ===

# of added symbols:		 54
# of missing symbols:		 0
# of incompatible symbols:	 0

using: /tmp/kg/40/egcc-CVS20050213/libstdc++-v3/config/abi/i486-linux-gnu/baseline_symbols.txt

		=== libstdc++ tests ===


Running target unix/-fPIC
XPASS: 22_locale/locale/cons/12658_thread-1.cc execution test
FAIL: demangle/abi_examples/01.cc execution test
FAIL: demangle/abi_examples/02.cc execution test
WARNING: program timed out.
FAIL: thread/pthread7-rope.cc execution test

		=== libstdc++ Summary for unix/-fPIC ===

# of expected passes		3477
# of unexpected failures	3
# of unexpected successes	1
# of expected failures		6

Running target unix/-fpic
XPASS: 22_locale/locale/cons/12658_thread-1.cc execution test
FAIL: demangle/abi_examples/01.cc execution test
FAIL: demangle/abi_examples/02.cc execution test

		=== libstdc++ Summary for unix/-fpic ===

# of expected passes		3478
# of unexpected failures	2
# of unexpected successes	1
# of expected failures		6

Running target unix
XPASS: 22_locale/locale/cons/12658_thread-1.cc execution test
XPASS: 26_numerics/cmath/c99_classification_macros_c.cc (test for excess errors)
FAIL: demangle/abi_examples/01.cc execution test
FAIL: demangle/abi_examples/02.cc execution test

		=== libstdc++ Summary for unix ===

# of expected passes		3478
# of unexpected failures	2
# of unexpected successes	2
# of expected failures		5

		=== libstdc++ Summary ===

# of expected passes		10433
# of unexpected failures	7
# of unexpected successes	4
# of expected failures		17

Compiler version: 4.0.0 20050214 (experimental) 
Platform: i686-pc-linux-gnu
configure flags: --verbose --enable-languages=c,c++,f95,java,objc



More information about the Gcc-testresults mailing list