Results for 4.0.0 20050216 (experimental) testsuite on powerpc-apple-darwin7.7.0

Andrew Pinski pinskia@physics.uc.edu
Thu Feb 17 11:14:00 GMT 2005


LAST_UPDATED: Wed Feb 16 19:25:51 UTC 2005

                 === acats tests ===
FAIL:   c250002
FAIL:   c32001e
FAIL:   c34002a
FAIL:   c37402a
FAIL:   c391002
FAIL:   c432002
FAIL:   c43214c
FAIL:   c460007
FAIL:   c52011a
FAIL:   c64105b
FAIL:   c85006e
FAIL:   c95086b
FAIL:   cc1221d
FAIL:   cd2b11a
FAIL:   cd2b11b
FAIL:   cdd2a02
FAIL:   cxa3004
FAIL:   cxa4006
FAIL:   cxa4017
FAIL:   cxaca01
FAIL:   cxb3006

                 === acats Summary ===
# of expected passes            2301
# of unexpected failures        21
Native configuration is powerpc-apple-darwin7.7.0

                 === gcc tests ===


Running target unix
FAIL: gcc.c-torture/unsorted/USIcmp.c,  -O1
FAIL: gcc.c-torture/unsorted/USIcmp.c,  -O2
FAIL: gcc.c-torture/unsorted/USIcmp.c,  -O3 -fomit-frame-pointer
FAIL: gcc.c-torture/unsorted/USIcmp.c,  -O3 -g
FAIL: gcc.c-torture/unsorted/USIcmp.c,  -Os
FAIL: tmpdir-gcc.dg-struct-layout-1/t001 
c_compat_x_tst.o-c_compat_y_tst.o execute
FAIL: tmpdir-gcc.dg-struct-layout-1/t024 
c_compat_x_tst.o-c_compat_y_tst.o execute
FAIL: tmpdir-gcc.dg-struct-layout-1/t025 
c_compat_x_tst.o-c_compat_y_tst.o execute
FAIL: tmpdir-gcc.dg-struct-layout-1/t026 
c_compat_x_tst.o-c_compat_y_tst.o execute
FAIL: tmpdir-gcc.dg-struct-layout-1/t027 
c_compat_x_tst.o-c_compat_y_tst.o execute
FAIL: tmpdir-gcc.dg-struct-layout-1/t028 
c_compat_x_tst.o-c_compat_y_tst.o execute
FAIL: gcc.dg/darwin-longlong.c execution test
FAIL: gcc.dg/rs6000-power2-2.c scan-assembler-not lfd
FAIL: gcc.dg/rs6000-power2-2.c scan-assembler lfq
FAIL: gcc.dg/rs6000-power2-2.c scan-assembler stfq
FAIL: gcc.dg/vect/vect-82_64.c execution test
FAIL: gcc.dg/vect/vect-83_64.c execution test
FAIL: gcc.dg/vmx/darwin-abi-3.c  -O0  execution test
FAIL: gcc.dg/vmx/darwin-abi-3.c  -O1  execution test
FAIL: gcc.dg/vmx/darwin-abi-3.c  -O2  execution test
FAIL: gcc.dg/vmx/darwin-abi-3.c  -O3 -fomit-frame-pointer  execution 
test
FAIL: gcc.dg/vmx/darwin-abi-3.c  -O3 -g  execution test
FAIL: gcc.dg/vmx/darwin-abi-3.c  -Os  execution test

                 === gcc Summary ===

# of expected passes            33378
# of unexpected failures        23
# of expected failures          98
# of untested testcases         28
# of unsupported tests          424
/Users/pinskia/src/local2/gcc/objdir/gcc/xgcc  version 4.0.0 20050216 
(experimental)


Compiler version: 4.0.0 20050216 (experimental)
Platform: powerpc-apple-darwin7.7.0
configure flags: --prefix=/Users/pinskia/local2 --enable-languages=c,ada



More information about the Gcc-testresults mailing list