Results for 3.4.4 20050216 (prerelease) testsuite on x86_64-unknown-linux-gnu

Al Stone ahs3@fc.hp.com
Wed Feb 16 22:18:00 GMT 2005


LAST_UPDATED: 
Native configuration is x86_64-unknown-linux-gnu

		=== g++ tests ===


Running target unix
XPASS: g++.dg/rtti/tinfo1.C scan-assembler _ZTIP9CTemplateIhE:
XPASS: g++.dg/rtti/tinfo1.C scan-assembler-not .globl[ \\t]+_ZTIP9CTemplateIhE
WARNING: g++.old-deja/g++.mike/p10769a.C compilation failed to produce executable
WARNING: g++.old-deja/g++.other/enum5.C compilation failed to produce executable
WARNING: g++.old-deja/g++.pt/friend44.C compilation failed to produce executable

		=== g++ Summary ===

# of expected passes		9752
# of unexpected successes	2
# of expected failures		72
# of unsupported tests		80
/opt/toolchain/amd64/obj/upstream/gcc-3.4/gcc/testsuite/../g++  version 3.4.4 20050216 (prerelease)

		=== gcc tests ===


Running target unix
WARNING: program timed out.
FAIL: gcc.c-torture/execute/20010605-2.c compilation,  -O2 
UNRESOLVED: gcc.c-torture/execute/20010605-2.c execution,  -O2 
WARNING: program timed out.
FAIL: gcc.c-torture/execute/20011115-1.c compilation,  -O0 
UNRESOLVED: gcc.c-torture/execute/20011115-1.c execution,  -O0 
WARNING: program timed out.
FAIL: gcc.c-torture/execute/20020615-1.c compilation,  -Os 
UNRESOLVED: gcc.c-torture/execute/20020615-1.c execution,  -Os 
WARNING: program timed out.
FAIL: gcc.c-torture/execute/20020716-1.c compilation,  -O3 -fomit-frame-pointer 
UNRESOLVED: gcc.c-torture/execute/20020716-1.c execution,  -O3 -fomit-frame-pointer 
WARNING: program timed out.
FAIL: gcc.c-torture/execute/930526-1.c compilation,  -Os 
UNRESOLVED: gcc.c-torture/execute/930526-1.c execution,  -Os 
WARNING: program timed out.
FAIL: gcc.c-torture/execute/va-arg-5.c compilation,  -O1 
UNRESOLVED: gcc.c-torture/execute/va-arg-5.c execution,  -O1 
FAIL: gcc.dg/compat/vector-1 c_compat_x_tst.o compile
FAIL: gcc.dg/compat/vector-1 c_compat_y_tst.o compile
UNRESOLVED: gcc.dg/compat/vector-1 c_compat_x_tst.o-c_compat_y_tst.o link 
UNRESOLVED: gcc.dg/compat/vector-1 c_compat_x_tst.o-c_compat_y_tst.o execute 
FAIL: gcc.dg/compat/vector-2 c_compat_x_tst.o compile
FAIL: gcc.dg/compat/vector-2 c_compat_y_tst.o compile
UNRESOLVED: gcc.dg/compat/vector-2 c_compat_x_tst.o-c_compat_y_tst.o link 
UNRESOLVED: gcc.dg/compat/vector-2 c_compat_x_tst.o-c_compat_y_tst.o execute 
FAIL: gcc.dg/20020103-1.c scan-assembler-not LC
FAIL: gcc.dg/i386-local.c scan-assembler magic[^\\\\n]*eax
FAIL: gcc.dg/i386-sse-2.c (test for excess errors)
FAIL: gcc.dg/i386-sse-8.c (test for excess errors)
FAIL: gcc.dg/loop-3.c (test for excess errors)
FAIL: gcc.dg/setjmp-2.c (test for excess errors)
WARNING: gcc.dg/setjmp-2.c compilation failed to produce executable
FAIL: gcc.dg/short-compare-1.c (test for excess errors)
WARNING: gcc.dg/short-compare-1.c compilation failed to produce executable
FAIL: gcc.dg/short-compare-2.c (test for excess errors)
WARNING: gcc.dg/short-compare-2.c compilation failed to produce executable
FAIL: gcc.dg/titype-1.c (test for excess errors)
WARNING: gcc.dg/titype-1.c compilation failed to produce executable
WARNING: program timed out.

		=== gcc Summary ===

# of expected passes		24760
# of unexpected failures	19
# of expected failures		69
# of unresolved testcases	10
# of untested testcases		7
# of unsupported tests		307
/opt/toolchain/amd64/obj/upstream/gcc-3.4/gcc/xgcc version 3.4.4 20050216 (prerelease)

		=== libstdc++ tests ===


Running target unix
XPASS: 22_locale/locale/cons/12658_thread.cc execution test
XPASS: 26_numerics/c99_classification_macros_c.cc (test for excess errors)
XPASS: 27_io/fpos/14320-1.cc execution test

		=== libstdc++ Summary ===

# of expected passes		2733
# of unexpected successes	3
# of expected failures		4

Compiler version: 3.4.4 20050216 (prerelease) 
Platform: x86_64-unknown-linux-gnu
configure flags: --prefix=/opt/toolchain/amd64/tot --program-suffix=-3.4 --enable-languages=c,c++ --with-system-zlib --enable-nls --without-included-gettext --disable-multilib
Counting all warnings,
there are 0 warnings in stage3 of this bootstrap.

Number of warnings per file:

Number of warning types:



More information about the Gcc-testresults mailing list