Results for 4.0.0 20050215 (experimental) testsuite on powerpc-apple-darwin7.7.0
Andrew Pinski
pinskia@physics.uc.edu
Wed Feb 16 09:40:00 GMT 2005
LAST_UPDATED: Tue Feb 15 20:36:25 UTC 2005
With workaround for the bootstrap failure here:
http://gcc.gnu.org/ml/gcc-patches/2005-02/msg00859.html
In fact most of the acats failure is due to this tree-opt bug.
=== acats tests ===
FAIL: ae2113a
FAIL: c250002
FAIL: c32001e
FAIL: c34002a
FAIL: c35507b
FAIL: c36205k
FAIL: c36205l
FAIL: c37402a
FAIL: c391002
FAIL: c432002
FAIL: c43214c
FAIL: c460007
FAIL: c52011a
FAIL: c61010a
FAIL: c64105b
FAIL: c85006e
FAIL: c95086b
FAIL: cc1221d
FAIL: cd2b11a
FAIL: cd2b11b
FAIL: cd3015e
FAIL: cdd2a02
FAIL: ce2102h
FAIL: ce2102y
FAIL: ce2104c
FAIL: ce2108g
FAIL: ce2108h
FAIL: ce2110c
FAIL: ce2111b
FAIL: ce2111e
FAIL: ce2111g
FAIL: ce2208b
FAIL: ce2401a
FAIL: ce2401b
FAIL: ce2401c
FAIL: ce2401e
FAIL: ce2401f
FAIL: ce2401h
FAIL: ce2401j
FAIL: ce2401k
FAIL: ce2401l
FAIL: ce2404a
FAIL: ce2405b
FAIL: ce2406a
FAIL: ce2407a
FAIL: ce2407b
FAIL: ce2408a
FAIL: ce2408b
FAIL: ce2409a
FAIL: ce2409b
FAIL: ce2410a
FAIL: ce2411a
FAIL: cxa3004
FAIL: cxa4006
FAIL: cxa4017
FAIL: cxac005
FAIL: cxaca01
FAIL: cxb3006
FAIL: cxf3a06
FAIL: cxf3a07
FAIL: cxg2004
FAIL: cxg2010
FAIL: cxh1001
=== acats Summary ===
# of expected passes 2259
# of unexpected failures 63
Native configuration is powerpc-apple-darwin7.7.0
=== gcc tests ===
Running target unix
FAIL: tmpdir-gcc.dg-struct-layout-1/t001
c_compat_x_tst.o-c_compat_y_tst.o execute
FAIL: tmpdir-gcc.dg-struct-layout-1/t024
c_compat_x_tst.o-c_compat_y_tst.o execute
FAIL: tmpdir-gcc.dg-struct-layout-1/t025
c_compat_x_tst.o-c_compat_y_tst.o execute
FAIL: tmpdir-gcc.dg-struct-layout-1/t026
c_compat_x_tst.o-c_compat_y_tst.o execute
FAIL: tmpdir-gcc.dg-struct-layout-1/t027
c_compat_x_tst.o-c_compat_y_tst.o execute
FAIL: tmpdir-gcc.dg-struct-layout-1/t028
c_compat_x_tst.o-c_compat_y_tst.o execute
FAIL: gcc.dg/darwin-longlong.c execution test
FAIL: gcc.dg/rs6000-power2-2.c scan-assembler-not lfd
FAIL: gcc.dg/rs6000-power2-2.c scan-assembler lfq
FAIL: gcc.dg/rs6000-power2-2.c scan-assembler stfq
FAIL: gcc.dg/vect/vect-82_64.c execution test
FAIL: gcc.dg/vect/vect-83_64.c execution test
FAIL: gcc.dg/vmx/darwin-abi-3.c -O0 execution test
FAIL: gcc.dg/vmx/darwin-abi-3.c -O1 execution test
FAIL: gcc.dg/vmx/darwin-abi-3.c -O2 execution test
FAIL: gcc.dg/vmx/darwin-abi-3.c -O3 -fomit-frame-pointer execution
test
FAIL: gcc.dg/vmx/darwin-abi-3.c -O3 -g execution test
FAIL: gcc.dg/vmx/darwin-abi-3.c -Os execution test
=== gcc Summary ===
# of expected passes 33366
# of unexpected failures 18
# of expected failures 98
# of untested testcases 28
# of unsupported tests 424
/Users/pinskia/src/local2/gcc/objdir/gcc/xgcc version 4.0.0 20050215
(experimental)
Compiler version: 4.0.0 20050215 (experimental)
Platform: powerpc-apple-darwin7.7.0
configure flags: --prefix=/Users/pinskia/local2 --enable-languages=c,ada
More information about the Gcc-testresults
mailing list