Results for 3.4.4 20050216 (prerelease) testsuite on i586-suse-linux-gnu

Robert Schiele rschiele@uni-mannheim.de
Wed Feb 16 09:30:00 GMT 2005


# Some comments about the system:

# SuSE Linux 9.2 (i586)
# VERSION = 9.2

# bash-3.0-8.2
# binutils-2.15.91.0.2-7
# dejagnu-1.4.4-3
# expect-5.41-2
# gcc-3.3.4-11
# glibc-2.3.3-118
# kernel-default-2.6.8-24.11
# make-3.80-186
# tcl-8.4.7-3
# texinfo-4.7-6

# Linux 2.6.8-24.11-default #1 Fri Jan 14 13:01:26 UTC 2005 i686 athlon i386 GNU/Linux
#   5:21am  up 11 days 23:14,  20 users,  load average: 5.34, 3.92, 3.54

# Reading specs from /usr/lib/gcc-lib/i586-suse-linux/3.3.4/specs
# Configured with: ../configure --enable-threads=posix --prefix=/usr --with-local-prefix=/usr/local --infodir=/usr/share/info --mandir=/usr/share/man --enable-languages=c,c++,f77,objc,java,ada --disable-checking --libdir=/usr/lib --enable-libgcj --with-gxx-include-dir=/usr/include/g++ --with-slibdir=/lib --with-system-zlib --enable-shared --enable-__cxa_atexit i586-suse-linux
# Thread model: posix
# gcc version 3.3.4 (pre 3.3.5 20040809)

# GNU C Library stable release version 2.3.3 (20040917), by Roland McGrath et al.
# Configured for i686-suse-linux.
# Compiled by GNU CC version 3.3.4 (pre 3.3.5 20040809).
# Compiled on a Linux 2.6.8.1 system on 2004-10-05.
# Available extensions:
# 	GNU libio by Per Bothner
# 	crypt add-on version 2.1 by Michael Glad and others
# 	linuxthreads-0.10 by Xavier Leroy
# 	GNU Libidn by Simon Josefsson
# 	NoVersion patch for broken glibc 2.0 binaries
# 	BIND-8.2.3-T5B
# 	libthread_db work sponsored by Alpha Processor Inc
# 	NIS(YP)/NIS+ NSS modules 0.19 by Thorsten Kukuk
# Thread-local storage support included.
# For bug reporting instructions, please see:
# <http://www.gnu.org/software/libc/bugs.html>.

LAST_UPDATED: Wed Feb 16 00:27:08 UTC 2005

Native configuration is i586-suse-linux-gnu

		=== g77 tests ===


Running target unix

		=== g77 Summary ===

# of expected passes		1812
# of unsupported tests		6
/local/build/gcc/testsuite/../g77  version 3.4.4 20050216 (prerelease)

		=== gcc tests ===


Running target unix
FAIL: gcc.c-torture/execute/va-arg-25.c execution,  -Os 

		=== gcc Summary ===

# of expected passes		25076
# of unexpected failures	1
# of expected failures		70
# of untested testcases		7
# of unsupported tests		202
/local/build/gcc/xgcc version 3.4.4 20050216 (prerelease)

		=== g++ tests ===


Running target unix
XPASS: g++.dg/rtti/tinfo1.C scan-assembler _ZTIP9CTemplateIhE:
XPASS: g++.dg/rtti/tinfo1.C scan-assembler-not .globl[ \\t]+_ZTIP9CTemplateIhE
WARNING: g++.old-deja/g++.mike/p10769a.C compilation failed to produce executable
WARNING: g++.old-deja/g++.other/enum5.C compilation failed to produce executable
XPASS: g++.old-deja/g++.other/init5.C execution test
WARNING: g++.old-deja/g++.pt/friend44.C compilation failed to produce executable

		=== g++ Summary ===

# of expected passes		9825
# of unexpected successes	3
# of expected failures		71
# of unsupported tests		43
/local/build/gcc/testsuite/../g++  version 3.4.4 20050216 (prerelease)

		=== objc tests ===


Running target unix

		=== objc Summary ===

# of expected passes		1352
# of unsupported tests		8
/local/build/gcc/xgcc  version 3.4.4 20050216 (prerelease)


		=== libstdc++-v3 check-abi Summary ===

# of added symbols:		 11
# of missing symbols:		 0
# of incompatible symbols:	 0

using: /local/src/gcc.gcc-3_4-branch/libstdc++-v3/config/abi/i486-linux-gnu/baseline_symbols.txt

		=== libstdc++ tests ===


Running target unix
XPASS: 22_locale/locale/cons/12658_thread.cc execution test

		=== libstdc++ Summary ===

# of expected passes		2733
# of unexpected successes	1
# of expected failures		6

Compiler version: 3.4.4 20050216 (prerelease) 
Platform: i586-suse-linux-gnu
configure flags: --enable-threads=posix --prefix=/local/inst/gcc344 --libexecdir=/local/inst/gcc344/lib --enable-languages=c,c++,f77,objc --disable-checking --disable-libgcj --with-gxx-include-dir=/local/inst/gcc344/include/g++ --with-system-zlib --enable-shared --enable-__cxa_atexit i586-suse-linux



More information about the Gcc-testresults mailing list