Results for 4.0.0-tree-profiling 20050107 (experimental) testsuite on powerpc64-unknown-linux-gnu

Janis Johnson janis187@us.ibm.com
Tue Feb 15 17:35:00 GMT 2005


Linux 2.4.21-17.EL ppc64
GNU C Library stable release version 2.3.2
GNU ld version 2.15
GNU assembler 2.15
GNU Make version 3.79.1

DejaGnu:
	Expect version is	5.40.0
	Tcl version is		8.4
	Framework version is	1.4.4

32-bit biarch default32

CVS branch:  struct-reorg-branch

This hardware does not support VMX instructions.

LAST_UPDATED: Tue Feb 15 09:12:25 UTC 2005

Native configuration is powerpc64-unknown-linux-gnu

		=== g++ tests ===


Running target unix/-m32
FAIL: g++.dg/bprob/g++-bprob-1.C compilation,  -g  -fbranch-probabilities
UNRESOLVED: g++.dg/bprob/g++-bprob-1.C execution,    -g  -fbranch-probabilities
FAIL: g++.dg/bprob/g++-bprob-1.C compilation,  -O0  -fbranch-probabilities
UNRESOLVED: g++.dg/bprob/g++-bprob-1.C execution,    -O0  -fbranch-probabilities
FAIL: g++.dg/bprob/g++-bprob-1.C compilation,  -O1  -fbranch-probabilities
UNRESOLVED: g++.dg/bprob/g++-bprob-1.C execution,    -O1  -fbranch-probabilities
FAIL: g++.dg/bprob/g++-bprob-1.C compilation,  -O2  -fbranch-probabilities
UNRESOLVED: g++.dg/bprob/g++-bprob-1.C execution,    -O2  -fbranch-probabilities
FAIL: g++.dg/bprob/g++-bprob-1.C compilation,  -O3  -fbranch-probabilities
UNRESOLVED: g++.dg/bprob/g++-bprob-1.C execution,    -O3  -fbranch-probabilities
FAIL: g++.dg/bprob/g++-bprob-1.C compilation,  -O3 -g  -fbranch-probabilities
UNRESOLVED: g++.dg/bprob/g++-bprob-1.C execution,    -O3 -g  -fbranch-probabilities
FAIL: g++.dg/bprob/g++-bprob-1.C compilation,  -Os  -fbranch-probabilities
UNRESOLVED: g++.dg/bprob/g++-bprob-1.C execution,    -Os  -fbranch-probabilities
FAIL: g++.dg/bprob/g++-bprob-1.C compilation,  -g  -ftree-based-profiling -fbranch-probabilities
UNRESOLVED: g++.dg/bprob/g++-bprob-1.C execution,    -g  -ftree-based-profiling -fbranch-probabilities
FAIL: g++.dg/bprob/g++-bprob-1.C compilation,  -O0  -ftree-based-profiling -fbranch-probabilities
UNRESOLVED: g++.dg/bprob/g++-bprob-1.C execution,    -O0  -ftree-based-profiling -fbranch-probabilities
FAIL: g++.dg/bprob/g++-bprob-1.C compilation,  -O1  -ftree-based-profiling -fbranch-probabilities
UNRESOLVED: g++.dg/bprob/g++-bprob-1.C execution,    -O1  -ftree-based-profiling -fbranch-probabilities
FAIL: g++.dg/bprob/g++-bprob-1.C compilation,  -O2  -ftree-based-profiling -fbranch-probabilities
UNRESOLVED: g++.dg/bprob/g++-bprob-1.C execution,    -O2  -ftree-based-profiling -fbranch-probabilities
FAIL: g++.dg/bprob/g++-bprob-1.C compilation,  -O3  -ftree-based-profiling -fbranch-probabilities
UNRESOLVED: g++.dg/bprob/g++-bprob-1.C execution,    -O3  -ftree-based-profiling -fbranch-probabilities
FAIL: g++.dg/bprob/g++-bprob-1.C compilation,  -O3 -g  -ftree-based-profiling -fbranch-probabilities
UNRESOLVED: g++.dg/bprob/g++-bprob-1.C execution,    -O3 -g  -ftree-based-profiling -fbranch-probabilities
FAIL: g++.dg/bprob/g++-bprob-1.C compilation,  -Os  -ftree-based-profiling -fbranch-probabilities
UNRESOLVED: g++.dg/bprob/g++-bprob-1.C execution,    -Os  -ftree-based-profiling -fbranch-probabilities
FAIL: g++.dg/conversion/simd1.C (test for excess errors)
FAIL: g++.dg/expr/return1.C (test for excess errors)
FAIL: g++.dg/ext/attribute-test-1.C (test for excess errors)
FAIL: g++.dg/ext/attribute-test-2.C (test for excess errors)
FAIL: g++.dg/ext/attribute-test-3.C (test for excess errors)
FAIL: g++.dg/ext/attribute-test-4.C (test for excess errors)
FAIL: g++.dg/ext/builtin3.C (test for excess errors)
FAIL: g++.dg/lookup/crash5.C (test for excess errors)
FAIL: g++.dg/lookup/koenig1.C (test for excess errors)
FAIL: g++.dg/lookup/used-before-declaration.C (test for excess errors)
FAIL: g++.dg/other/do1.C (test for excess errors)
FAIL: g++.dg/other/static11.C (test for excess errors)
FAIL: g++.dg/overload/koenig1.C (test for excess errors)
FAIL: g++.dg/parse/crash13.C (test for excess errors)
FAIL: g++.dg/parse/error21.C (test for excess errors)
FAIL: g++.dg/template/error1.C (test for excess errors)
FAIL: g++.dg/template/recurse.C (test for excess errors)
FAIL: g++.dg/warn/Wunused-8.C (test for excess errors)
XPASS: g++.dg/warn/Wunused-9.C  (test for warnings, line 32)
FAIL: 33:is #####:should be 1
FAIL: 39:is #####:should be 1
FAIL: 41:is #####:should be 1
FAIL: 55:is #####:should be 3
FAIL: 58:is #####:should be 9
FAIL: 59:is #####:should be 3
FAIL: 66:is #####:should be 6
FAIL: 73:is #####:should be 81
FAIL: 74:is #####:should be 6
FAIL: 100:is #####:should be 2
FAIL: 102:is #####:should be 1
FAIL: 103:is #####:should be 1
FAIL: 105:is #####:should be 1
FAIL: 113:is #####:should be 15
FAIL: 115:is #####:should be 14
FAIL: 116:is #####:should be 1
FAIL: 118:is #####:should be 1
FAIL: 141:is #####:should be 5
FAIL: 143:is #####:should be 3
FAIL: 145:is #####:should be 3
FAIL: 150:is #####:should be 2
FAIL: 152:is #####:should be 1
FAIL: 154:is #####:should be 1
FAIL: 156:is #####:should be 5
FAIL: 158:is #####:should be 1
FAIL: 160:is #####:should be 5
FAIL: 162:is #####:should be 1
FAIL: 164:is #####:should be 1
FAIL: 165:is #####:should be 5
FAIL: 173:is #####:should be 6
FAIL: 175:is #####:should be 1
FAIL: 177:is #####:should be 6
FAIL: 181:is #####:should be 6
FAIL: 183:is #####:should be 3
FAIL: 185:is #####:should be 6
FAIL: 187:is #####:should be 2
FAIL: 189:is #####:should be 4
FAIL: 192:is #####:should be 4
FAIL: 200:is #####:should be 11
FAIL: 202:is #####:should be 1
FAIL: 204:is #####:should be 11
FAIL: 206:is #####:should be 5
FAIL: 208:is #####:should be 2
FAIL: 210:is #####:should be 1
FAIL: 212:is #####:should be 11
FAIL: 214:is #####:should be 3
FAIL: 215:is #####:should be 11
FAIL: 254:is #####:should be 5
FAIL: 257:is #####:should be 5
FAIL: 261:is #####:should be 1
FAIL: 269:is #####:should be 3
FAIL: 271:is #####:should be 1
FAIL: 272:is #####:should be 2
FAIL: 275:is #####:should be 1
FAIL: 276:is #####:should be 1
FAIL: 279:is #####:should be 4
FAIL: 57: expected branch percentages not found: 25
FAIL: 68: expected branch percentages not found: 30
FAIL: 70: expected branch percentages not found: 32
FAIL: 72: expected branch percentages not found: 27
FAIL: 101: expected branch percentages not found: 50
FAIL: 114: expected branch percentages not found: 7
FAIL: 142: expected branch percentages not found: 40
FAIL: 144: expected branch percentages not found: 0
FAIL: 151: expected branch percentages not found: 50
FAIL: 157: expected branch percentages not found: 20
FAIL: 161: expected branch percentages not found: 20
FAIL: 163: expected branch percentages not found: 0
FAIL: 174: expected branch percentages not found: 17
FAIL: 178: expected branch percentages not found: 0
FAIL: 182: expected branch percentages not found: 50
FAIL: 186: expected branch percentages not found: 33
FAIL: 190: expected branch percentages not found: 0
FAIL: 201: expected branch percentages not found: 27 50 25
FAIL: 205: expected branch percentages not found: 45
FAIL: 207: expected branch percentages not found: 40
FAIL: 209: expected branch percentages not found: 50
FAIL: 213: expected branch percentages not found: 9 10 11
FAIL: 258: expected branch percentages not found: 20 0 40 20
FAIL: 270: expected branch percentages not found: 33
FAIL: g++.dg/gcov/gcov-1.C gcov: 56 failures in line counts, 24 in branch percentages, 0 in return percentages
FAIL: 10:is #####:should be 1
FAIL: 15:is #####:should be 1
FAIL: 23:is #####:should be 1
FAIL: 24:is #####:should be 1
FAIL: 29:is #####:should be 1
FAIL: g++.dg/gcov/gcov-2.C gcov: 5 failures in line counts, 0 in branch percentages, 0 in return percentages
FAIL: 14:is #####:should be 1
FAIL: g++.dg/gcov/gcov-3.C gcov: 1 failures in line counts, 0 in branch percentages, 0 in return percentages
FAIL: g++.old-deja/g++.bugs/900211_01.C (test for excess errors)
FAIL: g++.old-deja/g++.bugs/900211_03.C (test for excess errors)
FAIL: g++.old-deja/g++.ext/namedret3.C (test for excess errors)
FAIL: g++.old-deja/g++.ext/return1.C (test for excess errors)
FAIL: g++.old-deja/g++.jason/cond.C (test for excess errors)
FAIL: g++.old-deja/g++.jason/lineno3.C (test for excess errors)
FAIL: g++.old-deja/g++.jason/lineno4.C (test for excess errors)
FAIL: g++.old-deja/g++.jason/report.C  (test for warnings, line 59)
FAIL: g++.old-deja/g++.jason/report.C  (test for warnings, line 74)
FAIL: g++.old-deja/g++.mike/for2.C (test for excess errors)
WARNING: g++.old-deja/g++.mike/p10769a.C compilation failed to produce executable
FAIL: g++.old-deja/g++.mike/p700.C (test for excess errors)
FAIL: g++.old-deja/g++.other/crash37.C (test for excess errors)
XPASS: g++.old-deja/g++.other/init5.C execution test
FAIL: g++.old-deja/g++.other/overload11.C (test for excess errors)
FAIL: g++.old-deja/g++.pt/instantiate8.C (test for excess errors)
FAIL: g++.old-deja/g++.robertl/eb4.C (test for excess errors)

		=== g++ Summary for unix/-m32 ===

# of expected passes		10451
# of unexpected failures	136
# of unexpected successes	2
# of expected failures		71
# of unresolved testcases	14
# of unsupported tests		74

Running target unix/-m64
FAIL: g++.dg/bprob/g++-bprob-1.C compilation,  -g  -fbranch-probabilities
UNRESOLVED: g++.dg/bprob/g++-bprob-1.C execution,    -g  -fbranch-probabilities
FAIL: g++.dg/bprob/g++-bprob-1.C compilation,  -O0  -fbranch-probabilities
UNRESOLVED: g++.dg/bprob/g++-bprob-1.C execution,    -O0  -fbranch-probabilities
FAIL: g++.dg/bprob/g++-bprob-1.C compilation,  -O1  -fbranch-probabilities
UNRESOLVED: g++.dg/bprob/g++-bprob-1.C execution,    -O1  -fbranch-probabilities
FAIL: g++.dg/bprob/g++-bprob-1.C compilation,  -O2  -fbranch-probabilities
UNRESOLVED: g++.dg/bprob/g++-bprob-1.C execution,    -O2  -fbranch-probabilities
FAIL: g++.dg/bprob/g++-bprob-1.C compilation,  -O3  -fbranch-probabilities
UNRESOLVED: g++.dg/bprob/g++-bprob-1.C execution,    -O3  -fbranch-probabilities
FAIL: g++.dg/bprob/g++-bprob-1.C compilation,  -O3 -g  -fbranch-probabilities
UNRESOLVED: g++.dg/bprob/g++-bprob-1.C execution,    -O3 -g  -fbranch-probabilities
FAIL: g++.dg/bprob/g++-bprob-1.C compilation,  -Os  -fbranch-probabilities
UNRESOLVED: g++.dg/bprob/g++-bprob-1.C execution,    -Os  -fbranch-probabilities
FAIL: g++.dg/bprob/g++-bprob-1.C compilation,  -g  -ftree-based-profiling -fbranch-probabilities
UNRESOLVED: g++.dg/bprob/g++-bprob-1.C execution,    -g  -ftree-based-profiling -fbranch-probabilities
FAIL: g++.dg/bprob/g++-bprob-1.C compilation,  -O0  -ftree-based-profiling -fbranch-probabilities
UNRESOLVED: g++.dg/bprob/g++-bprob-1.C execution,    -O0  -ftree-based-profiling -fbranch-probabilities
FAIL: g++.dg/bprob/g++-bprob-1.C compilation,  -O1  -ftree-based-profiling -fbranch-probabilities
UNRESOLVED: g++.dg/bprob/g++-bprob-1.C execution,    -O1  -ftree-based-profiling -fbranch-probabilities
FAIL: g++.dg/bprob/g++-bprob-1.C compilation,  -O2  -ftree-based-profiling -fbranch-probabilities
UNRESOLVED: g++.dg/bprob/g++-bprob-1.C execution,    -O2  -ftree-based-profiling -fbranch-probabilities
FAIL: g++.dg/bprob/g++-bprob-1.C compilation,  -O3  -ftree-based-profiling -fbranch-probabilities
UNRESOLVED: g++.dg/bprob/g++-bprob-1.C execution,    -O3  -ftree-based-profiling -fbranch-probabilities
FAIL: g++.dg/bprob/g++-bprob-1.C compilation,  -O3 -g  -ftree-based-profiling -fbranch-probabilities
UNRESOLVED: g++.dg/bprob/g++-bprob-1.C execution,    -O3 -g  -ftree-based-profiling -fbranch-probabilities
FAIL: g++.dg/bprob/g++-bprob-1.C compilation,  -Os  -ftree-based-profiling -fbranch-probabilities
UNRESOLVED: g++.dg/bprob/g++-bprob-1.C execution,    -Os  -ftree-based-profiling -fbranch-probabilities
FAIL: g++.dg/expr/return1.C (test for excess errors)
FAIL: g++.dg/ext/builtin3.C (test for excess errors)
FAIL: g++.dg/lookup/crash5.C (test for excess errors)
FAIL: g++.dg/lookup/koenig1.C (test for excess errors)
FAIL: g++.dg/lookup/used-before-declaration.C (test for excess errors)
FAIL: g++.dg/other/do1.C (test for excess errors)
FAIL: g++.dg/other/static11.C (test for excess errors)
FAIL: g++.dg/overload/koenig1.C (test for excess errors)
FAIL: g++.dg/parse/crash13.C (test for excess errors)
FAIL: g++.dg/parse/error21.C (test for excess errors)
FAIL: g++.dg/template/error1.C (test for excess errors)
FAIL: g++.dg/template/recurse.C (test for excess errors)
FAIL: g++.dg/warn/Wunused-8.C (test for excess errors)
XPASS: g++.dg/warn/Wunused-9.C  (test for warnings, line 32)
FAIL: 33:is #####:should be 1
FAIL: 39:is #####:should be 1
FAIL: 41:is #####:should be 1
FAIL: 55:is #####:should be 3
FAIL: 58:is #####:should be 9
FAIL: 59:is #####:should be 3
FAIL: 66:is #####:should be 6
FAIL: 73:is #####:should be 81
FAIL: 74:is #####:should be 6
FAIL: 100:is #####:should be 2
FAIL: 102:is #####:should be 1
FAIL: 103:is #####:should be 1
FAIL: 105:is #####:should be 1
FAIL: 113:is #####:should be 15
FAIL: 115:is #####:should be 14
FAIL: 116:is #####:should be 1
FAIL: 118:is #####:should be 1
FAIL: 141:is #####:should be 5
FAIL: 143:is #####:should be 3
FAIL: 145:is #####:should be 3
FAIL: 150:is #####:should be 2
FAIL: 152:is #####:should be 1
FAIL: 154:is #####:should be 1
FAIL: 156:is #####:should be 5
FAIL: 158:is #####:should be 1
FAIL: 160:is #####:should be 5
FAIL: 162:is #####:should be 1
FAIL: 164:is #####:should be 1
FAIL: 165:is #####:should be 5
FAIL: 173:is #####:should be 6
FAIL: 175:is #####:should be 1
FAIL: 177:is #####:should be 6
FAIL: 181:is #####:should be 6
FAIL: 183:is #####:should be 3
FAIL: 185:is #####:should be 6
FAIL: 187:is #####:should be 2
FAIL: 189:is #####:should be 4
FAIL: 192:is #####:should be 4
FAIL: 200:is #####:should be 11
FAIL: 202:is #####:should be 1
FAIL: 204:is #####:should be 11
FAIL: 206:is #####:should be 5
FAIL: 208:is #####:should be 2
FAIL: 210:is #####:should be 1
FAIL: 212:is #####:should be 11
FAIL: 214:is #####:should be 3
FAIL: 215:is #####:should be 11
FAIL: 254:is #####:should be 5
FAIL: 257:is #####:should be 5
FAIL: 261:is #####:should be 1
FAIL: 269:is #####:should be 3
FAIL: 271:is #####:should be 1
FAIL: 272:is #####:should be 2
FAIL: 275:is #####:should be 1
FAIL: 276:is #####:should be 1
FAIL: 279:is #####:should be 4
FAIL: 57: expected branch percentages not found: 25
FAIL: 68: expected branch percentages not found: 30
FAIL: 70: expected branch percentages not found: 32
FAIL: 72: expected branch percentages not found: 27
FAIL: 101: expected branch percentages not found: 50
FAIL: 114: expected branch percentages not found: 7
FAIL: 142: expected branch percentages not found: 40
FAIL: 144: expected branch percentages not found: 0
FAIL: 151: expected branch percentages not found: 50
FAIL: 157: expected branch percentages not found: 20
FAIL: 161: expected branch percentages not found: 20
FAIL: 163: expected branch percentages not found: 0
FAIL: 174: expected branch percentages not found: 17
FAIL: 178: expected branch percentages not found: 0
FAIL: 182: expected branch percentages not found: 50
FAIL: 186: expected branch percentages not found: 33
FAIL: 190: expected branch percentages not found: 0
FAIL: 201: expected branch percentages not found: 27 50 25
FAIL: 205: expected branch percentages not found: 45
FAIL: 207: expected branch percentages not found: 40
FAIL: 209: expected branch percentages not found: 50
FAIL: 213: expected branch percentages not found: 9 10 11
FAIL: 258: expected branch percentages not found: 20 0 40 20
FAIL: 270: expected branch percentages not found: 33
FAIL: g++.dg/gcov/gcov-1.C gcov: 56 failures in line counts, 24 in branch percentages, 0 in return percentages
FAIL: 10:is #####:should be 1
FAIL: 15:is #####:should be 1
FAIL: 23:is #####:should be 1
FAIL: 24:is #####:should be 1
FAIL: 29:is #####:should be 1
FAIL: g++.dg/gcov/gcov-2.C gcov: 5 failures in line counts, 0 in branch percentages, 0 in return percentages
FAIL: 14:is #####:should be 1
FAIL: g++.dg/gcov/gcov-3.C gcov: 1 failures in line counts, 0 in branch percentages, 0 in return percentages
FAIL: g++.old-deja/g++.bugs/900211_01.C (test for excess errors)
FAIL: g++.old-deja/g++.bugs/900211_03.C (test for excess errors)
FAIL: g++.old-deja/g++.ext/namedret3.C (test for excess errors)
FAIL: g++.old-deja/g++.ext/return1.C (test for excess errors)
FAIL: g++.old-deja/g++.jason/cond.C (test for excess errors)
FAIL: g++.old-deja/g++.jason/lineno3.C (test for excess errors)
FAIL: g++.old-deja/g++.jason/lineno4.C (test for excess errors)
FAIL: g++.old-deja/g++.jason/report.C  (test for warnings, line 59)
FAIL: g++.old-deja/g++.jason/report.C  (test for warnings, line 74)
FAIL: g++.old-deja/g++.mike/for2.C (test for excess errors)
WARNING: g++.old-deja/g++.mike/p10769a.C compilation failed to produce executable
FAIL: g++.old-deja/g++.mike/p700.C (test for excess errors)
FAIL: g++.old-deja/g++.other/crash37.C (test for excess errors)
XPASS: g++.old-deja/g++.other/init5.C execution test
FAIL: g++.old-deja/g++.other/overload11.C (test for excess errors)
FAIL: g++.old-deja/g++.pt/instantiate8.C (test for excess errors)
FAIL: g++.old-deja/g++.robertl/eb4.C (test for excess errors)

		=== g++ Summary for unix/-m64 ===

# of expected passes		10423
# of unexpected failures	131
# of unexpected successes	2
# of expected failures		71
# of unresolved testcases	14
# of unsupported tests		77

		=== g++ Summary ===

# of expected passes		20874
# of unexpected failures	267
# of unexpected successes	4
# of expected failures		142
# of unresolved testcases	28
# of unsupported tests		151
/home/gccbuild/build/nightly/build-gcc-structreorg/gcc/testsuite/../g++  version 4.0.0-tree-profiling 20050107 (experimental)

		=== gcc tests ===


Running target unix/-m32
FAIL: gcc.c-torture/compile/pr17529.c  -O1  (test for excess errors)
FAIL: gcc.c-torture/compile/pr17529.c  -O2  (test for excess errors)
FAIL: gcc.c-torture/compile/pr17529.c  -O3 -fomit-frame-pointer  (test for excess errors)
FAIL: gcc.c-torture/compile/pr17529.c  -O3 -g  (test for excess errors)
FAIL: gcc.c-torture/compile/pr17529.c  -Os  (test for excess errors)
FAIL: gcc.dg/func-args-1.c  (test for errors, line 26)
FAIL: gcc.dg/func-args-1.c  (test for errors, line 27)
FAIL: gcc.dg/func-args-1.c  (test for errors, line 28)
FAIL: gcc.dg/func-args-1.c  (test for errors, line 29)
FAIL: gcc.dg/func-args-1.c  (test for errors, line 30)
FAIL: gcc.dg/func-args-1.c  (test for errors, line 33)
FAIL: gcc.dg/func-args-1.c  (test for errors, line 34)
FAIL: gcc.dg/func-args-1.c  (test for errors, line 35)
FAIL: gcc.dg/func-args-1.c  (test for errors, line 36)
FAIL: gcc.dg/func-args-1.c  (test for errors, line 41)
FAIL: gcc.dg/func-args-1.c  (test for errors, line 42)
FAIL: gcc.dg/func-args-1.c  (test for errors, line 45)
FAIL: gcc.dg/func-args-1.c  (test for errors, line 46)
FAIL: gcc.dg/func-args-1.c  (test for errors, line 47)
FAIL: gcc.dg/func-args-1.c  (test for errors, line 48)
FAIL: gcc.dg/func-args-1.c (test for excess errors)
XPASS: gcc.dg/tree-ssa/20040204-1.c scan-tree-dump-times link_error 0
FAIL: gcc.dg/tree-ssa/ssa-dce-2.c scan-tree-dump-times if  0
FAIL: gcc.dg/vect/vect-56.c scan-tree-dump-times vectorized 1 loops 1
FAIL: gcc.dg/vect/vect-60.c scan-tree-dump-times vectorized 1 loops 1
FAIL: gcc.dg/vect/vect-77.c scan-tree-dump-times vectorized 1 loops 1
FAIL: gcc.dg/vect/vect-78.c scan-tree-dump-times vectorized 1 loops 1
FAIL: gcc.misc-tests/bprob-1.c compilation,  -g  -fbranch-probabilities
UNRESOLVED: gcc.misc-tests/bprob-1.c execution,    -g  -fbranch-probabilities
FAIL: gcc.misc-tests/bprob-1.c compilation,  -O0  -fbranch-probabilities
UNRESOLVED: gcc.misc-tests/bprob-1.c execution,    -O0  -fbranch-probabilities
FAIL: gcc.misc-tests/bprob-1.c compilation,  -O1  -fbranch-probabilities
UNRESOLVED: gcc.misc-tests/bprob-1.c execution,    -O1  -fbranch-probabilities
FAIL: gcc.misc-tests/bprob-1.c compilation,  -O2 -DPERFTIME  -fbranch-probabilities
UNRESOLVED: gcc.misc-tests/bprob-1.c execution,    -O2 -DPERFTIME  -fbranch-probabilities
FAIL: gcc.misc-tests/bprob-1.c compilation,  -O3 -DPERFTIME  -fbranch-probabilities
UNRESOLVED: gcc.misc-tests/bprob-1.c execution,    -O3 -DPERFTIME  -fbranch-probabilities
FAIL: gcc.misc-tests/bprob-1.c compilation,  -O3 -g -DPERFTIME  -fbranch-probabilities
UNRESOLVED: gcc.misc-tests/bprob-1.c execution,    -O3 -g -DPERFTIME  -fbranch-probabilities
FAIL: gcc.misc-tests/bprob-1.c compilation,  -Os  -fbranch-probabilities
UNRESOLVED: gcc.misc-tests/bprob-1.c execution,    -Os  -fbranch-probabilities
FAIL: gcc.misc-tests/bprob-2.c compilation,  -g  -fbranch-probabilities
UNRESOLVED: gcc.misc-tests/bprob-2.c execution,    -g  -fbranch-probabilities
FAIL: gcc.misc-tests/bprob-2.c compilation,  -O0  -fbranch-probabilities
UNRESOLVED: gcc.misc-tests/bprob-2.c execution,    -O0  -fbranch-probabilities
FAIL: gcc.misc-tests/bprob-2.c compilation,  -O1  -fbranch-probabilities
UNRESOLVED: gcc.misc-tests/bprob-2.c execution,    -O1  -fbranch-probabilities
FAIL: gcc.misc-tests/bprob-2.c compilation,  -O2 -DPERFTIME  -fbranch-probabilities
UNRESOLVED: gcc.misc-tests/bprob-2.c execution,    -O2 -DPERFTIME  -fbranch-probabilities
FAIL: gcc.misc-tests/bprob-2.c compilation,  -O3 -DPERFTIME  -fbranch-probabilities
UNRESOLVED: gcc.misc-tests/bprob-2.c execution,    -O3 -DPERFTIME  -fbranch-probabilities
FAIL: gcc.misc-tests/bprob-2.c compilation,  -O3 -g -DPERFTIME  -fbranch-probabilities
UNRESOLVED: gcc.misc-tests/bprob-2.c execution,    -O3 -g -DPERFTIME  -fbranch-probabilities
FAIL: gcc.misc-tests/bprob-2.c compilation,  -Os  -fbranch-probabilities
UNRESOLVED: gcc.misc-tests/bprob-2.c execution,    -Os  -fbranch-probabilities
FAIL: gcc.misc-tests/bprob-1.c compilation,  -g  -ftree-based-profiling -fbranch-probabilities
UNRESOLVED: gcc.misc-tests/bprob-1.c execution,    -g  -ftree-based-profiling -fbranch-probabilities
FAIL: gcc.misc-tests/bprob-1.c compilation,  -O0  -ftree-based-profiling -fbranch-probabilities
UNRESOLVED: gcc.misc-tests/bprob-1.c execution,    -O0  -ftree-based-profiling -fbranch-probabilities
FAIL: gcc.misc-tests/bprob-1.c compilation,  -O1  -ftree-based-profiling -fbranch-probabilities
UNRESOLVED: gcc.misc-tests/bprob-1.c execution,    -O1  -ftree-based-profiling -fbranch-probabilities
FAIL: gcc.misc-tests/bprob-1.c compilation,  -O2 -DPERFTIME  -ftree-based-profiling -fbranch-probabilities
UNRESOLVED: gcc.misc-tests/bprob-1.c execution,    -O2 -DPERFTIME  -ftree-based-profiling -fbranch-probabilities
FAIL: gcc.misc-tests/bprob-1.c compilation,  -O3 -DPERFTIME  -ftree-based-profiling -fbranch-probabilities
UNRESOLVED: gcc.misc-tests/bprob-1.c execution,    -O3 -DPERFTIME  -ftree-based-profiling -fbranch-probabilities
FAIL: gcc.misc-tests/bprob-1.c compilation,  -O3 -g -DPERFTIME  -ftree-based-profiling -fbranch-probabilities
UNRESOLVED: gcc.misc-tests/bprob-1.c execution,    -O3 -g -DPERFTIME  -ftree-based-profiling -fbranch-probabilities
FAIL: gcc.misc-tests/bprob-1.c compilation,  -Os  -ftree-based-profiling -fbranch-probabilities
UNRESOLVED: gcc.misc-tests/bprob-1.c execution,    -Os  -ftree-based-profiling -fbranch-probabilities
FAIL: gcc.misc-tests/bprob-2.c compilation,  -g  -ftree-based-profiling -fbranch-probabilities
UNRESOLVED: gcc.misc-tests/bprob-2.c execution,    -g  -ftree-based-profiling -fbranch-probabilities
FAIL: gcc.misc-tests/bprob-2.c compilation,  -O0  -ftree-based-profiling -fbranch-probabilities
UNRESOLVED: gcc.misc-tests/bprob-2.c execution,    -O0  -ftree-based-profiling -fbranch-probabilities
FAIL: gcc.misc-tests/bprob-2.c compilation,  -O1  -ftree-based-profiling -fbranch-probabilities
UNRESOLVED: gcc.misc-tests/bprob-2.c execution,    -O1  -ftree-based-profiling -fbranch-probabilities
FAIL: gcc.misc-tests/bprob-2.c compilation,  -O2 -DPERFTIME  -ftree-based-profiling -fbranch-probabilities
UNRESOLVED: gcc.misc-tests/bprob-2.c execution,    -O2 -DPERFTIME  -ftree-based-profiling -fbranch-probabilities
FAIL: gcc.misc-tests/bprob-2.c compilation,  -O3 -DPERFTIME  -ftree-based-profiling -fbranch-probabilities
UNRESOLVED: gcc.misc-tests/bprob-2.c execution,    -O3 -DPERFTIME  -ftree-based-profiling -fbranch-probabilities
FAIL: gcc.misc-tests/bprob-2.c compilation,  -O3 -g -DPERFTIME  -ftree-based-profiling -fbranch-probabilities
UNRESOLVED: gcc.misc-tests/bprob-2.c execution,    -O3 -g -DPERFTIME  -ftree-based-profiling -fbranch-probabilities
FAIL: gcc.misc-tests/bprob-2.c compilation,  -Os  -ftree-based-profiling -fbranch-probabilities
UNRESOLVED: gcc.misc-tests/bprob-2.c execution,    -Os  -ftree-based-profiling -fbranch-probabilities
FAIL: 14:is #####:should be 11
FAIL: 15:is #####:should be 10
FAIL: 17:is #####:should be 1
FAIL: gcc.misc-tests/gcov-1.c gcov: 3 failures in line counts, 0 in branch percentages, 0 in return percentages
FAIL: 10:is #####:should be 11
FAIL: gcc.misc-tests/gcov-10.c gcov: 1 failures in line counts, 0 in branch percentages, 0 in return percentages
FAIL: 10:is #####:should be 11
FAIL: gcc.misc-tests/gcov-10b.c gcov: 1 failures in line counts, 0 in branch percentages, 0 in return percentages
FAIL: 11:is #####:should be 10
FAIL: 18:is #####:should be 11
FAIL: gcc.misc-tests/gcov-11.c gcov: 2 failures in line counts, 0 in branch percentages, 0 in return percentages
FAIL: 14:is #####:should be 11
FAIL: 15:is #####:should be 10
FAIL: 17:is #####:should be 1
FAIL: gcc.misc-tests/gcov-2.c gcov: 3 failures in line counts, 0 in branch percentages, 0 in return percentages
FAIL: 40:is #####:should be 1
FAIL: 45:is #####:should be 1
FAIL: gcc.misc-tests/gcov-3.c gcov: 2 failures in line counts, 0 in branch percentages, 0 in return percentages
FAIL: 33:is #####:should be 1
FAIL: 39:is #####:should be 1
FAIL: 41:is #####:should be 1
FAIL: 55:is #####:should be 3
FAIL: 57:is #####:should be 9
FAIL: 58:is #####:should be 3
FAIL: 65:is #####:should be 6
FAIL: 69:is #####:should be 81
FAIL: 70:is #####:should be 6
FAIL: 95:is #####:should be 2
FAIL: 96:is #####:should be 1
FAIL: 97:is #####:should be 1
FAIL: 99:is #####:should be 1
FAIL: 106:is #####:should be 15
FAIL: 107:is #####:should be 14
FAIL: 108:is #####:should be 1
FAIL: 110:is #####:should be 1
FAIL: 132:is #####:should be 5
FAIL: 133:is #####:should be 3
FAIL: 134:is #####:should be 3
FAIL: 138:is #####:should be 2
FAIL: 139:is #####:should be 1
FAIL: 141:is #####:should be 1
FAIL: 142:is #####:should be 5
FAIL: 143:is #####:should be 1
FAIL: 144:is #####:should be 5
FAIL: 145:is #####:should be 1
FAIL: 146:is #####:should be 1
FAIL: 147:is #####:should be 5
FAIL: 154:is #####:should be 6
FAIL: 155:is #####:should be 1
FAIL: 156:is #####:should be 6
FAIL: 158:is #####:should be 6
FAIL: 159:is #####:should be 3
FAIL: 160:is #####:should be 6
FAIL: 161:is #####:should be 2
FAIL: 162:is #####:should be 4
FAIL: 164:is #####:should be 4
FAIL: 171:is #####:should be 11
FAIL: 172:is #####:should be 1
FAIL: 173:is #####:should be 11
FAIL: 174:is #####:should be 5
FAIL: 175:is #####:should be 2
FAIL: 176:is #####:should be 1
FAIL: 177:is #####:should be 11
FAIL: 178:is #####:should be 3
FAIL: 179:is #####:should be 11
FAIL: 218:is #####:should be 5
FAIL: 220:is #####:should be 5
FAIL: 223:is #####:should be 1
FAIL: 230:is #####:should be 3
FAIL: 231:is #####:should be 1
FAIL: 232:is #####:should be 2
FAIL: 235:is #####:should be 1
FAIL: 236:is #####:should be 1
FAIL: 239:is #####:should be 4
FAIL: gcc.misc-tests/gcov-4.c gcov: 56 failures in line counts, 0 in branch percentages, 0 in return percentages
FAIL: 26: expected branch percentages not found: 25
FAIL: 37: expected branch percentages not found: 30
FAIL: 39: expected branch percentages not found: 32
FAIL: 41: expected branch percentages not found: 27
FAIL: 69: expected branch percentages not found: 50
FAIL: 81: expected branch percentages not found: 7
FAIL: 108: expected branch percentages not found: 40
FAIL: 110: expected branch percentages not found: 0
FAIL: 116: expected branch percentages not found: 50
FAIL: 121: expected branch percentages not found: 20
FAIL: 124: expected branch percentages not found: 20
FAIL: 134: expected branch percentages not found: 0
FAIL: 135: expected branch percentages not found: 17
FAIL: 138: expected branch percentages not found: 0
FAIL: 141: expected branch percentages not found: 50
FAIL: 144: expected branch percentages not found: 33
FAIL: 147: expected branch percentages not found: 0
FAIL: 157: expected branch percentages not found: 27 50 25
FAIL: 160: expected branch percentages not found: 45
FAIL: 162: expected branch percentages not found: 40
FAIL: 164: expected branch percentages not found: 50
FAIL: 167: expected branch percentages not found: 9 10 11
FAIL: 211: expected branch percentages not found: 20 0 40 20
FAIL: 222: expected branch percentages not found: 33
FAIL: gcc.misc-tests/gcov-4b.c gcov: 0 failures in line counts, 24 in branch percentages, 0 in return percentages
FAIL: 17:is #####:should be 5
FAIL: 20:is #####:should be 1
FAIL: 22:is #####:should be 4
FAIL: 31:is #####:should be 1
FAIL: 35:is #####:should be 4
FAIL: 18: expected branch percentages not found: 20
FAIL: 21: expected return percentages not found: 0
FAIL: 32: expected return percentages not found: 100
FAIL: 36: expected return percentages not found: 75
FAIL: gcc.misc-tests/gcov-6.c gcov: 5 failures in line counts, 1 in branch percentages, 3 in return percentages
FAIL: 20:is #####:should be 3
FAIL: 24:is #####:should be 1
FAIL: 28:is #####:should be 2
FAIL: 33:is #####:should be 3
FAIL: 37:is #####:should be 1
FAIL: 41:is #####:should be 2
FAIL: 43:is #####:should be 1
FAIL: 46:is #####:should be 1
FAIL: 78:is #####:should be 2
FAIL: 81:is #####:should be 3
FAIL: 83:is #####:should be 1
FAIL: 23: expected branch percentages not found: 33
FAIL: 36: expected branch percentages not found: 33
FAIL: 77: expected branch percentages not found: 33
FAIL: 42: expected return percentages not found: 50
FAIL: 44: expected return percentages not found: 100
FAIL: 82: expected return percentages not found: 33
FAIL: 84: expected return percentages not found: 0
FAIL: gcc.misc-tests/gcov-7.c gcov: 11 failures in line counts, 3 in branch percentages, 4 in return percentages
FAIL: 20: expected branch percentages not found: 1
FAIL: 28: expected branch percentages not found: 0
FAIL: 30: expected branch percentages not found: 1
FAIL: 47: expected branch percentages not found: 0
FAIL: gcc.misc-tests/gcov-8.c gcov: 0 failures in line counts, 4 in branch percentages, 0 in return percentages
FAIL: 10:is #####:should be 11
FAIL: gcc.misc-tests/gcov-9.c gcov: 1 failures in line counts, 0 in branch percentages, 0 in return percentages

		=== gcc Summary for unix/-m32 ===

# of expected passes		33170
# of unexpected failures	190
# of unexpected successes	1
# of expected failures		98
# of unresolved testcases	28
# of untested testcases		28
# of unsupported tests		422

Running target unix/-m64
FAIL: gcc.c-torture/compile/pr17529.c  -O1  (test for excess errors)
FAIL: gcc.c-torture/compile/pr17529.c  -O2  (test for excess errors)
FAIL: gcc.c-torture/compile/pr17529.c  -O3 -fomit-frame-pointer  (test for excess errors)
FAIL: gcc.c-torture/compile/pr17529.c  -O3 -g  (test for excess errors)
FAIL: gcc.c-torture/compile/pr17529.c  -Os  (test for excess errors)
FAIL: gcc.dg/func-args-1.c  (test for errors, line 26)
FAIL: gcc.dg/func-args-1.c  (test for errors, line 27)
FAIL: gcc.dg/func-args-1.c  (test for errors, line 28)
FAIL: gcc.dg/func-args-1.c  (test for errors, line 29)
FAIL: gcc.dg/func-args-1.c  (test for errors, line 30)
FAIL: gcc.dg/func-args-1.c  (test for errors, line 33)
FAIL: gcc.dg/func-args-1.c  (test for errors, line 34)
FAIL: gcc.dg/func-args-1.c  (test for errors, line 35)
FAIL: gcc.dg/func-args-1.c  (test for errors, line 36)
FAIL: gcc.dg/func-args-1.c  (test for errors, line 41)
FAIL: gcc.dg/func-args-1.c  (test for errors, line 42)
FAIL: gcc.dg/func-args-1.c  (test for errors, line 45)
FAIL: gcc.dg/func-args-1.c  (test for errors, line 46)
FAIL: gcc.dg/func-args-1.c  (test for errors, line 47)
FAIL: gcc.dg/func-args-1.c  (test for errors, line 48)
FAIL: gcc.dg/func-args-1.c (test for excess errors)
FAIL: gcc.dg/ppc-eabi.c (test for excess errors)
FAIL: gcc.dg/ppc64-abi-3.c  (test for errors, line 12)
FAIL: gcc.dg/ppc64-abi-3.c  (test for errors, line 27)
FAIL: gcc.dg/ppc64-abi-3.c (test for excess errors)
FAIL: gcc.dg/uninit-4.c uninitialized variable warning (test for bogus messages, line 26)
XPASS: gcc.dg/tree-ssa/20040204-1.c scan-tree-dump-times link_error 0
FAIL: gcc.dg/tree-ssa/loop-4.c scan-tree-dump-times arr_base[^\\n\\r]*= 0
FAIL: gcc.dg/tree-ssa/ssa-dce-2.c scan-tree-dump-times if  0
FAIL: gcc.dg/vect/vect-46.c scan-tree-dump-times vectorized 1 loops 1
FAIL: gcc.dg/vect/vect-50.c scan-tree-dump-times vectorized 1 loops 1
FAIL: gcc.dg/vect/vect-52.c scan-tree-dump-times vectorized 1 loops 1
FAIL: gcc.dg/vect/vect-56.c scan-tree-dump-times vectorized 1 loops 1
FAIL: gcc.dg/vect/vect-58.c scan-tree-dump-times vectorized 1 loops 1
FAIL: gcc.dg/vect/vect-60.c scan-tree-dump-times vectorized 1 loops 1
FAIL: gcc.dg/vect/vect-87.c scan-tree-dump-times vectorized 1 loops 1
FAIL: gcc.dg/vect/vect-88.c scan-tree-dump-times vectorized 1 loops 1
FAIL: gcc.misc-tests/bprob-1.c compilation,  -g  -fbranch-probabilities
UNRESOLVED: gcc.misc-tests/bprob-1.c execution,    -g  -fbranch-probabilities
FAIL: gcc.misc-tests/bprob-1.c compilation,  -O0  -fbranch-probabilities
UNRESOLVED: gcc.misc-tests/bprob-1.c execution,    -O0  -fbranch-probabilities
FAIL: gcc.misc-tests/bprob-1.c compilation,  -O1  -fbranch-probabilities
UNRESOLVED: gcc.misc-tests/bprob-1.c execution,    -O1  -fbranch-probabilities
FAIL: gcc.misc-tests/bprob-1.c compilation,  -O2 -DPERFTIME  -fbranch-probabilities
UNRESOLVED: gcc.misc-tests/bprob-1.c execution,    -O2 -DPERFTIME  -fbranch-probabilities
FAIL: gcc.misc-tests/bprob-1.c compilation,  -O3 -DPERFTIME  -fbranch-probabilities
UNRESOLVED: gcc.misc-tests/bprob-1.c execution,    -O3 -DPERFTIME  -fbranch-probabilities
FAIL: gcc.misc-tests/bprob-1.c compilation,  -O3 -g -DPERFTIME  -fbranch-probabilities
UNRESOLVED: gcc.misc-tests/bprob-1.c execution,    -O3 -g -DPERFTIME  -fbranch-probabilities
FAIL: gcc.misc-tests/bprob-1.c compilation,  -Os  -fbranch-probabilities
UNRESOLVED: gcc.misc-tests/bprob-1.c execution,    -Os  -fbranch-probabilities
FAIL: gcc.misc-tests/bprob-2.c compilation,  -g  -fbranch-probabilities
UNRESOLVED: gcc.misc-tests/bprob-2.c execution,    -g  -fbranch-probabilities
FAIL: gcc.misc-tests/bprob-2.c compilation,  -O0  -fbranch-probabilities
UNRESOLVED: gcc.misc-tests/bprob-2.c execution,    -O0  -fbranch-probabilities
FAIL: gcc.misc-tests/bprob-2.c compilation,  -O1  -fbranch-probabilities
UNRESOLVED: gcc.misc-tests/bprob-2.c execution,    -O1  -fbranch-probabilities
FAIL: gcc.misc-tests/bprob-2.c compilation,  -O2 -DPERFTIME  -fbranch-probabilities
UNRESOLVED: gcc.misc-tests/bprob-2.c execution,    -O2 -DPERFTIME  -fbranch-probabilities
FAIL: gcc.misc-tests/bprob-2.c compilation,  -O3 -DPERFTIME  -fbranch-probabilities
UNRESOLVED: gcc.misc-tests/bprob-2.c execution,    -O3 -DPERFTIME  -fbranch-probabilities
FAIL: gcc.misc-tests/bprob-2.c compilation,  -O3 -g -DPERFTIME  -fbranch-probabilities
UNRESOLVED: gcc.misc-tests/bprob-2.c execution,    -O3 -g -DPERFTIME  -fbranch-probabilities
FAIL: gcc.misc-tests/bprob-2.c compilation,  -Os  -fbranch-probabilities
UNRESOLVED: gcc.misc-tests/bprob-2.c execution,    -Os  -fbranch-probabilities
FAIL: gcc.misc-tests/bprob-1.c compilation,  -g  -ftree-based-profiling -fbranch-probabilities
UNRESOLVED: gcc.misc-tests/bprob-1.c execution,    -g  -ftree-based-profiling -fbranch-probabilities
FAIL: gcc.misc-tests/bprob-1.c compilation,  -O0  -ftree-based-profiling -fbranch-probabilities
UNRESOLVED: gcc.misc-tests/bprob-1.c execution,    -O0  -ftree-based-profiling -fbranch-probabilities
FAIL: gcc.misc-tests/bprob-1.c compilation,  -O1  -ftree-based-profiling -fbranch-probabilities
UNRESOLVED: gcc.misc-tests/bprob-1.c execution,    -O1  -ftree-based-profiling -fbranch-probabilities
FAIL: gcc.misc-tests/bprob-1.c compilation,  -O2 -DPERFTIME  -ftree-based-profiling -fbranch-probabilities
UNRESOLVED: gcc.misc-tests/bprob-1.c execution,    -O2 -DPERFTIME  -ftree-based-profiling -fbranch-probabilities
FAIL: gcc.misc-tests/bprob-1.c compilation,  -O3 -DPERFTIME  -ftree-based-profiling -fbranch-probabilities
UNRESOLVED: gcc.misc-tests/bprob-1.c execution,    -O3 -DPERFTIME  -ftree-based-profiling -fbranch-probabilities
FAIL: gcc.misc-tests/bprob-1.c compilation,  -O3 -g -DPERFTIME  -ftree-based-profiling -fbranch-probabilities
UNRESOLVED: gcc.misc-tests/bprob-1.c execution,    -O3 -g -DPERFTIME  -ftree-based-profiling -fbranch-probabilities
FAIL: gcc.misc-tests/bprob-1.c compilation,  -Os  -ftree-based-profiling -fbranch-probabilities
UNRESOLVED: gcc.misc-tests/bprob-1.c execution,    -Os  -ftree-based-profiling -fbranch-probabilities
FAIL: gcc.misc-tests/bprob-2.c compilation,  -g  -ftree-based-profiling -fbranch-probabilities
UNRESOLVED: gcc.misc-tests/bprob-2.c execution,    -g  -ftree-based-profiling -fbranch-probabilities
FAIL: gcc.misc-tests/bprob-2.c compilation,  -O0  -ftree-based-profiling -fbranch-probabilities
UNRESOLVED: gcc.misc-tests/bprob-2.c execution,    -O0  -ftree-based-profiling -fbranch-probabilities
FAIL: gcc.misc-tests/bprob-2.c compilation,  -O1  -ftree-based-profiling -fbranch-probabilities
UNRESOLVED: gcc.misc-tests/bprob-2.c execution,    -O1  -ftree-based-profiling -fbranch-probabilities
FAIL: gcc.misc-tests/bprob-2.c compilation,  -O2 -DPERFTIME  -ftree-based-profiling -fbranch-probabilities
UNRESOLVED: gcc.misc-tests/bprob-2.c execution,    -O2 -DPERFTIME  -ftree-based-profiling -fbranch-probabilities
FAIL: gcc.misc-tests/bprob-2.c compilation,  -O3 -DPERFTIME  -ftree-based-profiling -fbranch-probabilities
UNRESOLVED: gcc.misc-tests/bprob-2.c execution,    -O3 -DPERFTIME  -ftree-based-profiling -fbranch-probabilities
FAIL: gcc.misc-tests/bprob-2.c compilation,  -O3 -g -DPERFTIME  -ftree-based-profiling -fbranch-probabilities
UNRESOLVED: gcc.misc-tests/bprob-2.c execution,    -O3 -g -DPERFTIME  -ftree-based-profiling -fbranch-probabilities
FAIL: gcc.misc-tests/bprob-2.c compilation,  -Os  -ftree-based-profiling -fbranch-probabilities
UNRESOLVED: gcc.misc-tests/bprob-2.c execution,    -Os  -ftree-based-profiling -fbranch-probabilities
FAIL: 14:is #####:should be 11
FAIL: 15:is #####:should be 10
FAIL: 17:is #####:should be 1
FAIL: gcc.misc-tests/gcov-1.c gcov: 3 failures in line counts, 0 in branch percentages, 0 in return percentages
FAIL: 10:is #####:should be 11
FAIL: gcc.misc-tests/gcov-10.c gcov: 1 failures in line counts, 0 in branch percentages, 0 in return percentages
FAIL: 10:is #####:should be 11
FAIL: gcc.misc-tests/gcov-10b.c gcov: 1 failures in line counts, 0 in branch percentages, 0 in return percentages
FAIL: 11:is #####:should be 10
FAIL: 18:is #####:should be 11
FAIL: gcc.misc-tests/gcov-11.c gcov: 2 failures in line counts, 0 in branch percentages, 0 in return percentages
FAIL: 14:is #####:should be 11
FAIL: 15:is #####:should be 10
FAIL: 17:is #####:should be 1
FAIL: gcc.misc-tests/gcov-2.c gcov: 3 failures in line counts, 0 in branch percentages, 0 in return percentages
FAIL: 40:is #####:should be 1
FAIL: 45:is #####:should be 1
FAIL: gcc.misc-tests/gcov-3.c gcov: 2 failures in line counts, 0 in branch percentages, 0 in return percentages
FAIL: 33:is #####:should be 1
FAIL: 39:is #####:should be 1
FAIL: 41:is #####:should be 1
FAIL: 55:is #####:should be 3
FAIL: 57:is #####:should be 9
FAIL: 58:is #####:should be 3
FAIL: 65:is #####:should be 6
FAIL: 69:is #####:should be 81
FAIL: 70:is #####:should be 6
FAIL: 95:is #####:should be 2
FAIL: 96:is #####:should be 1
FAIL: 97:is #####:should be 1
FAIL: 99:is #####:should be 1
FAIL: 106:is #####:should be 15
FAIL: 107:is #####:should be 14
FAIL: 108:is #####:should be 1
FAIL: 110:is #####:should be 1
FAIL: 132:is #####:should be 5
FAIL: 133:is #####:should be 3
FAIL: 134:is #####:should be 3
FAIL: 138:is #####:should be 2
FAIL: 139:is #####:should be 1
FAIL: 141:is #####:should be 1
FAIL: 142:is #####:should be 5
FAIL: 143:is #####:should be 1
FAIL: 144:is #####:should be 5
FAIL: 145:is #####:should be 1
FAIL: 146:is #####:should be 1
FAIL: 147:is #####:should be 5
FAIL: 154:is #####:should be 6
FAIL: 155:is #####:should be 1
FAIL: 156:is #####:should be 6
FAIL: 158:is #####:should be 6
FAIL: 159:is #####:should be 3
FAIL: 160:is #####:should be 6
FAIL: 161:is #####:should be 2
FAIL: 162:is #####:should be 4
FAIL: 164:is #####:should be 4
FAIL: 171:is #####:should be 11
FAIL: 172:is #####:should be 1
FAIL: 173:is #####:should be 11
FAIL: 174:is #####:should be 5
FAIL: 175:is #####:should be 2
FAIL: 176:is #####:should be 1
FAIL: 177:is #####:should be 11
FAIL: 178:is #####:should be 3
FAIL: 179:is #####:should be 11
FAIL: 218:is #####:should be 5
FAIL: 220:is #####:should be 5
FAIL: 223:is #####:should be 1
FAIL: 230:is #####:should be 3
FAIL: 231:is #####:should be 1
FAIL: 232:is #####:should be 2
FAIL: 235:is #####:should be 1
FAIL: 236:is #####:should be 1
FAIL: 239:is #####:should be 4
FAIL: gcc.misc-tests/gcov-4.c gcov: 56 failures in line counts, 0 in branch percentages, 0 in return percentages
FAIL: 26: expected branch percentages not found: 25
FAIL: 37: expected branch percentages not found: 30
FAIL: 39: expected branch percentages not found: 32
FAIL: 41: expected branch percentages not found: 27
FAIL: 69: expected branch percentages not found: 50
FAIL: 81: expected branch percentages not found: 7
FAIL: 108: expected branch percentages not found: 40
FAIL: 110: expected branch percentages not found: 0
FAIL: 116: expected branch percentages not found: 50
FAIL: 121: expected branch percentages not found: 20
FAIL: 124: expected branch percentages not found: 20
FAIL: 134: expected branch percentages not found: 0
FAIL: 135: expected branch percentages not found: 17
FAIL: 138: expected branch percentages not found: 0
FAIL: 141: expected branch percentages not found: 50
FAIL: 144: expected branch percentages not found: 33
FAIL: 147: expected branch percentages not found: 0
FAIL: 157: expected branch percentages not found: 27 50 25
FAIL: 160: expected branch percentages not found: 45
FAIL: 162: expected branch percentages not found: 40
FAIL: 164: expected branch percentages not found: 50
FAIL: 167: expected branch percentages not found: 9 10 11
FAIL: 211: expected branch percentages not found: 20 0 40 20
FAIL: 222: expected branch percentages not found: 33
FAIL: gcc.misc-tests/gcov-4b.c gcov: 0 failures in line counts, 24 in branch percentages, 0 in return percentages
FAIL: 17:is #####:should be 5
FAIL: 20:is #####:should be 1
FAIL: 22:is #####:should be 4
FAIL: 31:is #####:should be 1
FAIL: 35:is #####:should be 4
FAIL: 18: expected branch percentages not found: 20
FAIL: 21: expected return percentages not found: 0
FAIL: 32: expected return percentages not found: 100
FAIL: 36: expected return percentages not found: 75
FAIL: gcc.misc-tests/gcov-6.c gcov: 5 failures in line counts, 1 in branch percentages, 3 in return percentages
FAIL: 20:is #####:should be 3
FAIL: 24:is #####:should be 1
FAIL: 28:is #####:should be 2
FAIL: 33:is #####:should be 3
FAIL: 37:is #####:should be 1
FAIL: 41:is #####:should be 2
FAIL: 43:is #####:should be 1
FAIL: 46:is #####:should be 1
FAIL: 78:is #####:should be 2
FAIL: 81:is #####:should be 3
FAIL: 83:is #####:should be 1
FAIL: 23: expected branch percentages not found: 33
FAIL: 36: expected branch percentages not found: 33
FAIL: 77: expected branch percentages not found: 33
FAIL: 42: expected return percentages not found: 50
FAIL: 44: expected return percentages not found: 100
FAIL: 82: expected return percentages not found: 33
FAIL: 84: expected return percentages not found: 0
FAIL: gcc.misc-tests/gcov-7.c gcov: 11 failures in line counts, 3 in branch percentages, 4 in return percentages
FAIL: 20: expected branch percentages not found: 1
FAIL: 28: expected branch percentages not found: 0
FAIL: 30: expected branch percentages not found: 1
FAIL: 47: expected branch percentages not found: 0
FAIL: gcc.misc-tests/gcov-8.c gcov: 0 failures in line counts, 4 in branch percentages, 0 in return percentages
FAIL: 10:is #####:should be 11
FAIL: gcc.misc-tests/gcov-9.c gcov: 1 failures in line counts, 0 in branch percentages, 0 in return percentages

		=== gcc Summary for unix/-m64 ===

# of expected passes		33162
# of unexpected failures	200
# of unexpected successes	1
# of expected failures		100
# of unresolved testcases	28
# of untested testcases		28
# of unsupported tests		421

		=== gcc Summary ===

# of expected passes		66332
# of unexpected failures	390
# of unexpected successes	2
# of expected failures		198
# of unresolved testcases	56
# of untested testcases		56
# of unsupported tests		843
/home/gccbuild/build/nightly/build-gcc-structreorg/gcc/xgcc  version 4.0.0-tree-profiling 20050107 (experimental)

		=== objc tests ===


Running target unix/-m32

		=== objc Summary for unix/-m32 ===

# of expected passes		1432
# of unsupported tests		8

Running target unix/-m64

		=== objc Summary for unix/-m64 ===

# of expected passes		1432
# of unsupported tests		8

		=== objc Summary ===

# of expected passes		2864
# of unsupported tests		16
/home/gccbuild/build/nightly/build-gcc-structreorg/gcc/xgcc  version 4.0.0-tree-profiling 20050107 (experimental)

		=== libmudflap tests ===


Running target unix/-m32

		=== libmudflap Summary for unix/-m32 ===

# of expected passes		1252

Running target unix/-m64
FAIL: libmudflap.c/fail1-frag.c crash test
FAIL: libmudflap.c/fail1-frag.c output pattern test
FAIL: libmudflap.c/fail2-frag.c crash test
FAIL: libmudflap.c/fail2-frag.c output pattern test
FAIL: libmudflap.c/fail27-frag.c output pattern test
FAIL: libmudflap.c/fail3-frag.c crash test
FAIL: libmudflap.c/fail3-frag.c output pattern test
FAIL: libmudflap.c/fail1-frag.c (-static) crash test
FAIL: libmudflap.c/fail1-frag.c (-static) output pattern test
FAIL: libmudflap.c/fail2-frag.c (-static) crash test
FAIL: libmudflap.c/fail2-frag.c (-static) output pattern test
FAIL: libmudflap.c/fail3-frag.c (-static) crash test
FAIL: libmudflap.c/fail3-frag.c (-static) output pattern test
FAIL: libmudflap.c/fail1-frag.c (-O2) crash test
FAIL: libmudflap.c/fail1-frag.c (-O2) output pattern test
FAIL: libmudflap.c/fail2-frag.c (-O2) crash test
FAIL: libmudflap.c/fail2-frag.c (-O2) output pattern test
FAIL: libmudflap.c/fail27-frag.c (-O2) output pattern test
FAIL: libmudflap.c/fail3-frag.c (-O2) crash test
FAIL: libmudflap.c/fail3-frag.c (-O2) output pattern test
FAIL: libmudflap.c/fail1-frag.c (-O3) crash test
FAIL: libmudflap.c/fail1-frag.c (-O3) output pattern test
FAIL: libmudflap.c/fail2-frag.c (-O3) crash test
FAIL: libmudflap.c/fail2-frag.c (-O3) output pattern test
FAIL: libmudflap.c/fail27-frag.c (-O3) output pattern test
FAIL: libmudflap.c/fail3-frag.c (-O3) crash test
FAIL: libmudflap.c/fail3-frag.c (-O3) output pattern test

		=== libmudflap Summary for unix/-m64 ===

# of expected passes		1225
# of unexpected failures	27

		=== libmudflap Summary ===

# of expected passes		2477
# of unexpected failures	27

		=== libstdc++-v3 check-abi Summary ===

# of added symbols:		 63
# of missing symbols:		 0
# of incompatible symbols:	 0

using: /home/gccbuild/gcc_structreorg_anoncvs/gcc/libstdc++-v3/config/abi/powerpc-linux-gnu/baseline_symbols.txt

		=== libstdc++ tests ===


Running target unix/-m32
XPASS: 22_locale/locale/cons/12658_thread-1.cc execution test
XPASS: 26_numerics/cmath/c99_classification_macros_c.cc (test for excess errors)
FAIL: ext/array_allocator/2.cc execution test

		=== libstdc++ Summary for unix/-m32 ===

# of expected passes		3105
# of unexpected failures	1
# of unexpected successes	2
# of expected failures		5

Running target unix/-m64
XPASS: 22_locale/locale/cons/12658_thread-1.cc execution test
FAIL: 22_locale/messages/members/char/1.cc execution test
FAIL: 22_locale/messages/members/char/2.cc execution test
FAIL: 22_locale/messages/members/char/wrapped_env.cc execution test
FAIL: 22_locale/messages/members/char/wrapped_locale.cc execution test
FAIL: 22_locale/messages_byname/named_equivalence.cc execution test
XPASS: 26_numerics/cmath/c99_classification_macros_c.cc (test for excess errors)
FAIL: 26_numerics/complex/13450.cc execution test
FAIL: 26_numerics/complex/complex_value.cc execution test
FAIL: 26_numerics/complex/pow.cc execution test
XPASS: 27_io/fpos/14320-1.cc execution test
FAIL: ext/array_allocator/2.cc execution test

		=== libstdc++ Summary for unix/-m64 ===

# of expected passes		3097
# of unexpected failures	9
# of unexpected successes	3
# of expected failures		4

		=== libstdc++ Summary ===

# of expected passes		6202
# of unexpected failures	10
# of unexpected successes	5
# of expected failures		9

Compiler version: 4.0.0-tree-profiling 20050107 (experimental) 
Platform: powerpc64-unknown-linux-gnu
configure flags: --prefix=/opt/gcc-nightly/structreorg-20050215 --build=powerpc64-linux --host=powerpc64-linux --target=powerpc64-linux --with-cpu=default32 --with-as=/opt/gcc-nightly/binutils/bin/as --with-ld=/opt/gcc-nightly/binutils/bin/ld --enable-threads=posix --enable-shared --enable-__cxa_atexit --with-mpfr=/opt/gcc-nightly/gmp --enable-languages=c,c++,objc



More information about the Gcc-testresults mailing list