Results for 4.0.0 20050213 (experimental) testsuite on hppa2.0w-hp-hpux11.00

John David Anglin dave@hiauly2.hia.nrc.ca
Tue Feb 15 04:52:00 GMT 2005


LAST_UPDATED: Sun Feb 13 03:18:09 UTC 2005

Native configuration is hppa2.0w-hp-hpux11.00

		=== g++ tests ===


Running target unix
FAIL: g++.dg/abi/inline1.C scan-assembler-not _ZTV1S
WARNING: program timed out.
FAIL: g++.dg/eh/cleanup1.C (test for excess errors)
UNRESOLVED: g++.dg/ext/weak1.C
UNRESOLVED: g++.dg/init/init-ref4.C
UNRESOLVED: g++.dg/warn/weak1.C
UNRESOLVED: g++.old-deja/g++.ext/attrib5.C
UNRESOLVED: g++.old-deja/g++.pt/static3.C

		=== g++ Summary ===

# of expected passes		10347
# of unexpected failures	2
# of expected failures		71
# of unresolved testcases	5
# of unsupported tests		130
/xxx/gnu/gcc-3.4/objdir/gcc/testsuite/../g++  version 4.0.0 20050213 (experimental)

		=== gcc tests ===


Running target unix
XPASS: gcc.dg/const-elim-1.c scan-assembler-not L\\\\\$?C[^A-Z]
UNRESOLVED: gcc.dg/darwin-weakimport-1.c
UNRESOLVED: gcc.dg/darwin-weakimport-2.c
UNRESOLVED: gcc.dg/special/weak-1.c
UNRESOLVED: gcc.dg/special/weak-2.c
UNRESOLVED: gcc.dg/special/wkali-1.c
UNRESOLVED: gcc.dg/special/wkali-2.c
UNRESOLVED: gcc.dg/weak/typeof-2.c
UNRESOLVED: gcc.dg/weak/weak-1.c
UNRESOLVED: gcc.dg/weak/weak-10.c
UNRESOLVED: gcc.dg/weak/weak-11.c
UNRESOLVED: gcc.dg/weak/weak-2.c
UNRESOLVED: gcc.dg/weak/weak-3.c
UNRESOLVED: gcc.dg/weak/weak-4.c
UNRESOLVED: gcc.dg/weak/weak-5.c
UNRESOLVED: gcc.dg/weak/weak-6.c
UNRESOLVED: gcc.dg/weak/weak-7.c
UNRESOLVED: gcc.dg/weak/weak-8.c
UNRESOLVED: gcc.dg/weak/weak-9.c

		=== gcc Summary ===

# of expected passes		31695
# of unexpected successes	1
# of expected failures		65
# of unresolved testcases	18
# of untested testcases		28
# of unsupported tests		519
/xxx/gnu/gcc-3.4/objdir/gcc/xgcc  version 4.0.0 20050213 (experimental)

		=== objc tests ===


Running target unix
FAIL: objc.dg/stabs-1.m scan-assembler .text"?\\n\\t.stabs.*100,0,0,(\\\\.)?L?Letext[0-9]*\\n(\\\\.)?L?Letext
UNRESOLVED: objc.dg/weak-1.m

		=== objc Summary ===

# of expected passes		1531
# of unexpected failures	1
# of unresolved testcases	1
# of unsupported tests		11
/xxx/gnu/gcc-3.4/objdir/gcc/xgcc  version 4.0.0 20050213 (experimental)

		=== libstdc++ tests ===


Running target unix

		=== libstdc++ Summary ===

# of expected passes		2381
# of expected failures		4

Compiler version: 4.0.0 20050213 (experimental) 
Platform: hppa2.0w-hp-hpux11.00
configure flags: --with-gnu-as --with-as=/opt/gnu/bin/as --enable-shared --with-local-prefix=/opt/gnu --prefix=/opt/gnu/gcc/gcc-4.0.0 --enable-debug=no --disable-nls --enable-languages=c,c++,java,objc



More information about the Gcc-testresults mailing list