Results for 4.0.0 20050214 (experimental) testsuite on i686-pc-linux-gnu

Andris Pavenis pavenis@latnet.lv
Tue Feb 15 01:58:00 GMT 2005


Last updated from CVS:  2005 Feb 14  14:52  +0200 

System:   Linux kernel 2.6.10-adeos
          glibc-2.3.3
          binutils-2.15.92.0.2 20040927

LAST_UPDATED: Mon Feb 14 12:52:04 UTC 2005

Native configuration is i686-pc-linux-gnu

		=== g++ tests ===


Running target unix

		=== g++ Summary ===

# of expected passes		10704
# of expected failures		70
# of unsupported tests		56
/mnt/hd/hda8/cvs/gcc/4.0/build/build.lnx/gcc/testsuite/../g++  version 4.0.0 20050214 (experimental)

		=== gcc tests ===


Running target unix
WARNING: program timed out.
FAIL: gcc.c-torture/compile/20001226-1.c  -O0  (test for excess errors)
FAIL: gcc.dg/cleanup-10.c execution test
FAIL: gcc.dg/cleanup-11.c execution test
FAIL: gcc.dg/cleanup-8.c execution test
FAIL: gcc.dg/cleanup-9.c execution test
XPASS: gcc.dg/vect/vect-22.c scan-tree-dump-times vectorized 3 loops 1

		=== gcc Summary ===

# of expected passes		33022
# of unexpected failures	5
# of unexpected successes	1
# of expected failures		89
# of untested testcases		28
# of unsupported tests		307
/mnt/hd/hda8/cvs/gcc/4.0/build/build.lnx/gcc/xgcc  version 4.0.0 20050214 (experimental)

		=== objc tests ===


Running target unix

		=== objc Summary ===

# of expected passes		1534
# of unsupported tests		10
/mnt/hd/hda8/cvs/gcc/4.0/build/build.lnx/gcc/xgcc  version 4.0.0 20050214 (experimental)

		=== libffi tests ===


Running target unix

		=== libffi Summary ===

# of expected passes		216
# of unsupported tests		2
		=== libjava tests ===


Running target unix

		=== libjava Summary ===

# of expected passes		3726
# of expected failures		14
# of untested testcases		16
		=== libmudflap tests ===


Running target unix
WARNING: program timed out.
FAIL: libmudflap.cth/pass40-frag.c execution test
FAIL: libmudflap.cth/pass40-frag.c output pattern test
WARNING: program timed out.
FAIL: libmudflap.cth/pass40-frag.c (-static -DSTATIC) execution test
FAIL: libmudflap.cth/pass40-frag.c (-static -DSTATIC) output pattern test
WARNING: program timed out.
FAIL: libmudflap.cth/pass40-frag.c (-O2) execution test
FAIL: libmudflap.cth/pass40-frag.c (-O2) output pattern test
WARNING: program timed out.
FAIL: libmudflap.cth/pass40-frag.c (-O3) execution test
FAIL: libmudflap.cth/pass40-frag.c (-O3) output pattern test

		=== libmudflap Summary ===

# of expected passes		1280
# of unexpected failures	8

		=== libstdc++-v3 check-abi Summary ===

# of added symbols:		 54
# of missing symbols:		 0
# of incompatible symbols:	 0

using: /mnt/hd/hda8/cvs/gcc/4.0/build/gcc/libstdc++-v3/config/abi/i486-linux-gnu/baseline_symbols.txt

		=== libstdc++ tests ===


Running target unix
XPASS: 22_locale/locale/cons/12658_thread-1.cc execution test
XPASS: 26_numerics/cmath/c99_classification_macros_c.cc (test for excess errors)
FAIL: demangle/abi_examples/01.cc execution test
FAIL: demangle/abi_examples/02.cc execution test

		=== libstdc++ Summary ===

# of expected passes		3478
# of unexpected failures	2
# of unexpected successes	2
# of expected failures		5

Compiler version: 4.0.0 20050214 (experimental) 
Platform: i686-pc-linux-gnu
configure flags: --prefix=/disk2/gcc40 --enable-shared --verbose --enable-threads=posix --enable-languages=c,c++,java,objc

Counting all warnings,
there are 20 warnings in stage3 of this bootstrap.

Number of warnings per file:
      7 /usr/share/bison/bison.simple
      3 gengtype-lex.c
      3 gcc/gcc.c
      2 gcc/objc/lang-specs.h
      2 gcc/java/jcf-io.c
      1 insn-conditions.c
      1 gcc/java/jvspec.c
      1 gcc/config/i386/i386.md

Number of warning types:
      8 old-style function definition
      2 label 'yyoverflowlab' defined but not used
      1 string length '844' is greater than the length '509' ISO C89 compilers are required to support
      1 string length '834' is greater than the length '509' ISO C89 compilers are required to support
      1 string length '783' is greater than the length '509' ISO C89 compilers are required to support
      1 string length '695' is greater than the length '509' ISO C89 compilers are required to support
      1 string length '643' is greater than the length '509' ISO C89 compilers are required to support
      1 string length '608' is greater than the length '509' ISO C89 compilers are required to support
      1 string length '597' is greater than the length '509' ISO C89 compilers are required to support
      1 operand 1 missing mode?
      1 ISO C forbids passing argument 3 of 'scandir' between function pointer and 'void *'
      1 ISO C forbids conversion of function pointer to object pointer type



More information about the Gcc-testresults mailing list