Results for 3.4.4 20050214 (prerelease) testsuite on i686-pc-linux-gnu

Al Stone ahs3@fc.hp.com
Tue Feb 15 00:58:00 GMT 2005


LAST_UPDATED: 
Native configuration is i686-pc-linux-gnu

		=== g++ tests ===


Running target unix
WARNING: program timed out.
XPASS: g++.dg/rtti/tinfo1.C scan-assembler _ZTIP9CTemplateIhE:
XPASS: g++.dg/rtti/tinfo1.C scan-assembler-not .globl[ \\t]+_ZTIP9CTemplateIhE
WARNING: program timed out.
FAIL: g++.old-deja/g++.jason/rfg12.C (test for excess errors)
FAIL: g++.old-deja/g++.law/init4.C (test for excess errors)
WARNING: g++.old-deja/g++.mike/p10769a.C compilation failed to produce executable
WARNING: g++.old-deja/g++.other/enum5.C compilation failed to produce executable
WARNING: g++.old-deja/g++.pt/friend44.C compilation failed to produce executable

		=== g++ Summary ===

# of expected passes		9823
# of unexpected failures	2
# of unexpected successes	2
# of expected failures		72
# of unsupported tests		43
/opt/toolchain/i686/obj/upstream/gcc-3.4/gcc/testsuite/../g++  version 3.4.4 20050214 (prerelease)

		=== gcc tests ===


Running target unix
WARNING: program timed out.
FAIL: gcc.c-torture/compile/950816-3.c  -O3 -fomit-frame-pointer  (test for excess errors)
FAIL: gcc.c-torture/execute/va-arg-25.c execution,  -Os 

		=== gcc Summary ===

# of expected passes		25075
# of unexpected failures	2
# of expected failures		70
# of untested testcases		7
# of unsupported tests		202
/opt/toolchain/i686/obj/upstream/gcc-3.4/gcc/xgcc version 3.4.4 20050214 (prerelease)

		=== libstdc++ tests ===


Running target unix
XPASS: 22_locale/locale/cons/12658_thread.cc execution test
XPASS: 26_numerics/c99_classification_macros_c.cc (test for excess errors)
FAIL: demangle/abi_examples/01.cc execution test
FAIL: demangle/abi_examples/02.cc execution test

		=== libstdc++ Summary ===

# of expected passes		2731
# of unexpected failures	2
# of unexpected successes	2
# of expected failures		5

Compiler version: 3.4.4 20050214 (prerelease) 
Platform: i686-pc-linux-gnu
configure flags: --prefix=/opt/toolchain/i686/tot --program-suffix=-3.4 --enable-languages=c,c++ --with-system-zlib --enable-nls --without-included-gettext
Counting all warnings,
there are 0 warnings in stage3 of this bootstrap.

Number of warnings per file:

Number of warning types:



More information about the Gcc-testresults mailing list