Results for 4.0.0 20050213 (experimental) testsuite on i686-pc-linux-gnu

Andrew Pinski pinskia@physics.uc.edu
Sun Feb 13 17:34:00 GMT 2005


LAST_UPDATED: Sun Feb 13 05:02:43 UTC 2005

Native configuration is i686-pc-linux-gnu

		=== g++ tests ===


Running target unix
XPASS: g++.old-deja/g++.other/init5.C execution test

		=== g++ Summary ===

# of expected passes		10741
# of unexpected successes	1
# of expected failures		69
# of unsupported tests		60
/home/gates/pinskia/src/gnu/gcc/src/objdir.linux/gcc/testsuite/../g++  version 4.0.0 20050213 (experimental)

		=== gcc tests ===


Running target unix
WARNING: program timed out.
FAIL: gcc.c-torture/compile/20001226-1.c (test for excess errors)
XPASS: gcc.dg/vect/vect-22.c scan-tree-dump-times vectorized 3 loops 1

		=== gcc Summary ===

# of expected passes		34253
# of unexpected failures	1
# of unexpected successes	1
# of expected failures		89
# of untested testcases		28
# of unsupported tests		307
/home/gates/pinskia/src/gnu/gcc/src/objdir.linux/gcc/xgcc  version 4.0.0 20050213 (experimental)

		=== objc tests ===


Running target unix

		=== objc Summary ===

# of expected passes		1534
# of unsupported tests		10
/home/gates/pinskia/src/gnu/gcc/src/objdir.linux/gcc/xgcc  version 4.0.0 20050213 (experimental)

		=== libffi tests ===


Running target unix

		=== libffi Summary ===

# of expected passes		216
# of unsupported tests		2
		=== libjava tests ===


Running target unix

		=== libjava Summary ===

# of expected passes		3726
# of expected failures		14
# of untested testcases		16
		=== libmudflap tests ===


Running target unix
FAIL: libmudflap.cth/pass40-frag.c execution test
FAIL: libmudflap.cth/pass40-frag.c output pattern test
FAIL: libmudflap.cth/pass40-frag.c (-O2) execution test
FAIL: libmudflap.cth/pass40-frag.c (-O2) output pattern test
FAIL: libmudflap.cth/pass40-frag.c (-O3) execution test
FAIL: libmudflap.cth/pass40-frag.c (-O3) output pattern test

		=== libmudflap Summary ===

# of expected passes		1274
# of unexpected failures	6

		=== libstdc++-v3 check-abi Summary ===

# of added symbols:		 54
# of missing symbols:		 0
# of incompatible symbols:	 0

using: /home/peshtigo/pinskia/src/gnu/gcc/src/libstdc++-v3/config/abi/i486-linux-gnu/baseline_symbols.txt

		=== libstdc++ tests ===


Running target unix
XPASS: 22_locale/locale/cons/12658_thread-1.cc execution test
XPASS: 26_numerics/cmath/c99_classification_macros_c.cc (test for excess errors)

		=== libstdc++ Summary ===

# of expected passes		3478
# of unexpected successes	2
# of expected failures		5

Compiler version: 4.0.0 20050213 (experimental) 
Platform: i686-pc-linux-gnu
configure flags: --target=i686-pc-linux-gnu --host=i686-pc-linux-gnu --enable-__cxa_atexit --prefix=/home/gates/pinskia/linux --enable-threads=posix --enable-shared --enable-languages=c,c++,java,objc



More information about the Gcc-testresults mailing list