Results for 3.4.4 20050203 (prerelease) (Debian 3.4.3-9) testsuite on sparc-linux

Matthias Klose doko@debian.org
Thu Feb 10 02:39:00 GMT 2005


LAST_UPDATED: Mon Feb  7 22:07:14 UTC 2005

Native configuration is sparc-linux (auric)

		=== gpc tests ===


Running target any

		=== gpc Summary ===

# of tests                3953
# of expected passes      3948
# of unsupported tests    5
/build/buildd/gcc-3.4-3.4.3/build/gcc/xgpc version 20040516, based on gcc-3.4.4 20050203 (prerelease) (Debian 3.4.3-9)

		=== acats tests ===

		=== acats Summary ===
# of expected passes		1965
# of unexpected failures	0
# of unsupported tests		357

		=== g++ tests ===


Running target unix
WARNING: g++.dg/eh/simd-1.C compilation failed to produce executable
WARNING: g++.dg/eh/simd-2.C compilation failed to produce executable
XPASS: g++.dg/rtti/tinfo1.C scan-assembler _ZTIP9CTemplateIhE:
XPASS: g++.dg/rtti/tinfo1.C scan-assembler-not .globl[ \\t]+_ZTIP9CTemplateIhE
WARNING: g++.old-deja/g++.mike/p10769a.C compilation failed to produce executable
WARNING: g++.old-deja/g++.other/enum5.C compilation failed to produce executable
XPASS: g++.old-deja/g++.other/init5.C execution test
WARNING: g++.old-deja/g++.pt/friend44.C compilation failed to produce executable

		=== g++ Summary for unix ===

# of expected passes		9736
# of unexpected successes	3
# of expected failures		72
# of unsupported tests		80

Running target unix/-m64
WARNING: g++.dg/eh/simd-1.C compilation failed to produce executable
WARNING: g++.dg/eh/simd-2.C compilation failed to produce executable
XPASS: g++.dg/rtti/tinfo1.C scan-assembler _ZTIP9CTemplateIhE:
XPASS: g++.dg/rtti/tinfo1.C scan-assembler-not .globl[ \\t]+_ZTIP9CTemplateIhE
FAIL: g++.dg/pch/system-1.C -g assembly comparison
FAIL: g++.dg/pch/system-2.C -g assembly comparison
WARNING: g++.old-deja/g++.mike/p10769a.C compilation failed to produce executable
WARNING: g++.old-deja/g++.other/enum5.C compilation failed to produce executable
XPASS: g++.old-deja/g++.other/init5.C execution test
WARNING: g++.old-deja/g++.pt/friend44.C compilation failed to produce executable

		=== g++ Summary for unix/-m64 ===

# of expected passes		9734
# of unexpected failures	2
# of unexpected successes	3
# of expected failures		72
# of unsupported tests		80

		=== g++ Summary ===

# of expected passes		19470
# of unexpected failures	2
# of unexpected successes	6
# of expected failures		144
# of unsupported tests		160
/build/buildd/gcc-3.4-3.4.3/build/gcc/testsuite/../g++  version 3.4.4 20050203 (prerelease) (Debian 3.4.3-9)

		=== g77 tests ===


Running target unix

		=== g77 Summary for unix ===

# of expected passes		1812
# of unsupported tests		6

Running target unix/-m64

		=== g77 Summary for unix/-m64 ===

# of expected passes		1812
# of unsupported tests		6

		=== g77 Summary ===

# of expected passes		3624
# of unsupported tests		12
/build/buildd/gcc-3.4-3.4.3/build/gcc/testsuite/../g77  version 3.4.4 20050203 (prerelease) (Debian 3.4.3-9)

		=== gcc tests ===


Running target unix
UNRESOLVED: gcc.c-torture/execute/simd-4.c execution,  -O0 
UNRESOLVED: gcc.dg/compat/vector-1 c_compat_x_tst.o-c_compat_y_tst.o link 
UNRESOLVED: gcc.dg/compat/vector-1 c_compat_x_tst.o-c_compat_y_tst.o execute 
UNRESOLVED: gcc.dg/compat/vector-2 c_compat_x_tst.o-c_compat_y_tst.o link 
UNRESOLVED: gcc.dg/compat/vector-2 c_compat_x_tst.o-c_compat_y_tst.o execute 
XPASS: gcc.dg/uninit-4.c uninitialized variable warning (test for bogus messages, line 26)

		=== gcc Summary for unix ===

# of expected passes		24668
# of unexpected successes	1
# of expected failures		79
# of unresolved testcases	5
# of untested testcases		7
# of unsupported tests		332

Running target unix/-m64
FAIL: gcc.c-torture/execute/conversion.c execution,  -O3 -fomit-frame-pointer 
FAIL: gcc.c-torture/execute/conversion.c execution,  -O3 -g 
UNRESOLVED: gcc.c-torture/execute/simd-4.c execution,  -O0 
UNRESOLVED: gcc.c-torture/execute/va-arg-25.c execution,  -O0 
UNRESOLVED: gcc.c-torture/execute/va-arg-25.c execution,  -O1 
UNRESOLVED: gcc.c-torture/execute/va-arg-25.c execution,  -O2 
UNRESOLVED: gcc.c-torture/execute/va-arg-25.c execution,  -O3 -fomit-frame-pointer 
UNRESOLVED: gcc.c-torture/execute/va-arg-25.c execution,  -O3 -g 
UNRESOLVED: gcc.c-torture/execute/va-arg-25.c execution,  -Os 
WARNING: program timed out.
FAIL: gcc.c-torture/unsorted/neg.c,  -O1  
UNRESOLVED: gcc.dg/compat/vector-1 c_compat_x_tst.o-c_compat_y_tst.o link 
UNRESOLVED: gcc.dg/compat/vector-1 c_compat_x_tst.o-c_compat_y_tst.o execute 
UNRESOLVED: gcc.dg/compat/vector-2 c_compat_x_tst.o-c_compat_y_tst.o link 
UNRESOLVED: gcc.dg/compat/vector-2 c_compat_x_tst.o-c_compat_y_tst.o execute 
FAIL: gcc.dg/builtins-18.c (test for excess errors)
XPASS: gcc.dg/uninit-4.c uninitialized variable warning (test for bogus messages, line 26)
FAIL: gcc.dg/pch/static-1.c -O0 -g assembly comparison
FAIL: gcc.dg/pch/static-1.c  -O0  assembly comparison
FAIL: gcc.dg/pch/static-1.c  -O1  assembly comparison
FAIL: gcc.dg/pch/static-2.c -O0 -g assembly comparison
FAIL: gcc.dg/pch/static-2.c  -O0  assembly comparison
FAIL: gcc.dg/pch/static-2.c  -O1  assembly comparison
FAIL: gcc.dg/pch/static-3.c -O0 -g assembly comparison
FAIL: gcc.dg/pch/static-3.c  -O0  assembly comparison
FAIL: gcc.dg/pch/static-3.c  -O1  assembly comparison
FAIL: gcc.dg/special/gcsec-1.c (test for excess errors)
FAIL: gcc.dg/tls/alias-1.c (test for excess errors)
FAIL: gcc.dg/tls/opt-2.c (test for excess errors)
FAIL: linkage.c

		=== gcc Summary for unix/-m64 ===

# of expected passes		24631
# of unexpected failures	17
# of unexpected successes	1
# of expected failures		91
# of unresolved testcases	11
# of untested testcases		7
# of unsupported tests		332

		=== gcc Summary ===

# of expected passes		49299
# of unexpected failures	17
# of unexpected successes	2
# of expected failures		170
# of unresolved testcases	16
# of untested testcases		14
# of unsupported tests		664
/build/buildd/gcc-3.4-3.4.3/build/gcc/xgcc version 3.4.4 20050203 (prerelease) (Debian 3.4.3-9)

		=== objc tests ===


Running target unix

		=== objc Summary for unix ===

# of expected passes		1352
# of unsupported tests		8

Running target unix/-m64

		=== objc Summary for unix/-m64 ===

# of expected passes		1352
# of unsupported tests		8

		=== objc Summary ===

# of expected passes		2704
# of unsupported tests		16
/build/buildd/gcc-3.4-3.4.3/build/gcc/xgcc  version 3.4.4 20050203 (prerelease) (Debian 3.4.3-9)

		=== libffi tests ===


Running target unix

		=== libffi Summary for unix ===

# of expected passes		212
# of unsupported tests		2

Running target unix/-m64
FAIL: libffi.call/closure_fn0.c (test for excess errors)
WARNING: libffi.call/closure_fn0.c compilation failed to produce executable
FAIL: libffi.call/closure_fn1.c (test for excess errors)
WARNING: libffi.call/closure_fn1.c compilation failed to produce executable
FAIL: libffi.call/closure_fn2.c (test for excess errors)
WARNING: libffi.call/closure_fn2.c compilation failed to produce executable
FAIL: libffi.call/closure_fn3.c (test for excess errors)
WARNING: libffi.call/closure_fn3.c compilation failed to produce executable
FAIL: libffi.call/closure_fn4.c (test for excess errors)
WARNING: libffi.call/closure_fn4.c compilation failed to produce executable
FAIL: libffi.call/closure_fn5.c (test for excess errors)
WARNING: libffi.call/closure_fn5.c compilation failed to produce executable
FAIL: libffi.call/cls_12byte.c (test for excess errors)
WARNING: libffi.call/cls_12byte.c compilation failed to produce executable
FAIL: libffi.call/cls_16byte.c (test for excess errors)
WARNING: libffi.call/cls_16byte.c compilation failed to produce executable
FAIL: libffi.call/cls_18byte.c (test for excess errors)
WARNING: libffi.call/cls_18byte.c compilation failed to produce executable
FAIL: libffi.call/cls_19byte.c (test for excess errors)
WARNING: libffi.call/cls_19byte.c compilation failed to produce executable
FAIL: libffi.call/cls_1_1byte.c (test for excess errors)
WARNING: libffi.call/cls_1_1byte.c compilation failed to produce executable
FAIL: libffi.call/cls_20byte.c (test for excess errors)
WARNING: libffi.call/cls_20byte.c compilation failed to produce executable
FAIL: libffi.call/cls_20byte1.c (test for excess errors)
WARNING: libffi.call/cls_20byte1.c compilation failed to produce executable
FAIL: libffi.call/cls_24byte.c (test for excess errors)
WARNING: libffi.call/cls_24byte.c compilation failed to produce executable
FAIL: libffi.call/cls_2byte.c (test for excess errors)
WARNING: libffi.call/cls_2byte.c compilation failed to produce executable
FAIL: libffi.call/cls_3_1byte.c (test for excess errors)
WARNING: libffi.call/cls_3_1byte.c compilation failed to produce executable
FAIL: libffi.call/cls_3byte1.c (test for excess errors)
WARNING: libffi.call/cls_3byte1.c compilation failed to produce executable
FAIL: libffi.call/cls_3byte2.c (test for excess errors)
WARNING: libffi.call/cls_3byte2.c compilation failed to produce executable
FAIL: libffi.call/cls_4_1byte.c (test for excess errors)
WARNING: libffi.call/cls_4_1byte.c compilation failed to produce executable
FAIL: libffi.call/cls_4byte.c (test for excess errors)
WARNING: libffi.call/cls_4byte.c compilation failed to produce executable
FAIL: libffi.call/cls_5byte.c (test for excess errors)
WARNING: libffi.call/cls_5byte.c compilation failed to produce executable
FAIL: libffi.call/cls_64byte.c (test for excess errors)
WARNING: libffi.call/cls_64byte.c compilation failed to produce executable
FAIL: libffi.call/cls_6byte.c (test for excess errors)
WARNING: libffi.call/cls_6byte.c compilation failed to produce executable
FAIL: libffi.call/cls_7byte.c (test for excess errors)
WARNING: libffi.call/cls_7byte.c compilation failed to produce executable
FAIL: libffi.call/cls_8byte.c (test for excess errors)
WARNING: libffi.call/cls_8byte.c compilation failed to produce executable
FAIL: libffi.call/cls_9byte1.c (test for excess errors)
WARNING: libffi.call/cls_9byte1.c compilation failed to produce executable
FAIL: libffi.call/cls_9byte2.c (test for excess errors)
WARNING: libffi.call/cls_9byte2.c compilation failed to produce executable
FAIL: libffi.call/cls_align_double.c (test for excess errors)
WARNING: libffi.call/cls_align_double.c compilation failed to produce executable
FAIL: libffi.call/cls_align_float.c (test for excess errors)
WARNING: libffi.call/cls_align_float.c compilation failed to produce executable
FAIL: libffi.call/cls_align_longdouble.c (test for excess errors)
WARNING: libffi.call/cls_align_longdouble.c compilation failed to produce executable
FAIL: libffi.call/cls_align_pointer.c (test for excess errors)
WARNING: libffi.call/cls_align_pointer.c compilation failed to produce executable
FAIL: libffi.call/cls_align_sint16.c (test for excess errors)
WARNING: libffi.call/cls_align_sint16.c compilation failed to produce executable
FAIL: libffi.call/cls_align_sint32.c (test for excess errors)
WARNING: libffi.call/cls_align_sint32.c compilation failed to produce executable
FAIL: libffi.call/cls_align_sint64.c (test for excess errors)
WARNING: libffi.call/cls_align_sint64.c compilation failed to produce executable
FAIL: libffi.call/cls_align_uint16.c (test for excess errors)
WARNING: libffi.call/cls_align_uint16.c compilation failed to produce executable
FAIL: libffi.call/cls_align_uint32.c (test for excess errors)
WARNING: libffi.call/cls_align_uint32.c compilation failed to produce executable
FAIL: libffi.call/cls_align_uint64.c (test for excess errors)
WARNING: libffi.call/cls_align_uint64.c compilation failed to produce executable
FAIL: libffi.call/cls_double.c (test for excess errors)
WARNING: libffi.call/cls_double.c compilation failed to produce executable
FAIL: libffi.call/cls_float.c (test for excess errors)
WARNING: libffi.call/cls_float.c compilation failed to produce executable
FAIL: libffi.call/cls_multi_schar.c (test for excess errors)
WARNING: libffi.call/cls_multi_schar.c compilation failed to produce executable
FAIL: libffi.call/cls_multi_sshort.c (test for excess errors)
WARNING: libffi.call/cls_multi_sshort.c compilation failed to produce executable
FAIL: libffi.call/cls_multi_sshortchar.c (test for excess errors)
WARNING: libffi.call/cls_multi_sshortchar.c compilation failed to produce executable
FAIL: libffi.call/cls_multi_uchar.c (test for excess errors)
WARNING: libffi.call/cls_multi_uchar.c compilation failed to produce executable
FAIL: libffi.call/cls_multi_ushort.c (test for excess errors)
WARNING: libffi.call/cls_multi_ushort.c compilation failed to produce executable
FAIL: libffi.call/cls_multi_ushortchar.c (test for excess errors)
WARNING: libffi.call/cls_multi_ushortchar.c compilation failed to produce executable
FAIL: libffi.call/cls_schar.c (test for excess errors)
WARNING: libffi.call/cls_schar.c compilation failed to produce executable
FAIL: libffi.call/cls_sint.c (test for excess errors)
WARNING: libffi.call/cls_sint.c compilation failed to produce executable
FAIL: libffi.call/cls_sshort.c (test for excess errors)
WARNING: libffi.call/cls_sshort.c compilation failed to produce executable
FAIL: libffi.call/cls_uchar.c (test for excess errors)
WARNING: libffi.call/cls_uchar.c compilation failed to produce executable
FAIL: libffi.call/cls_uint.c (test for excess errors)
WARNING: libffi.call/cls_uint.c compilation failed to produce executable
FAIL: libffi.call/cls_ulonglong.c (test for excess errors)
WARNING: libffi.call/cls_ulonglong.c compilation failed to produce executable
FAIL: libffi.call/cls_ushort.c (test for excess errors)
WARNING: libffi.call/cls_ushort.c compilation failed to produce executable
FAIL: libffi.call/float.c (test for excess errors)
WARNING: libffi.call/float.c compilation failed to produce executable
FAIL: libffi.call/float1.c (test for excess errors)
WARNING: libffi.call/float1.c compilation failed to produce executable
FAIL: libffi.call/float2.c (test for excess errors)
WARNING: libffi.call/float2.c compilation failed to produce executable
FAIL: libffi.call/many.c (test for excess errors)
WARNING: libffi.call/many.c compilation failed to produce executable
FAIL: libffi.call/nested_struct.c (test for excess errors)
WARNING: libffi.call/nested_struct.c compilation failed to produce executable
FAIL: libffi.call/nested_struct1.c (test for excess errors)
WARNING: libffi.call/nested_struct1.c compilation failed to produce executable
FAIL: libffi.call/nested_struct2.c (test for excess errors)
WARNING: libffi.call/nested_struct2.c compilation failed to produce executable
FAIL: libffi.call/nested_struct3.c (test for excess errors)
WARNING: libffi.call/nested_struct3.c compilation failed to produce executable
FAIL: libffi.call/problem1.c (test for excess errors)
WARNING: libffi.call/problem1.c compilation failed to produce executable
FAIL: libffi.call/promotion.c (test for excess errors)
WARNING: libffi.call/promotion.c compilation failed to produce executable
FAIL: libffi.call/pyobjc-tc.c (test for excess errors)
WARNING: libffi.call/pyobjc-tc.c compilation failed to produce executable
FAIL: libffi.call/return_ll.c (test for excess errors)
WARNING: libffi.call/return_ll.c compilation failed to produce executable
FAIL: libffi.call/return_sc.c (test for excess errors)
WARNING: libffi.call/return_sc.c compilation failed to produce executable
FAIL: libffi.call/return_uc.c (test for excess errors)
WARNING: libffi.call/return_uc.c compilation failed to produce executable
FAIL: libffi.call/strlen.c (test for excess errors)
WARNING: libffi.call/strlen.c compilation failed to produce executable
FAIL: libffi.call/struct1.c (test for excess errors)
WARNING: libffi.call/struct1.c compilation failed to produce executable
FAIL: libffi.call/struct2.c (test for excess errors)
WARNING: libffi.call/struct2.c compilation failed to produce executable
FAIL: libffi.call/struct3.c (test for excess errors)
WARNING: libffi.call/struct3.c compilation failed to produce executable
FAIL: libffi.call/struct4.c (test for excess errors)
WARNING: libffi.call/struct4.c compilation failed to produce executable
FAIL: libffi.call/struct5.c (test for excess errors)
WARNING: libffi.call/struct5.c compilation failed to produce executable
FAIL: libffi.call/struct6.c (test for excess errors)
WARNING: libffi.call/struct6.c compilation failed to produce executable
FAIL: libffi.call/struct7.c (test for excess errors)
WARNING: libffi.call/struct7.c compilation failed to produce executable
FAIL: libffi.call/struct8.c (test for excess errors)
WARNING: libffi.call/struct8.c compilation failed to produce executable
FAIL: libffi.call/struct9.c (test for excess errors)
WARNING: libffi.call/struct9.c compilation failed to produce executable
FAIL: libffi.special/unwindtest.cc  -lstdc++ (test for excess errors)
WARNING: libffi.special/unwindtest.cc  -lstdc++ compilation failed to produce executable

		=== libffi Summary for unix/-m64 ===

# of unexpected failures	77
# of unsupported tests		2

		=== libffi Summary ===

# of expected passes		212
# of unexpected failures	77
# of unsupported tests		4
		=== libjava tests ===


Running target unix

		=== libjava Summary for unix ===

# of expected passes		3271
# of expected failures		10
# of untested testcases		8

Running target unix/-m64
FAIL: linking PR9577
FAIL: linking longfield
FAIL: linking shortfield
FAIL: ArrayClass compilation from source
FAIL: ArrayClass -O3 compilation from source
FAIL: Case compilation from source
FAIL: Case -O3 compilation from source
FAIL: G19990210_1 compilation from source
FAIL: G19990210_1 -O3 compilation from source
FAIL: G19990210_2 compilation from source
FAIL: G19990210_2 -O3 compilation from source
FAIL: G19990210_3 compilation from source
FAIL: G19990210_3 -O3 compilation from source
FAIL: G19990217_01 compilation from source
FAIL: G19990217_01 -O3 compilation from source
FAIL: G19990225_01 compilation from source
FAIL: G19990225_01 -O3 compilation from source
FAIL: InnerExcept compilation from source
FAIL: InnerExcept -O3 compilation from source
FAIL: N19990310_01 compilation from source
FAIL: N19990310_01 -O3 compilation from source
FAIL: N19990317 compilation from source
FAIL: N19990317 -O3 compilation from source
FAIL: OperatorBenchmark compilation from source
FAIL: OperatorBenchmark -O3 compilation from source
FAIL: PR12374 compilation from source
FAIL: PR12374 -O3 compilation from source
FAIL: PR12857 compilation from source
FAIL: PR12857 -O3 compilation from source
FAIL: PR13024 compilation from source
FAIL: PR13024 -O3 compilation from source
FAIL: PR13237 compilation from source
FAIL: PR13237 -O3 compilation from source
FAIL: PR1343 compilation from source
FAIL: PR1343 -O3 compilation from source
FAIL: PR206 compilation from source
FAIL: PR206 -O3 compilation from source
FAIL: PR209 compilation from source
FAIL: PR209 -O3 compilation from source
FAIL: PR232 compilation from source
FAIL: PR232 -O3 compilation from source
FAIL: PR232B compilation from source
FAIL: PR232B -O3 compilation from source
FAIL: PR234 compilation from source
FAIL: PR234 -O3 compilation from source
FAIL: PR235 compilation from source
FAIL: PR235 -O3 compilation from source
FAIL: PR295 compilation from source
FAIL: PR295 -O3 compilation from source
FAIL: PR374 compilation from source
FAIL: PR374 -O3 compilation from source
FAIL: PR375 compilation from source
FAIL: PR375 -O3 compilation from source
FAIL: PR4766 compilation from source
FAIL: PR4766 -O3 compilation from source
FAIL: PR5902 compilation from source
FAIL: PR5902 -O3 compilation from source
FAIL: PR5913 compilation from source
FAIL: PR5913 -O3 compilation from source
FAIL: PR6026 compilation from source
FAIL: PR6026 -O3 compilation from source
FAIL: Semi compilation from source
FAIL: Semi -O3 compilation from source
FAIL: Statics compilation from source
FAIL: Statics -O3 compilation from source
FAIL: SuperConstr compilation from source
FAIL: SuperConstr -O3 compilation from source
FAIL: T20020529 compilation from source
FAIL: T20020529 -O3 compilation from source
FAIL: T20020604 compilation from source
FAIL: T20020604 -O3 compilation from source
FAIL: Twice compilation from source
FAIL: Twice -O3 compilation from source
FAIL: XercesBug compilation from source
FAIL: XercesBug -O3 compilation from source
FAIL: assignment compilation from source
FAIL: assignment -O3 compilation from source
FAIL: assignment_2 compilation from source
FAIL: assignment_2 -O3 compilation from source
FAIL: comment compilation from source
FAIL: comment -O3 compilation from source
FAIL: final_initialization_in_ctor compilation from source
FAIL: final_initialization_in_ctor -O3 compilation from source
FAIL: final_local_switch compilation from source
FAIL: final_local_switch -O3 compilation from source
FAIL: iface compilation from source
FAIL: iface -O3 compilation from source
FAIL: inner_data compilation from source
FAIL: inner_data -O3 compilation from source
FAIL: inner_inherit compilation from source
FAIL: inner_inherit -O3 compilation from source
FAIL: inner_priv compilation from source
FAIL: inner_priv -O3 compilation from source
FAIL: inner_pub compilation from source
FAIL: inner_pub -O3 compilation from source
FAIL: narrow_case compilation from source
FAIL: narrow_case -O3 compilation from source
FAIL: perc compilation from source
FAIL: perc -O3 compilation from source
FAIL: plusplus compilation from source
FAIL: plusplus -O3 compilation from source
FAIL: pr10459 compilation from source
FAIL: pr10459 -O3 compilation from source
FAIL: pr10459_2 compilation from source
FAIL: pr10459_2 -O3 compilation from source
FAIL: pr172 compilation from source
FAIL: pr172 -O3 compilation from source
FAIL: pr174 compilation from source
FAIL: pr174 -O3 compilation from source
FAIL: pr176 compilation from source
FAIL: pr176 -O3 compilation from source
FAIL: pr7912 compilation from source
FAIL: pr7912 -O3 compilation from source
FAIL: pr8712 compilation from source
FAIL: pr8712 -O3 compilation from source
FAIL: pr8955 compilation from source
FAIL: pr8955 -O3 compilation from source
FAIL: static_init2 compilation from source
FAIL: static_init2 -O3 compilation from source
FAIL: static_inner compilation from source
FAIL: static_inner -O3 compilation from source
FAIL: zeroexp compilation from source
FAIL: zeroexp -O3 compilation from source
FAIL: linking simple
FAIL: linking calls
FAIL: linking cxxtest
FAIL: linking field
FAIL: linking final_method
FAIL: linking findclass
FAIL: linking iface
FAIL: linking invoke
FAIL: linking jniutf
FAIL: linking martin
FAIL: linking noclass
FAIL: linking overload
FAIL: linking pr11951
FAIL: linking register
FAIL: linking simple_int
FAIL: linking throwit
FAIL: linking virtual
FAIL: ArrayStore compilation from source
FAIL: ArrayStore compilation from bytecode
FAIL: ArrayStore -O3 compilation from source
FAIL: ArrayStore -O3 compilation from bytecode
FAIL: ArrayStore2 compilation from source
FAIL: ArrayStore2 compilation from bytecode
FAIL: ArrayStore2 -O3 compilation from source
FAIL: ArrayStore2 -O3 compilation from bytecode
FAIL: Array_1 compilation from source
FAIL: Array_1 compilation from bytecode
FAIL: Array_1 -O3 compilation from source
FAIL: Array_1 -O3 compilation from bytecode
FAIL: Array_2 compilation from source
FAIL: Array_2 compilation from bytecode
FAIL: Array_2 -O3 compilation from source
FAIL: Array_2 -O3 compilation from bytecode
FAIL: Array_3 compilation from source
FAIL: Array_3 compilation from bytecode
FAIL: Array_3 -O3 compilation from source
FAIL: Array_3 -O3 compilation from bytecode
FAIL: Class_1 compilation from source
FAIL: Class_1 compilation from bytecode
FAIL: Class_1 -O3 compilation from source
FAIL: Class_1 -O3 compilation from bytecode
FAIL: CompareNaN compilation from source
FAIL: CompareNaN compilation from bytecode
FAIL: CompareNaN -O3 compilation from source
FAIL: CompareNaN -O3 compilation from bytecode
FAIL: Divide_1 compilation from source
FAIL: Divide_1 compilation from bytecode
FAIL: Divide_1 -O3 compilation from source
FAIL: Divide_1 -O3 compilation from bytecode
FAIL: EvaluationOrder compilation from source
FAIL: EvaluationOrder compilation from bytecode
FAIL: EvaluationOrder -O3 compilation from source
FAIL: EvaluationOrder -O3 compilation from bytecode
FAIL: FileHandleGcTest compilation from source
FAIL: FileHandleGcTest compilation from bytecode
FAIL: FileHandleGcTest -O3 compilation from source
FAIL: FileHandleGcTest -O3 compilation from bytecode
FAIL: Final compilation from source
FAIL: Final compilation from bytecode
FAIL: Final -O3 compilation from source
FAIL: Final -O3 compilation from bytecode
FAIL: Float_1 compilation from source
FAIL: Float_1 compilation from bytecode
FAIL: Float_1 -O3 compilation from source
FAIL: Float_1 -O3 compilation from bytecode
FAIL: G19990301_01 compilation from source
FAIL: G19990301_01 compilation from bytecode
FAIL: G19990301_01 -O3 compilation from source
FAIL: G19990301_01 -O3 compilation from bytecode
FAIL: G19990302_02 compilation from source
FAIL: G19990302_02 compilation from bytecode
FAIL: G19990302_02 -O3 compilation from source
FAIL: G19990302_02 -O3 compilation from bytecode
FAIL: G19990303_01 compilation from source
FAIL: G19990303_01 compilation from bytecode
FAIL: G19990303_01 -O3 compilation from source
FAIL: G19990303_01 -O3 compilation from bytecode
FAIL: G19990303_02 compilation from source
FAIL: G19990303_02 compilation from bytecode
FAIL: G19990303_02 -O3 compilation from source
FAIL: G19990303_02 -O3 compilation from bytecode
FAIL: G19990304_01 compilation from source
FAIL: G19990304_01 compilation from bytecode
FAIL: G19990304_01 -O3 compilation from source
FAIL: G19990304_01 -O3 compilation from bytecode
FAIL: G19990310_01 compilation from source
FAIL: G19990310_01 compilation from bytecode
FAIL: G19990310_01 -O3 compilation from source
FAIL: G19990310_01 -O3 compilation from bytecode
FAIL: II compilation from source
FAIL: II compilation from bytecode
FAIL: II -O3 compilation from source
FAIL: II -O3 compilation from bytecode
FAIL: InterfaceDispatch compilation from source
FAIL: InterfaceDispatch compilation from bytecode
FAIL: InterfaceDispatch -O3 compilation from source
FAIL: InterfaceDispatch -O3 compilation from bytecode
FAIL: InvokeReturn compilation from source
FAIL: InvokeReturn compilation from bytecode
FAIL: InvokeReturn -O3 compilation from source
FAIL: InvokeReturn -O3 compilation from bytecode
FAIL: Invoke_1 compilation from source
FAIL: Invoke_1 compilation from bytecode
FAIL: Invoke_1 -O3 compilation from source
FAIL: Invoke_1 -O3 compilation from bytecode
FAIL: Invoke_2 compilation from source
FAIL: Invoke_2 compilation from bytecode
FAIL: Invoke_2 -O3 compilation from source
FAIL: Invoke_2 -O3 compilation from bytecode
FAIL: KeepInline compilation from source
FAIL: KeepInline compilation from bytecode
FAIL: KeepInline -O3 compilation from source
FAIL: KeepInline -O3 compilation from bytecode
FAIL: MathBuiltin compilation from source
FAIL: MathBuiltin compilation from bytecode
FAIL: MathBuiltin -O3 compilation from source
FAIL: MathBuiltin -O3 compilation from bytecode
FAIL: Matrix4f compilation from source
FAIL: Matrix4f compilation from bytecode
FAIL: Matrix4f -O3 compilation from source
FAIL: Matrix4f -O3 compilation from bytecode
FAIL: N19990310_02 compilation from source
FAIL: N19990310_02 compilation from bytecode
FAIL: N19990310_02 -O3 compilation from source
FAIL: N19990310_02 -O3 compilation from bytecode
FAIL: N19990310_3 compilation from source
FAIL: N19990310_3 compilation from bytecode
FAIL: N19990310_3 -O3 compilation from source
FAIL: N19990310_3 -O3 compilation from bytecode
FAIL: N19990310_4 compilation from source
FAIL: N19990310_4 compilation from bytecode
FAIL: N19990310_4 -O3 compilation from source
FAIL: N19990310_4 -O3 compilation from bytecode
FAIL: N19990310_5 compilation from source
FAIL: N19990310_5 compilation from bytecode
FAIL: N19990310_5 -O3 compilation from source
FAIL: N19990310_5 -O3 compilation from bytecode
FAIL: Overflow compilation from source
FAIL: Overflow compilation from bytecode
FAIL: Overflow -O3 compilation from source
FAIL: Overflow -O3 compilation from bytecode
FAIL: PR12350 compilation from source
FAIL: PR12350 compilation from bytecode
FAIL: PR12350 -O3 compilation from source
FAIL: PR12350 -O3 compilation from bytecode
FAIL: PR12416 compilation from source
FAIL: PR12416 compilation from bytecode
FAIL: PR12416 -O3 compilation from source
FAIL: PR12416 -O3 compilation from bytecode
FAIL: PR12656 compilation from source
FAIL: PR12656 compilation from bytecode
FAIL: PR12656 -O3 compilation from source
FAIL: PR12656 -O3 compilation from bytecode
FAIL: PR12915 compilation from source
FAIL: PR12915 compilation from bytecode
FAIL: PR12915 -O3 compilation from source
FAIL: PR12915 -O3 compilation from bytecode
FAIL: PR141 compilation from source
FAIL: PR141 compilation from bytecode
FAIL: PR141 -O3 compilation from source
FAIL: PR141 -O3 compilation from bytecode
FAIL: PR160 compilation from source
FAIL: PR160 compilation from bytecode
FAIL: PR160 -O3 compilation from source
FAIL: PR160 -O3 compilation from bytecode
FAIL: PR162 compilation from source
FAIL: PR162 compilation from bytecode
FAIL: PR162 -O3 compilation from source
FAIL: PR162 -O3 compilation from bytecode
FAIL: PR218 compilation from source
FAIL: PR218 compilation from bytecode
FAIL: PR218 -O3 compilation from source
FAIL: PR218 -O3 compilation from bytecode
FAIL: PR242 compilation from source
FAIL: PR242 compilation from bytecode
FAIL: PR242 -O3 compilation from source
FAIL: PR242 -O3 compilation from bytecode
FAIL: PR260 compilation from source
FAIL: PR260 compilation from bytecode
FAIL: PR260 -O3 compilation from source
FAIL: PR260 -O3 compilation from bytecode
FAIL: PR3096 compilation from source
FAIL: PR3096 compilation from bytecode
FAIL: PR3096 -O3 compilation from source
FAIL: PR3096 -O3 compilation from bytecode
FAIL: PR3731 compilation from source
FAIL: PR3731 compilation from bytecode
FAIL: PR3731 -O3 compilation from source
FAIL: PR3731 -O3 compilation from bytecode
FAIL: PR5057 compilation from source
FAIL: PR5057 compilation from bytecode
FAIL: PR5057 -O3 compilation from source
FAIL: PR5057 -O3 compilation from bytecode
FAIL: PR5057_2 compilation from source
FAIL: PR5057_2 compilation from bytecode
FAIL: PR5057_2 -O3 compilation from source
FAIL: PR5057_2 -O3 compilation from bytecode
FAIL: PR55 compilation from source
FAIL: PR55 compilation from bytecode
FAIL: PR55 -O3 compilation from source
FAIL: PR55 -O3 compilation from bytecode
FAIL: PR56 compilation from source
FAIL: PR56 compilation from bytecode
FAIL: PR56 -O3 compilation from source
FAIL: PR56 -O3 compilation from bytecode
FAIL: PR6085 compilation from source
FAIL: PR6085 compilation from bytecode
FAIL: PR6085 -O3 compilation from source
FAIL: PR6085 -O3 compilation from bytecode
FAIL: PR6204 compilation from source
FAIL: PR6204 compilation from bytecode
FAIL: PR6204 -O3 compilation from source
FAIL: PR6204 -O3 compilation from bytecode
FAIL: PR6729 compilation from source
FAIL: PR6729 compilation from bytecode
FAIL: PR6729 -O3 compilation from source
FAIL: PR6729 -O3 compilation from bytecode
FAIL: PR6820 compilation from source
FAIL: PR6820 compilation from bytecode
FAIL: PR6820 -O3 compilation from source
FAIL: PR6820 -O3 compilation from bytecode
FAIL: PR7482 compilation from source
FAIL: PR7482 compilation from bytecode
FAIL: PR7482 -O3 compilation from source
FAIL: PR7482 -O3 compilation from bytecode
FAIL: Shazam compilation from source
FAIL: Shazam compilation from bytecode
FAIL: Shazam -O3 compilation from source
FAIL: Shazam -O3 compilation from bytecode
FAIL: StaticConstructor compilation from source
FAIL: StaticConstructor compilation from bytecode
FAIL: StaticConstructor -O3 compilation from source
FAIL: StaticConstructor -O3 compilation from bytecode
FAIL: StringBuffer_1 compilation from source
FAIL: StringBuffer_1 compilation from bytecode
FAIL: StringBuffer_1 -O3 compilation from source
FAIL: StringBuffer_1 -O3 compilation from bytecode
FAIL: StringBuffer_overflow compilation from source
FAIL: StringBuffer_overflow compilation from bytecode
FAIL: StringBuffer_overflow -O3 compilation from source
FAIL: StringBuffer_overflow -O3 compilation from bytecode
FAIL: String_overflow compilation from source
FAIL: String_overflow compilation from bytecode
FAIL: String_overflow -O3 compilation from source
FAIL: String_overflow -O3 compilation from bytecode
FAIL: SyncGlobal compilation from source
FAIL: SyncGlobal compilation from bytecode
FAIL: SyncGlobal -O3 compilation from source
FAIL: SyncGlobal -O3 compilation from bytecode
FAIL: SyncTest compilation from source
FAIL: SyncTest compilation from bytecode
FAIL: SyncTest -O3 compilation from source
FAIL: SyncTest -O3 compilation from bytecode
FAIL: Synch compilation from source
FAIL: Synch compilation from bytecode
FAIL: Synch -O3 compilation from source
FAIL: Synch -O3 compilation from bytecode
FAIL: TLtest compilation from source
FAIL: TLtest compilation from bytecode
FAIL: TLtest -O3 compilation from source
FAIL: TLtest -O3 compilation from bytecode
FAIL: TestProxy compilation from source
FAIL: TestProxy compilation from bytecode
FAIL: TestProxy -O3 compilation from source
FAIL: TestProxy -O3 compilation from bytecode
FAIL: Thread_Alive compilation from source
FAIL: Thread_Alive compilation from bytecode
FAIL: Thread_Alive -O3 compilation from source
FAIL: Thread_Alive -O3 compilation from bytecode
FAIL: Thread_Interrupt compilation from source
FAIL: Thread_Interrupt compilation from bytecode
FAIL: Thread_Interrupt -O3 compilation from source
FAIL: Thread_Interrupt -O3 compilation from bytecode
FAIL: Thread_Join compilation from source
FAIL: Thread_Join compilation from bytecode
FAIL: Thread_Join -O3 compilation from source
FAIL: Thread_Join -O3 compilation from bytecode
FAIL: Thread_Monitor compilation from source
FAIL: Thread_Monitor compilation from bytecode
FAIL: Thread_Monitor -O3 compilation from source
FAIL: Thread_Monitor -O3 compilation from bytecode
FAIL: Thread_Sleep compilation from source
FAIL: Thread_Sleep compilation from bytecode
FAIL: Thread_Sleep -O3 compilation from source
FAIL: Thread_Sleep -O3 compilation from bytecode
FAIL: Thread_Wait compilation from source
FAIL: Thread_Wait compilation from bytecode
FAIL: Thread_Wait -O3 compilation from source
FAIL: Thread_Wait -O3 compilation from bytecode
FAIL: Thread_Wait_2 compilation from source
FAIL: Thread_Wait_2 compilation from bytecode
FAIL: Thread_Wait_2 -O3 compilation from source
FAIL: Thread_Wait_2 -O3 compilation from bytecode
FAIL: Thread_Wait_Interrupt compilation from source
FAIL: Thread_Wait_Interrupt compilation from bytecode
FAIL: Thread_Wait_Interrupt -O3 compilation from source
FAIL: Thread_Wait_Interrupt -O3 compilation from bytecode
FAIL: Throw_1 compilation from source
FAIL: Throw_1 compilation from bytecode
FAIL: Throw_1 -O3 compilation from source
FAIL: Throw_1 -O3 compilation from bytecode
FAIL: Throw_2 compilation from source
FAIL: Throw_2 compilation from bytecode
FAIL: Throw_2 -O3 compilation from source
FAIL: Throw_2 -O3 compilation from bytecode
FAIL: anfi compilation from source
FAIL: anfi compilation from bytecode
FAIL: anfi -O3 compilation from source
FAIL: anfi -O3 compilation from bytecode
FAIL: anon compilation from source
FAIL: anon compilation from bytecode
FAIL: anon -O3 compilation from source
FAIL: anon -O3 compilation from bytecode
FAIL: anon2 compilation from source
FAIL: anon2 compilation from bytecode
FAIL: anon2 -O3 compilation from source
FAIL: anon2 -O3 compilation from bytecode
FAIL: anon3 compilation from source
FAIL: anon3 compilation from bytecode
FAIL: anon3 -O3 compilation from source
FAIL: anon3 -O3 compilation from bytecode
FAIL: anon4 compilation from source
FAIL: anon4 compilation from bytecode
FAIL: anon4 -O3 compilation from source
FAIL: anon4 -O3 compilation from bytecode
FAIL: anon_ctor_itf_arg compilation from source
FAIL: anon_ctor_itf_arg compilation from bytecode
FAIL: anon_ctor_itf_arg -O3 compilation from source
FAIL: anon_ctor_itf_arg -O3 compilation from bytecode
FAIL: anonarray compilation from source
FAIL: anonarray compilation from bytecode
FAIL: anonarray -O3 compilation from source
FAIL: anonarray -O3 compilation from bytecode
FAIL: anonarray2 compilation from source
FAIL: anonarray2 compilation from bytecode
FAIL: anonarray2 -O3 compilation from source
FAIL: anonarray2 -O3 compilation from bytecode
FAIL: anonarray3 compilation from source
FAIL: anonarray3 compilation from bytecode
FAIL: anonarray3 -O3 compilation from source
FAIL: anonarray3 -O3 compilation from bytecode
FAIL: assign compilation from source
FAIL: assign compilation from bytecode
FAIL: assign -O3 compilation from source
FAIL: assign -O3 compilation from bytecode
FAIL: direct_read compilation from source
FAIL: direct_read compilation from bytecode
FAIL: direct_read -O3 compilation from source
FAIL: direct_read -O3 compilation from bytecode
FAIL: direct_write compilation from source
FAIL: direct_write compilation from bytecode
FAIL: direct_write -O3 compilation from source
FAIL: direct_write -O3 compilation from bytecode
FAIL: emptystring compilation from source
FAIL: emptystring compilation from bytecode
FAIL: emptystring -O3 compilation from source
FAIL: emptystring -O3 compilation from bytecode
FAIL: err1 compilation from source
FAIL: err1 compilation from bytecode
FAIL: err1 -O3 compilation from source
FAIL: err1 -O3 compilation from bytecode
FAIL: err10 compilation from source
FAIL: err10 compilation from bytecode
FAIL: err10 -O3 compilation from source
FAIL: err10 -O3 compilation from bytecode
FAIL: err11 compilation from source
FAIL: err11 compilation from bytecode
FAIL: err11 -O3 compilation from source
FAIL: err11 -O3 compilation from bytecode
FAIL: err12 compilation from source
FAIL: err12 compilation from bytecode
FAIL: err12 -O3 compilation from source
FAIL: err12 -O3 compilation from bytecode
FAIL: err13 compilation from source
FAIL: err13 compilation from bytecode
FAIL: err13 -O3 compilation from source
FAIL: err13 -O3 compilation from bytecode
FAIL: err2 compilation from source
FAIL: err2 compilation from bytecode
FAIL: err2 -O3 compilation from source
FAIL: err2 -O3 compilation from bytecode
FAIL: err3 compilation from source
FAIL: err3 compilation from bytecode
FAIL: err3 -O3 compilation from source
FAIL: err3 -O3 compilation from bytecode
FAIL: err4 compilation from source
FAIL: err4 compilation from bytecode
FAIL: err4 -O3 compilation from source
FAIL: err4 -O3 compilation from bytecode
FAIL: err5 compilation from source
FAIL: err5 compilation from bytecode
FAIL: err5 -O3 compilation from source
FAIL: err5 -O3 compilation from bytecode
FAIL: err6 compilation from source
FAIL: err6 compilation from bytecode
FAIL: err6 -O3 compilation from source
FAIL: err6 -O3 compilation from bytecode
FAIL: err7 compilation from source
FAIL: err7 compilation from bytecode
FAIL: err7 -O3 compilation from source
FAIL: err7 -O3 compilation from bytecode
FAIL: err8 compilation from source
FAIL: err8 compilation from bytecode
FAIL: err8 -O3 compilation from source
FAIL: err8 -O3 compilation from bytecode
FAIL: err9 compilation from source
FAIL: err9 compilation from bytecode
FAIL: err9 -O3 compilation from source
FAIL: err9 -O3 compilation from bytecode
FAIL: final_inner compilation from source
FAIL: final_inner compilation from bytecode
FAIL: final_inner -O3 compilation from source
FAIL: final_inner -O3 compilation from bytecode
FAIL: final_int compilation from source
FAIL: final_int compilation from bytecode
FAIL: final_int -O3 compilation from source
FAIL: final_int -O3 compilation from bytecode
FAIL: final_static_and_friend compilation from source
FAIL: final_static_and_friend compilation from bytecode
FAIL: final_static_and_friend -O3 compilation from source
FAIL: final_static_and_friend -O3 compilation from bytecode
FAIL: indirect compilation from source
FAIL: indirect compilation from bytecode
FAIL: indirect -O3 compilation from source
FAIL: indirect -O3 compilation from bytecode
FAIL: indirect_read compilation from source
FAIL: indirect_read compilation from bytecode
FAIL: indirect_read -O3 compilation from source
FAIL: indirect_read -O3 compilation from bytecode
FAIL: indirect_write compilation from source
FAIL: indirect_write compilation from bytecode
FAIL: indirect_write -O3 compilation from source
FAIL: indirect_write -O3 compilation from bytecode
FAIL: initexc compilation from source
FAIL: initexc compilation from bytecode
FAIL: initexc -O3 compilation from source
FAIL: initexc -O3 compilation from bytecode
FAIL: initfield compilation from source
FAIL: initfield compilation from bytecode
FAIL: initfield -O3 compilation from source
FAIL: initfield -O3 compilation from bytecode
FAIL: inline compilation from source
FAIL: inline compilation from bytecode
FAIL: inline -O3 compilation from source
FAIL: inline -O3 compilation from bytecode
FAIL: inner1 compilation from source
FAIL: inner1 compilation from bytecode
FAIL: inner1 -O3 compilation from source
FAIL: inner1 -O3 compilation from bytecode
FAIL: inner2 compilation from source
FAIL: inner2 compilation from bytecode
FAIL: inner2 -O3 compilation from source
FAIL: inner2 -O3 compilation from bytecode
FAIL: inner3 compilation from source
FAIL: inner3 compilation from bytecode
FAIL: inner3 -O3 compilation from source
FAIL: inner3 -O3 compilation from bytecode
FAIL: inner4 compilation from source
FAIL: inner4 compilation from bytecode
FAIL: inner4 -O3 compilation from source
FAIL: inner4 -O3 compilation from bytecode
FAIL: inner_array compilation from source
FAIL: inner_array compilation from bytecode
FAIL: inner_array -O3 compilation from source
FAIL: inner_array -O3 compilation from bytecode
FAIL: inner_interface compilation from source
FAIL: inner_interface compilation from bytecode
FAIL: inner_interface -O3 compilation from source
FAIL: inner_interface -O3 compilation from bytecode
FAIL: instance compilation from source
FAIL: instance compilation from bytecode
FAIL: instance -O3 compilation from source
FAIL: instance -O3 compilation from bytecode
FAIL: instinit compilation from source
FAIL: instinit compilation from bytecode
FAIL: instinit -O3 compilation from source
FAIL: instinit -O3 compilation from bytecode
FAIL: instinit2 compilation from source
FAIL: instinit2 compilation from bytecode
FAIL: instinit2 -O3 compilation from source
FAIL: instinit2 -O3 compilation from bytecode
FAIL: invoke_from_inner compilation from source
FAIL: invoke_from_inner compilation from bytecode
FAIL: invoke_from_inner -O3 compilation from source
FAIL: invoke_from_inner -O3 compilation from bytecode
FAIL: invokethrow compilation from source
FAIL: invokethrow compilation from bytecode
FAIL: invokethrow -O3 compilation from source
FAIL: invokethrow -O3 compilation from bytecode
FAIL: klass compilation from source
FAIL: klass compilation from bytecode
FAIL: klass -O3 compilation from source
FAIL: klass -O3 compilation from bytecode
FAIL: multiple_finit compilation from source
FAIL: multiple_finit compilation from bytecode
FAIL: multiple_finit -O3 compilation from source
FAIL: multiple_finit -O3 compilation from bytecode
FAIL: negzero compilation from source
FAIL: negzero compilation from bytecode
FAIL: negzero -O3 compilation from source
FAIL: negzero -O3 compilation from bytecode
FAIL: nested_with_ctor compilation from source
FAIL: nested_with_ctor compilation from bytecode
FAIL: nested_with_ctor -O3 compilation from source
FAIL: nested_with_ctor -O3 compilation from bytecode
FAIL: newarray_overflow compilation from source
FAIL: newarray_overflow compilation from bytecode
FAIL: newarray_overflow -O3 compilation from source
FAIL: newarray_overflow -O3 compilation from bytecode
FAIL: override compilation from source
FAIL: override compilation from bytecode
FAIL: override -O3 compilation from source
FAIL: override -O3 compilation from bytecode
FAIL: pr109 compilation from source
FAIL: pr109 compilation from bytecode
FAIL: pr109 -O3 compilation from source
FAIL: pr109 -O3 compilation from bytecode
FAIL: pr133 compilation from source
FAIL: pr133 compilation from bytecode
FAIL: pr133 -O3 compilation from source
FAIL: pr133 -O3 compilation from bytecode
FAIL: pr179 compilation from source
FAIL: pr179 compilation from bytecode
FAIL: pr179 -O3 compilation from source
FAIL: pr179 -O3 compilation from bytecode
FAIL: pr184 compilation from source
FAIL: pr184 compilation from bytecode
FAIL: pr184 -O3 compilation from source
FAIL: pr184 -O3 compilation from bytecode
FAIL: pr6388 compilation from source
FAIL: pr6388 compilation from bytecode
FAIL: pr6388 -O3 compilation from source
FAIL: pr6388 -O3 compilation from bytecode
FAIL: pr83 compilation from source
FAIL: pr83 compilation from bytecode
FAIL: pr83 -O3 compilation from source
FAIL: pr83 -O3 compilation from bytecode
FAIL: pr8415 compilation from source
FAIL: pr8415 compilation from bytecode
FAIL: pr8415 -O3 compilation from source
FAIL: pr8415 -O3 compilation from bytecode
FAIL: pr8676 compilation from source
FAIL: pr8676 compilation from bytecode
FAIL: pr8676 -O3 compilation from source
FAIL: pr8676 -O3 compilation from bytecode
FAIL: pr8823 compilation from source
FAIL: pr8823 compilation from bytecode
FAIL: pr8823 -O3 compilation from source
FAIL: pr8823 -O3 compilation from bytecode
FAIL: pr8945 compilation from source
FAIL: pr8945 compilation from bytecode
FAIL: pr8945 -O3 compilation from source
FAIL: pr8945 -O3 compilation from bytecode
FAIL: private_direct_read compilation from source
FAIL: private_direct_read compilation from bytecode
FAIL: private_direct_read -O3 compilation from source
FAIL: private_direct_read -O3 compilation from bytecode
FAIL: search_outer compilation from source
FAIL: search_outer compilation from bytecode
FAIL: search_outer -O3 compilation from source
FAIL: search_outer -O3 compilation from bytecode
FAIL: stringconst compilation from source
FAIL: stringconst compilation from bytecode
FAIL: stringconst -O3 compilation from source
FAIL: stringconst -O3 compilation from bytecode
FAIL: stringconst2 compilation from source
FAIL: stringconst2 compilation from bytecode
FAIL: stringconst2 -O3 compilation from source
FAIL: stringconst2 -O3 compilation from bytecode
FAIL: stub compilation from source
FAIL: stub compilation from bytecode
FAIL: stub -O3 compilation from source
FAIL: stub -O3 compilation from bytecode
FAIL: test_long compilation from source
FAIL: test_long compilation from bytecode
FAIL: test_long -O3 compilation from source
FAIL: test_long -O3 compilation from bytecode
FAIL: tmi compilation from source
FAIL: tmi compilation from bytecode
FAIL: tmi -O3 compilation from source
FAIL: tmi -O3 compilation from bytecode
FAIL: tp compilation from source
FAIL: tp compilation from bytecode
FAIL: tp -O3 compilation from source
FAIL: tp -O3 compilation from bytecode
FAIL: update_outer compilation from source
FAIL: update_outer compilation from bytecode
FAIL: update_outer -O3 compilation from source
FAIL: update_outer -O3 compilation from bytecode
FAIL: utf8concat compilation from source
FAIL: utf8concat compilation from bytecode
FAIL: utf8concat -O3 compilation from source
FAIL: utf8concat -O3 compilation from bytecode
FAIL: utilTest compilation from source
FAIL: utilTest compilation from bytecode
FAIL: utilTest -O3 compilation from source
FAIL: utilTest -O3 compilation from bytecode
FAIL: verify compilation from source
FAIL: verify compilation from bytecode
FAIL: verify -O3 compilation from source
FAIL: verify -O3 compilation from bytecode
FAIL: TestEarlyGC compilation from source
FAIL: TestLeak compilation from source
FAIL: TestMultiple compilation from source
FAIL: TestParent compilation from source

		=== libjava Summary for unix/-m64 ===

# of expected passes		767
# of unexpected failures	728
# of expected failures		24
# of untested testcases		1182

		=== libjava Summary ===

# of expected passes		4038
# of unexpected failures	728
# of expected failures		34
# of untested testcases		1190

		=== libstdc++-v3 check-abi Summary ===

# of added symbols:		 20
# of missing symbols:		 0
# of incompatible symbols:	 0

using: /build/buildd/gcc-3.4-3.4.3/src/libstdc++-v3/config/abi/sparc-linux-gnu/baseline_symbols.txt

		=== libstdc++ tests ===


Running target unix
XPASS: 22_locale/locale/cons/12658_thread.cc execution test
XPASS: 26_numerics/c99_classification_macros_c.cc (test for excess errors)

		=== libstdc++ Summary for unix ===

# of expected passes		2733
# of unexpected successes	2
# of expected failures		5

Running target unix/-m64
FAIL: 22_locale/codecvt/in/wchar_t/2.cc execution test
FAIL: 22_locale/codecvt/in/wchar_t/3.cc execution test
FAIL: 22_locale/codecvt/length/wchar_t/2.cc execution test
FAIL: 22_locale/codecvt/length/wchar_t/3.cc execution test
FAIL: 22_locale/codecvt/out/wchar_t/2.cc execution test
FAIL: 22_locale/codecvt/out/wchar_t/3.cc execution test
FAIL: 22_locale/codecvt/unicode/1.cc execution test
FAIL: 22_locale/codecvt/unicode/char.cc execution test
FAIL: 22_locale/ctype/widen/wchar_t/2.cc execution test
FAIL: 22_locale/messages/members/char/1.cc execution test
FAIL: 22_locale/messages/members/char/2.cc execution test
FAIL: 22_locale/messages/members/char/wrapped_env.cc execution test
FAIL: 22_locale/messages_byname/named_equivalence.cc execution test
FAIL: 22_locale/money_get/get/wchar_t/1.cc execution test
FAIL: 22_locale/money_get/get/wchar_t/wrapped_env.cc execution test
FAIL: 22_locale/money_put/put/wchar_t/1.cc execution test
FAIL: 22_locale/money_put/put/wchar_t/3.cc execution test
FAIL: 22_locale/money_put/put/wchar_t/wrapped_env.cc execution test
XPASS: 26_numerics/c99_classification_macros_c.cc (test for excess errors)
FAIL: 27_io/basic_filebuf/underflow/wchar_t/9520.cc execution test
XPASS: 27_io/fpos/14320-1.cc execution test
FAIL: 27_io/objects/wchar_t/9520.cc execution test
FAIL: ext/enc_filebuf/char/13598.cc execution test

		=== libstdc++ Summary for unix/-m64 ===

# of expected passes		2712
# of unexpected failures	21
# of unexpected successes	2
# of expected failures		5

		=== libstdc++ Summary ===

# of expected passes		5445
# of unexpected failures	21
# of unexpected successes	4
# of expected failures		10

Compiler version: 3.4.4 20050203 (prerelease) (Debian 3.4.3-9) 
Platform: sparc-linux
configure flags: -v --enable-languages=c,c++,java,f77,pascal,objc,ada,treelang --prefix=/usr --libexecdir=/usr/lib --with-gxx-include-dir=/usr/include/c++/3.4 --enable-shared --with-system-zlib --enable-nls --without-included-gettext --program-suffix=-3.4 --enable-__cxa_atexit --enable-libstdcxx-allocator=mt --enable-clocale=gnu --enable-libstdcxx-debug --enable-java-gc=boehm --enable-java-awt=gtk --disable-werror --with-cpu=v7 sparc-linux
BOOT_CFLAGS=-O2 


Build Dependencies:
Desired=Unknown/Install/Remove/Purge/Hold
| Status=Not/Installed/Config-files/Unpacked/Failed-config/Half-installed
|/ Err?=(none)/Hold/Reinst-required/X=both-problems (Status,Err: uppercase=bad)
||/ Name           Version        Description
+++-==============-==============-============================================
ii  binutils       2.15-5         The GNU assembler, linker and binary utiliti
ii  libc6-dev      2.3.2.ds1-20   GNU C Library: Development Libraries and Hea


Patches that Debian applied in this version:

cvs-updates:
  CVS updates from the 3.4 branch upto 20050207

gcc-version:
  Add "(Debian <package version>)" to the gcc version string

gcc-textdomain:
  Set gettext's domain and textdomain to the versioned package name.

rename-info-files:
  Allow transformations on info file names. Reference the
  transformed info file names in the texinfo files.

libstdc++-pic:
  Build and install libstdc++_pic.a library.

libstdc++-doclink:
  adjust hrefs to point to the local documentation

amd64-specs:
  On x86-64 use 64bits mode assembly except with -m32.

gccbug:
  Use sensible-editor instead of vi as fallback editor

gccbug-posix:
  Make gccbug POSIX compliant (patch by David Weinehall)
  http://www.opengroup.org/onlinepubs/009695399/utilities/test.html

hppa-toplevel:
  For hppa-linux enable libgcj and dependent libs in the toplevel directory

hppa-libffi:
  libffi support for hppa

hppa-libjava:
  Enable libjava support for hppa

hppa-libjava-update:
  MD_FALLBACK_FRAME_STATE_FOR definition for pa32-linux

fastjar-update:
  Implement fastjar -u (PR 7854).

java-gui-branch:
  Michael Koch <konqueror@gmx.de>
  Backport AWT, Swing and GTK peer from java-gui-branch (20040906).

boehm-gc-nocheck:
  Disable the boehm-gc testsuite. Hangs forever on this architecture

libltdl:
  * libltdl.dpatch: Search the versioned extension, when loading a shared
  library (i.e. gij looks for .so.5 for loading additional libraries
  like the GTK based AWT peers.

gcj-without-rpath:
  don't define runtime link path for java binaries and libraries

libffi-soversion:
  Install libffi with soversion 3.

ada-gcc-name:
  use gcc-3.4 instead of gcc as the command name.

gpc-3.x:
  The gpc patch from the gpc tarball.

gpc-updates:
  Updates from gpc-20030820.

gpc-parse:
  generated gcc/p/parse.[ch] files (using bison-1.875c).

gpc-dwarf2out-update:
  GPC update to build with gcc-3.4.3

gpc-names:
  versioned gpc names

gpc-profiled:
  Do not build the gpc runtime using -fprofile-generate/-use.

gpc-lang-update:
  Hack p/lang.c to work around bootstrap failures on alpha and mips.

sparc-biarch:
  Enable biarch support for the 32bit sparc compiler

sparc-config-ml:
  disable some biarch libraries for sparc64 build

link-libs:

reporting:
  Add Debian URL for bug reporting isntructions.

Counting all warnings,
there are 566 warnings in stage3 of this bootstrap.

Number of warnings per file:
     76 gcc/p/declarations.c
     72 gcc/p/gpcpp.c
     61 gcc/p/types.c
     57 gcc/p/module.c
     47 gcc/p/lang.c
     44 gcc/p/typecheck.c
     43 gcc/p/expressions.c
     32 gcc/p/statements.c
     19 gcc/p/predef.c
     19 gcc/p/options.c
     16 gcc/p/Make-lang.in
     14 gcc/p/gpc-lex.c
     11 treelang/lex.c
     11 gcc/p/objects.c
     11 gcc/p/gpc.c
      5 parse.y
      5 /usr/share/bison/bison.simple
      4 gcc/objc/lang-specs.h
      3 gengtype-lex.c
      3 gcc/p/rts/constants.h
      3 gcc/gcc.c
      2 pascal-lex.l
      2 gcc/p/lang-specs.h
      2 gcc/libgcc2.c
      2 gcc/ada/lang-specs.h
      1 libiberty/choose-temp.c
      1 gcc/java/jvspec.c

Number of warning types:
    493 old-style parameter declaration
     15 string length `???' is greater than the length `???' ISO C89 compilers are required to support
      8 overriding commands for target `???'
      8 ignoring old commands for target `???'
      5 unused variable `???'
      3 function declaration isn't a prototype
      3 '$' in identifier or number
      2 no previous prototype for '__enable_execute_stack'
      2 label `???' defined but not used
      2 initialization discards qualifiers from pointer target type
      2 assignment discards qualifiers from pointer target type
      1 unused parameter 't'
      1 unused parameter 'str'
      1 unused parameter 'r'
      1 unused parameter 'pfile'
      1 unused parameter 'context'
      1 unused parameter 'argc'
      1 the use of `???' is dangerous, better use `???'
      1 return type defaults to `int'
      1 no previous prototype for 'yyset_out'
      1 no previous prototype for 'yyset_lineno'
      1 no previous prototype for 'yyset_in'
      1 no previous prototype for 'yyset_debug'
      1 no previous prototype for 'yylex_destroy'
      1 no previous prototype for 'yyget_text'
      1 no previous prototype for 'yyget_out'
      1 no previous prototype for 'yyget_lineno'
      1 no previous prototype for 'yyget_leng'
      1 no previous prototype for 'yyget_in'
      1 no previous prototype for 'yyget_debug'
      1 no previous prototype for 'pascal_post_options'
      1 no previous prototype for 'pascal_handle_option'
      1 no previous prototype for 'lang_init_3_4'
      1 'builtin_define_with_value' defined but not used



More information about the Gcc-testresults mailing list