Results for 3.4.3 testsuite on alphaev56-dec-osf5.1
Bill Northcott
s9573347@research.fce.unsw.EDU.AU
Thu Feb 10 01:20:00 GMT 2005
Hardware:
Alphaserver 8400 8 625MHz CPUs 8GB DRAM
Compiler:
Compaq C V6.4-009 on Compaq Tru64 UNIX V5.1A (Rev. 1885)
Compiler Driver V6.4-008 (sys) cc Driver
Build script:
CC=cc \\
../gcc-3.4.3/configure \\
--prefix=/usr/local \\
--disable-nls \\
--with-gc=simple \\
--with-stabs \\
--disable-threads \\
--enable-languages=c,c++,objc \\
--enable-shared \\
--program-suffix=-3.4
make -j 20 bootstrap
Bill Northcott
w.northcott@unsw.edu.auLAST_UPDATED: Obtained from CVS: -rgcc_3_4_3_release
Native configuration is alphaev56-dec-osf5.1
=== libstdc++ tests ===
Running target unix
FAIL: 22_locale/collate/compare/wchar_t/2.cc (test for excess errors)
WARNING: 22_locale/collate/compare/wchar_t/2.cc compilation failed to produce executable
FAIL: 22_locale/collate/compare/wchar_t/wrapped_env.cc (test for excess errors)
WARNING: 22_locale/collate/compare/wchar_t/wrapped_env.cc compilation failed to produce executable
FAIL: 22_locale/collate/compare/wchar_t/wrapped_locale.cc (test for excess errors)
WARNING: 22_locale/collate/compare/wchar_t/wrapped_locale.cc compilation failed to produce executable
FAIL: 22_locale/collate/hash/wchar_t/2.cc (test for excess errors)
WARNING: 22_locale/collate/hash/wchar_t/2.cc compilation failed to produce executable
FAIL: 22_locale/collate/hash/wchar_t/wrapped_env.cc (test for excess errors)
WARNING: 22_locale/collate/hash/wchar_t/wrapped_env.cc compilation failed to produce executable
FAIL: 22_locale/collate/hash/wchar_t/wrapped_locale.cc (test for excess errors)
WARNING: 22_locale/collate/hash/wchar_t/wrapped_locale.cc compilation failed to produce executable
FAIL: 22_locale/collate/transform/wchar_t/2.cc (test for excess errors)
WARNING: 22_locale/collate/transform/wchar_t/2.cc compilation failed to produce executable
FAIL: 22_locale/collate/transform/wchar_t/wrapped_env.cc (test for excess errors)
WARNING: 22_locale/collate/transform/wchar_t/wrapped_env.cc compilation failed to produce executable
FAIL: 22_locale/collate/transform/wchar_t/wrapped_locale.cc (test for excess errors)
WARNING: 22_locale/collate/transform/wchar_t/wrapped_locale.cc compilation failed to produce executable
FAIL: 22_locale/locale/cons/12658_thread.cc (test for excess errors)
WARNING: 22_locale/locale/cons/12658_thread.cc compilation failed to produce executable
WARNING: program timed out.
FAIL: 26_numerics/complex_inserters_extractors.cc (test for excess errors)
WARNING: 26_numerics/complex_inserters_extractors.cc compilation failed to produce executable
FAIL: thread/pthread1.cc (test for excess errors)
WARNING: thread/pthread1.cc compilation failed to produce executable
FAIL: thread/pthread2.cc (test for excess errors)
WARNING: thread/pthread2.cc compilation failed to produce executable
FAIL: thread/pthread3.cc (test for excess errors)
WARNING: thread/pthread3.cc compilation failed to produce executable
FAIL: thread/pthread4.cc (test for excess errors)
WARNING: thread/pthread4.cc compilation failed to produce executable
FAIL: thread/pthread5.cc (test for excess errors)
WARNING: thread/pthread5.cc compilation failed to produce executable
FAIL: thread/pthread6.cc (test for excess errors)
WARNING: thread/pthread6.cc compilation failed to produce executable
FAIL: thread/pthread7-rope.cc (test for excess errors)
WARNING: thread/pthread7-rope.cc compilation failed to produce executable
=== libstdc++ Summary ===
# of expected passes 2670
# of unexpected failures 18
# of expected failures 5
=== g++ tests ===
Running target unix
FAIL: g++.dg/eh/cleanup1.C (test for excess errors)
FAIL: g++.dg/opt/range-test-1.C (test for excess errors)
XPASS: g++.dg/rtti/tinfo1.C scan-assembler _ZTIP9CTemplateIhE:
XPASS: g++.dg/rtti/tinfo1.C scan-assembler-not .globl[ \\t]+_ZTIP9CTemplateIhE
XPASS: g++.dg/rtti/tinfo1.C scan-assembler-not .section[^\\n\\r]*_ZTIP9CTemplateIhE[^\\n\\r]*
FAIL: ./empty.H -g (test for excess errors)
FAIL: ./empty.H -O2 -g (test for excess errors)
FAIL: ./empty.H -O2 (test for excess errors)
FAIL: ./static-1.H -g (test for excess errors)
FAIL: ./static-1.H -O2 -g (test for excess errors)
FAIL: ./static-1.H -O2 (test for excess errors)
FAIL: ./system-1.H -g (test for excess errors)
FAIL: ./system-1.H -O2 -g (test for excess errors)
FAIL: ./system-1.H -O2 (test for excess errors)
FAIL: ./system-2.H -g (test for excess errors)
FAIL: ./system-2.H -O2 -g (test for excess errors)
FAIL: ./system-2.H -O2 (test for excess errors)
FAIL: ./uninst.H -g (test for excess errors)
FAIL: ./uninst.H -O2 -g (test for excess errors)
FAIL: ./uninst.H -O2 (test for excess errors)
WARNING: g++.old-deja/g++.mike/p10769a.C compilation failed to produce executable
WARNING: g++.old-deja/g++.other/enum5.C compilation failed to produce executable
WARNING: g++.old-deja/g++.pt/friend44.C compilation failed to produce executable
=== g++ Summary ===
# of expected passes 9575
# of unexpected failures 17
# of unexpected successes 3
# of expected failures 71
# of untested testcases 30
# of unsupported tests 83
/home/bank/s9573347/src/GNU/gcc-build/gcc/testsuite/../g++ version 3.4.3
=== gcc tests ===
Running target unix
FAIL: gcc.c-torture/compile/20001226-1.c -O0 (test for excess errors)
FAIL: gcc.c-torture/compile/20001226-1.c -O2 (test for excess errors)
FAIL: gcc.c-torture/compile/20001226-1.c -O3 -fomit-frame-pointer (test for excess errors)
FAIL: gcc.c-torture/compile/20001226-1.c -O3 -g (test for excess errors)
FAIL: gcc.c-torture/compile/20001226-1.c -Os (test for excess errors)
FAIL: gcc.c-torture/compile/920625-2.c -O3 -g (test for excess errors)
FAIL: gcc.c-torture/compile/labels-3.c -O0 (test for excess errors)
FAIL: gcc.c-torture/compile/labels-3.c -O1 (test for excess errors)
FAIL: gcc.c-torture/compile/labels-3.c -O2 (test for excess errors)
FAIL: gcc.c-torture/compile/labels-3.c -O3 -fomit-frame-pointer (test for excess errors)
FAIL: gcc.c-torture/compile/labels-3.c -O3 -g (test for excess errors)
FAIL: gcc.c-torture/compile/labels-3.c -Os (test for excess errors)
WARNING: program timed out.
FAIL: gcc.c-torture/execute/memcpy-bi.c compilation, -O3 -fomit-frame-pointer
UNRESOLVED: gcc.c-torture/execute/memcpy-bi.c execution, -O3 -fomit-frame-pointer
WARNING: program timed out.
FAIL: gcc.c-torture/execute/memcpy-bi.c compilation, -O3 -fomit-frame-pointer -funroll-loops
UNRESOLVED: gcc.c-torture/execute/memcpy-bi.c execution, -O3 -fomit-frame-pointer -funroll-loops
WARNING: program timed out.
FAIL: gcc.c-torture/execute/memcpy-bi.c compilation, -O3 -fomit-frame-pointer -funroll-all-loops -finline-functions
UNRESOLVED: gcc.c-torture/execute/memcpy-bi.c execution, -O3 -fomit-frame-pointer -funroll-all-loops -finline-functions
WARNING: program timed out.
FAIL: gcc.c-torture/execute/memcpy-bi.c compilation, -O3 -g
UNRESOLVED: gcc.c-torture/execute/memcpy-bi.c execution, -O3 -g
FAIL: gcc.c-torture/execute/regstack-1.c execution, -O1
FAIL: gcc.c-torture/execute/ieee/20010226-1.c execution, -O1
FAIL: gcc.c-torture/execute/ieee/inf-1.c execution, -O1
FAIL: gcc.dg/20040123-1.c scan-assembler abort
FAIL: gcc.dg/array-quals-1.c scan-assembler-not \\\\.data(?!\\\\.rel\\\\.ro)
FAIL: gcc.dg/builtins-18.c (test for excess errors)
FAIL: gcc.dg/c99-intconst-1.c (test for excess errors)
FAIL: gcc.dg/range-test-1.c (test for excess errors)
UNRESOLVED: gcc.dg/visibility-1.c
UNRESOLVED: gcc.dg/visibility-2.c
UNRESOLVED: gcc.dg/visibility-3.c
UNRESOLVED: gcc.dg/visibility-4.c
UNRESOLVED: gcc.dg/visibility-5.c
UNRESOLVED: gcc.dg/visibility-6.c
UNRESOLVED: gcc.dg/visibility-7.c
UNRESOLVED: gcc.dg/visibility-8.c
FAIL: ./common-1.h -O0 -g (test for excess errors)
FAIL: ./common-1.h -O0 (test for excess errors)
FAIL: ./common-1.h -O1 (test for excess errors)
FAIL: ./common-1.h -O2 (test for excess errors)
FAIL: ./common-1.h -O3 -fomit-frame-pointer (test for excess errors)
FAIL: ./common-1.h -O3 -g (test for excess errors)
FAIL: ./common-1.h -Os (test for excess errors)
FAIL: ./cpp-1.h -O0 -g (test for excess errors)
FAIL: ./cpp-1.h -O0 (test for excess errors)
FAIL: ./cpp-1.h -O1 (test for excess errors)
FAIL: ./cpp-1.h -O2 (test for excess errors)
FAIL: ./cpp-1.h -O3 -fomit-frame-pointer (test for excess errors)
FAIL: ./cpp-1.h -O3 -g (test for excess errors)
FAIL: ./cpp-1.h -Os (test for excess errors)
FAIL: ./cpp-2.h -O0 -g (test for excess errors)
FAIL: ./cpp-2.h -O0 (test for excess errors)
FAIL: ./cpp-2.h -O1 (test for excess errors)
FAIL: ./cpp-2.h -O2 (test for excess errors)
FAIL: ./cpp-2.h -O3 -fomit-frame-pointer (test for excess errors)
FAIL: ./cpp-2.h -O3 -g (test for excess errors)
FAIL: ./cpp-2.h -Os (test for excess errors)
FAIL: ./decl-1.h -O0 -g (test for excess errors)
FAIL: ./decl-1.h -O0 (test for excess errors)
FAIL: ./decl-1.h -O1 (test for excess errors)
FAIL: ./decl-1.h -O2 (test for excess errors)
FAIL: ./decl-1.h -O3 -fomit-frame-pointer (test for excess errors)
FAIL: ./decl-1.h -O3 -g (test for excess errors)
FAIL: ./decl-1.h -Os (test for excess errors)
FAIL: ./decl-2.h -O0 -g (test for excess errors)
FAIL: ./decl-2.h -O0 (test for excess errors)
FAIL: ./decl-2.h -O1 (test for excess errors)
FAIL: ./decl-2.h -O2 (test for excess errors)
FAIL: ./decl-2.h -O3 -fomit-frame-pointer (test for excess errors)
FAIL: ./decl-2.h -O3 -g (test for excess errors)
FAIL: ./decl-2.h -Os (test for excess errors)
FAIL: ./decl-3.h -O0 -g (test for excess errors)
FAIL: ./decl-3.h -O0 (test for excess errors)
FAIL: ./decl-3.h -O1 (test for excess errors)
FAIL: ./decl-3.h -O2 (test for excess errors)
FAIL: ./decl-3.h -O3 -fomit-frame-pointer (test for excess errors)
FAIL: ./decl-3.h -O3 -g (test for excess errors)
FAIL: ./decl-3.h -Os (test for excess errors)
FAIL: ./decl-4.h -O0 -g (test for excess errors)
FAIL: ./decl-4.h -O0 (test for excess errors)
FAIL: ./decl-4.h -O1 (test for excess errors)
FAIL: ./decl-4.h -O2 (test for excess errors)
FAIL: ./decl-4.h -O3 -fomit-frame-pointer (test for excess errors)
FAIL: ./decl-4.h -O3 -g (test for excess errors)
FAIL: ./decl-4.h -Os (test for excess errors)
FAIL: ./decl-5.h -O0 -g (test for excess errors)
FAIL: ./decl-5.h -O0 (test for excess errors)
FAIL: ./decl-5.h -O1 (test for excess errors)
FAIL: ./decl-5.h -O2 (test for excess errors)
FAIL: ./decl-5.h -O3 -fomit-frame-pointer (test for excess errors)
FAIL: ./decl-5.h -O3 -g (test for excess errors)
FAIL: ./decl-5.h -Os (test for excess errors)
FAIL: ./empty.h -O0 -g (test for excess errors)
FAIL: ./empty.h -O0 (test for excess errors)
FAIL: ./empty.h -O1 (test for excess errors)
FAIL: ./empty.h -O2 (test for excess errors)
FAIL: ./empty.h -O3 -fomit-frame-pointer (test for excess errors)
FAIL: ./empty.h -O3 -g (test for excess errors)
FAIL: ./empty.h -Os (test for excess errors)
FAIL: ./except-1.h -O0 -g (test for excess errors)
FAIL: ./except-1.h -O0 (test for excess errors)
FAIL: ./except-1.h -O1 (test for excess errors)
FAIL: ./except-1.h -O2 (test for excess errors)
FAIL: ./except-1.h -O3 -fomit-frame-pointer (test for excess errors)
FAIL: ./except-1.h -O3 -g (test for excess errors)
FAIL: ./except-1.h -Os (test for excess errors)
FAIL: ./global-1.h -O0 -g (test for excess errors)
FAIL: ./global-1.h -O0 (test for excess errors)
FAIL: ./global-1.h -O1 (test for excess errors)
FAIL: ./global-1.h -O2 (test for excess errors)
FAIL: ./global-1.h -O3 -fomit-frame-pointer (test for excess errors)
FAIL: ./global-1.h -O3 -g (test for excess errors)
FAIL: ./global-1.h -Os (test for excess errors)
FAIL: ./inline-1.h -O0 -g (test for excess errors)
FAIL: ./inline-1.h -O0 (test for excess errors)
FAIL: ./inline-1.h -O1 (test for excess errors)
FAIL: ./inline-1.h -O2 (test for excess errors)
FAIL: ./inline-1.h -O3 -fomit-frame-pointer (test for excess errors)
FAIL: ./inline-1.h -O3 -g (test for excess errors)
FAIL: ./inline-1.h -Os (test for excess errors)
FAIL: ./inline-2.h -O0 -g (test for excess errors)
FAIL: ./inline-2.h -O0 (test for excess errors)
FAIL: ./inline-2.h -O1 (test for excess errors)
FAIL: ./inline-2.h -O2 (test for excess errors)
FAIL: ./inline-2.h -O3 -fomit-frame-pointer (test for excess errors)
FAIL: ./inline-2.h -O3 -g (test for excess errors)
FAIL: ./inline-2.h -Os (test for excess errors)
FAIL: ./inline-3.h -O0 -g (test for excess errors)
FAIL: ./inline-3.h -O0 (test for excess errors)
FAIL: ./inline-3.h -O1 (test for excess errors)
FAIL: ./inline-3.h -O2 (test for excess errors)
FAIL: ./inline-3.h -O3 -fomit-frame-pointer (test for excess errors)
FAIL: ./inline-3.h -O3 -g (test for excess errors)
FAIL: ./inline-3.h -Os (test for excess errors)
FAIL: ./inline-4.h -O0 -g (test for excess errors)
FAIL: ./inline-4.h -O0 (test for excess errors)
FAIL: ./inline-4.h -O1 (test for excess errors)
FAIL: ./inline-4.h -O2 (test for excess errors)
FAIL: ./inline-4.h -O3 -fomit-frame-pointer (test for excess errors)
FAIL: ./inline-4.h -O3 -g (test for excess errors)
FAIL: ./inline-4.h -Os (test for excess errors)
FAIL: ./macro-1.h -O0 -g (test for excess errors)
FAIL: ./macro-1.h -O0 (test for excess errors)
FAIL: ./macro-1.h -O1 (test for excess errors)
FAIL: ./macro-1.h -O2 (test for excess errors)
FAIL: ./macro-1.h -O3 -fomit-frame-pointer (test for excess errors)
FAIL: ./macro-1.h -O3 -g (test for excess errors)
FAIL: ./macro-1.h -Os (test for excess errors)
FAIL: ./macro-2.h -O0 -g (test for excess errors)
FAIL: ./macro-2.h -O0 (test for excess errors)
FAIL: ./macro-2.h -O1 (test for excess errors)
FAIL: ./macro-2.h -O2 (test for excess errors)
FAIL: ./macro-2.h -O3 -fomit-frame-pointer (test for excess errors)
FAIL: ./macro-2.h -O3 -g (test for excess errors)
FAIL: ./macro-2.h -Os (test for excess errors)
FAIL: ./macro-3.h -O0 -g (test for excess errors)
FAIL: ./macro-3.h -O0 (test for excess errors)
FAIL: ./macro-3.h -O1 (test for excess errors)
FAIL: ./macro-3.h -O2 (test for excess errors)
FAIL: ./macro-3.h -O3 -fomit-frame-pointer (test for excess errors)
FAIL: ./macro-3.h -O3 -g (test for excess errors)
FAIL: ./macro-3.h -Os (test for excess errors)
FAIL: ./static-1.h -O0 -g (test for excess errors)
FAIL: ./static-1.h -O0 (test for excess errors)
FAIL: ./static-1.h -O1 (test for excess errors)
FAIL: ./static-1.h -O2 (test for excess errors)
FAIL: ./static-1.h -O3 -fomit-frame-pointer (test for excess errors)
FAIL: ./static-1.h -O3 -g (test for excess errors)
FAIL: ./static-1.h -Os (test for excess errors)
FAIL: ./static-2.h -O0 -g (test for excess errors)
FAIL: ./static-2.h -O0 (test for excess errors)
FAIL: ./static-2.h -O1 (test for excess errors)
FAIL: ./static-2.h -O2 (test for excess errors)
FAIL: ./static-2.h -O3 -fomit-frame-pointer (test for excess errors)
FAIL: ./static-2.h -O3 -g (test for excess errors)
FAIL: ./static-2.h -Os (test for excess errors)
FAIL: ./static-3.h -O0 -g (test for excess errors)
FAIL: ./static-3.h -O0 (test for excess errors)
FAIL: ./static-3.h -O1 (test for excess errors)
FAIL: ./static-3.h -O2 (test for excess errors)
FAIL: ./static-3.h -O3 -fomit-frame-pointer (test for excess errors)
FAIL: ./static-3.h -O3 -g (test for excess errors)
FAIL: ./static-3.h -Os (test for excess errors)
FAIL: ./system-1.h -O0 -g (test for excess errors)
FAIL: ./system-1.h -O0 (test for excess errors)
FAIL: ./system-1.h -O1 (test for excess errors)
FAIL: ./system-1.h -O2 (test for excess errors)
FAIL: ./system-1.h -O3 -fomit-frame-pointer (test for excess errors)
FAIL: ./system-1.h -O3 -g (test for excess errors)
FAIL: ./system-1.h -Os (test for excess errors)
FAIL: ./warn-1.h -O0 -g (test for excess errors)
FAIL: ./warn-1.h -O0 (test for excess errors)
FAIL: ./warn-1.h -O1 (test for excess errors)
FAIL: ./warn-1.h -O2 (test for excess errors)
FAIL: ./warn-1.h -O3 -fomit-frame-pointer (test for excess errors)
FAIL: ./warn-1.h -O3 -g (test for excess errors)
FAIL: ./warn-1.h -Os (test for excess errors)
=== gcc Summary ===
# of expected passes 23740
# of unexpected failures 185
# of expected failures 78
# of unresolved testcases 12
# of untested testcases 322
# of unsupported tests 353
/home/bank/s9573347/src/GNU/gcc-build/gcc/xgcc version 3.4.3
=== objc tests ===
Running target unix
=== objc Summary ===
# of expected passes 1352
# of unsupported tests 8
/home/bank/s9573347/src/GNU/gcc-build/gcc/xgcc version 3.4.3
Compiler version: 3.4.3
Platform: alphaev56-dec-osf5.1
configure flags: --prefix=/home/bank/s9573347 --disable-nls --with-gc=simple --with-stabs --disable-threads --enable-languages=c,c++,objc --enable-shared --program-suffix=-3.4
More information about the Gcc-testresults
mailing list