Results for 4.0.0 20050208 (experimental) testsuite on i686-pc-linux-gnu

Diego Novillo dnovillo@redhat.com
Tue Feb 8 15:07:00 GMT 2005


LAST_UPDATED: 
Native configuration is i686-pc-linux-gnu

		=== g++ tests ===


Running target unix
WARNING: g++.old-deja/g++.mike/p10769a.C compilation failed to produce executable

		=== g++ Summary ===

# of expected passes		10669
# of expected failures		72
# of unsupported tests		56
/notnfs/dnovillo/sbox/gcc/bld.toohappy/gcc/testsuite/../g++  version 4.0.0 20050208 (experimental)

		=== gcc tests ===


Running target unix
XPASS: gcc.dg/vect/vect-22.c scan-tree-dump-times vectorized 3 loops 1

		=== gcc Summary ===

# of expected passes		32951
# of unexpected successes	1
# of expected failures		89
# of untested testcases		28
# of unsupported tests		307
/notnfs/dnovillo/sbox/gcc/bld.toohappy/gcc/xgcc  version 4.0.0 20050208 (experimental)

		=== gfortran tests ===


Running target unix
XPASS: gfortran.dg/ret_pointer_1.f90 execution test
XPASS: gfortran.dg/ret_pointer_1.f90 execution test
XPASS: gfortran.dg/ret_pointer_1.f90 execution test
XPASS: gfortran.dg/ret_pointer_1.f90 execution test
XPASS: gfortran.dg/ret_pointer_1.f90 execution test
FAIL: gfortran.fortran-torture/execute/forall_3.f90 execution,  -O1 

		=== gfortran Summary ===

# of expected passes		5235
# of unexpected failures	1
# of unexpected successes	5
# of expected failures		21
/notnfs/dnovillo/sbox/gcc/bld.toohappy/gcc/testsuite/../gfortran  version 4.0.0 20050208 (experimental)

		=== objc tests ===


Running target unix

		=== objc Summary ===

# of expected passes		1534
# of unsupported tests		10
/notnfs/dnovillo/sbox/gcc/bld.toohappy/gcc/xgcc  version 4.0.0 20050208 (experimental)

		=== libffi tests ===


Running target unix

		=== libffi Summary ===

# of expected passes		216
# of unsupported tests		2
		=== libjava tests ===


Running target unix
FAIL: LargeFile execution - source compiled test
FAIL: LargeFile execution - gij test
FAIL: LargeFile execution - bytecode->native test
FAIL: LargeFile -O3 execution - source compiled test
FAIL: LargeFile execution - gij test
FAIL: LargeFile -O3 execution - bytecode->native test

		=== libjava Summary ===

# of expected passes		3714
# of unexpected failures	6
# of expected failures		14
# of untested testcases		22
		=== libmudflap tests ===


Running target unix

		=== libmudflap Summary ===

# of expected passes		1280

		=== libstdc++-v3 check-abi Summary ===

# of added symbols:		 54
# of missing symbols:		 7
# of incompatible symbols:	 7

using: /home/cygnus/dnovillo/perf/sbox/gcc/local.i686/src/libstdc++-v3/config/abi/i486-linux-gnu/baseline_symbols.txt

		=== libstdc++ tests ===


Running target unix
XPASS: 22_locale/locale/cons/12658_thread-1.cc execution test
FAIL: 23_containers/bitset/input/1.cc (test for excess errors)
WARNING: 23_containers/bitset/input/1.cc compilation failed to produce executable
FAIL: 23_containers/bitset/to_ulong/1.cc (test for excess errors)
WARNING: 23_containers/bitset/to_ulong/1.cc compilation failed to produce executable
XPASS: 26_numerics/cmath/c99_classification_macros_c.cc (test for excess errors)
FAIL: 27_io/basic_iostream/4.cc (test for excess errors)
WARNING: 27_io/basic_iostream/4.cc compilation failed to produce executable
FAIL: 27_io/basic_stringstream/str/char/2.cc (test for excess errors)
WARNING: 27_io/basic_stringstream/str/char/2.cc compilation failed to produce executable

		=== libstdc++ Summary ===

# of expected passes		3470
# of unexpected failures	4
# of unexpected successes	2
# of expected failures		5

Compiler version: 4.0.0 20050208 (experimental) 
Platform: i686-pc-linux-gnu
configure flags: --prefix=/home/cygnus/dnovillo/perf/sbox/gcc/local.i686/inst.toohappy --srcdir=/home/cygnus/dnovillo/perf/sbox/gcc/local.i686/src --disable-multilib --enable-mpfr --with-gmp=/home/cygnus/dnovillo/i686 --enable-languages=c,c++,f95,java,objc



More information about the Gcc-testresults mailing list