Results for 4.0.0 20050203 (experimental) testsuite on i686-pc-cygwin
Christian Joensson
christian.joensson@gmail.com
Tue Feb 8 14:05:00 GMT 2005
Windows XP Pro/SP2 cygwin P4 mobile system with these packages:
binutils 20041229-1 2.15.94 20041229
bison 20030307-1 1.875b
cygwin 1.5.12-1
dejagnu 20021217-2 1.4.2.x
expect 20030128-1 5.26
gcc 3.3.3-3
tcltk 20030901-1 8.4
LAST_UPDATED: Mon Feb 7 09:50:25 UTC 2005
Native configuration is i686-pc-cygwin
=== g++ tests ===
Running target unix
FAIL: g++.dg/abi/local1.C execution test
FAIL: g++.dg/abi/rtti1.C scan-assembler-dem-not \\ntypeinfo for A[: \\t\\n]
FAIL: g++.dg/ext/dllexport-MI1.C scan-assembler-not -export:_ZN2D1C2ERKS_
FAIL: g++.dg/ext/dllexport-MI1.C scan-assembler-not -export:_ZN2D1D2Ev
FAIL: g++.dg/ext/dllimport2.C (test for warnings, line 18)
FAIL: g++.dg/ext/dllimport2.C (test for warnings, line 22)
FAIL: g++.dg/ext/dllimport2.C (test for warnings, line 23)
FAIL: g++.dg/ext/dllimport2.C (test for warnings, line 24)
FAIL: g++.dg/ext/dllimport3.C (test for warnings, line 18)
FAIL: g++.dg/opt/vt1.C scan-assembler-not
section[^\\n\\r]*_ZTV1S[^\\n\\r]*"[^w"\\n\\r]*"
ERROR: g++.dg/tree-ssa/pr15791-3.C: error executing dg-final: no files
matched glob pattern "pr15791-3.C.t??.gimple"
UNRESOLVED: g++.dg/tree-ssa/pr15791-3.C: error executing dg-final: no
files matched glob pattern "pr15791-3.C.t??.gimple"
ERROR: g++.dg/tree-ssa/pr15791-4.C: error executing dg-final: no files
matched glob pattern "pr15791-4.C.t??.gimple"
UNRESOLVED: g++.dg/tree-ssa/pr15791-4.C: error executing dg-final: no
files matched glob pattern "pr15791-4.C.t??.gimple"
ERROR: g++.dg/tree-ssa/pr15791-5.C: error executing dg-final: no files
matched glob pattern "pr15791-5.C.t??.gimple"
UNRESOLVED: g++.dg/tree-ssa/pr15791-5.C: error executing dg-final: no
files matched glob pattern "pr15791-5.C.t??.gimple"
FAIL: g++.dg/pch/empty.C (test for excess errors)
FAIL: g++.dg/pch/empty.C (test for excess errors)
FAIL: g++.dg/pch/empty.C (test for excess errors)
FAIL: g++.dg/pch/externc-1.C (test for excess errors)
FAIL: g++.dg/pch/externc-1.C (test for excess errors)
FAIL: g++.dg/pch/externc-1.C (test for excess errors)
FAIL: g++.dg/pch/pch.C (test for excess errors)
FAIL: g++.dg/pch/pch.C (test for excess errors)
FAIL: g++.dg/pch/pch.C (test for excess errors)
FAIL: g++.dg/pch/static-1.C (test for excess errors)
FAIL: g++.dg/pch/static-1.C (test for excess errors)
FAIL: g++.dg/pch/static-1.C (test for excess errors)
FAIL: g++.dg/pch/system-1.C (test for excess errors)
FAIL: g++.dg/pch/system-1.C (test for excess errors)
FAIL: g++.dg/pch/system-1.C (test for excess errors)
FAIL: g++.dg/pch/system-2.C (test for excess errors)
FAIL: g++.dg/pch/system-2.C (test for excess errors)
FAIL: g++.dg/pch/system-2.C (test for excess errors)
FAIL: g++.dg/pch/uninst.C (test for excess errors)
FAIL: g++.dg/pch/uninst.C (test for excess errors)
FAIL: g++.dg/pch/uninst.C (test for excess errors)
FAIL: g++.dg/pch/wchar-1.C (test for excess errors)
FAIL: g++.dg/pch/wchar-1.C (test for excess errors)
FAIL: g++.dg/pch/wchar-1.C (test for excess errors)
FAIL: g++.old-deja/g++.eh/badalloc1.C execution test
XPASS: g++.old-deja/g++.ext/attrib5.C execution test
WARNING: g++.old-deja/g++.mike/p10769a.C compilation failed to produce
executable
=== g++ Summary ===
# of expected passes 10713
# of unexpected failures 35
# of unexpected successes 1
# of expected failures 72
# of unresolved testcases 3
# of untested testcases 24
# of unsupported tests 106
/usr/local/src/trunk/objdir/gcc/testsuite/../g++ version 4.0.0
20050203 (experimental)
=== gcc tests ===
Running target unix
FAIL: gcc.c-torture/execute/921215-1.c compilation, -O3 -g
UNRESOLVED: gcc.c-torture/execute/921215-1.c execution, -O3 -g
FAIL: gcc.dg/cpp/assert4.c (test for excess errors)
FAIL: gcc.dg/20020425-1.c (test for excess errors)
FAIL: gcc.dg/20021014-1.c (test for excess errors)
WARNING: gcc.dg/20021014-1.c compilation failed to produce executable
FAIL: gcc.dg/i386-pic-1.c (test for errors, line 10)
FAIL: gcc.dg/pr17957.c (test for excess errors)
FAIL: gcc.dg/pch/common-1.c (test for excess errors)
FAIL: gcc.dg/pch/common-1.c (test for excess errors)
FAIL: gcc.dg/pch/common-1.c (test for excess errors)
FAIL: gcc.dg/pch/common-1.c (test for excess errors)
FAIL: gcc.dg/pch/common-1.c (test for excess errors)
FAIL: gcc.dg/pch/common-1.c (test for excess errors)
FAIL: gcc.dg/pch/common-1.c (test for excess errors)
FAIL: gcc.dg/pch/cpp-1.c (test for excess errors)
FAIL: gcc.dg/pch/cpp-1.c (test for excess errors)
FAIL: gcc.dg/pch/cpp-1.c (test for excess errors)
FAIL: gcc.dg/pch/cpp-1.c (test for excess errors)
FAIL: gcc.dg/pch/cpp-1.c (test for excess errors)
FAIL: gcc.dg/pch/cpp-1.c (test for excess errors)
FAIL: gcc.dg/pch/cpp-1.c (test for excess errors)
FAIL: gcc.dg/pch/cpp-2.c (test for excess errors)
FAIL: gcc.dg/pch/cpp-2.c (test for excess errors)
FAIL: gcc.dg/pch/cpp-2.c (test for excess errors)
FAIL: gcc.dg/pch/cpp-2.c (test for excess errors)
FAIL: gcc.dg/pch/cpp-2.c (test for excess errors)
FAIL: gcc.dg/pch/cpp-2.c (test for excess errors)
FAIL: gcc.dg/pch/cpp-2.c (test for excess errors)
FAIL: gcc.dg/pch/decl-1.c (test for excess errors)
FAIL: gcc.dg/pch/decl-1.c (test for excess errors)
FAIL: gcc.dg/pch/decl-1.c (test for excess errors)
FAIL: gcc.dg/pch/decl-1.c (test for excess errors)
FAIL: gcc.dg/pch/decl-1.c (test for excess errors)
FAIL: gcc.dg/pch/decl-1.c (test for excess errors)
FAIL: gcc.dg/pch/decl-1.c (test for excess errors)
FAIL: gcc.dg/pch/decl-2.c (test for excess errors)
FAIL: gcc.dg/pch/decl-2.c (test for excess errors)
FAIL: gcc.dg/pch/decl-2.c (test for excess errors)
FAIL: gcc.dg/pch/decl-2.c (test for excess errors)
FAIL: gcc.dg/pch/decl-2.c (test for excess errors)
FAIL: gcc.dg/pch/decl-2.c (test for excess errors)
FAIL: gcc.dg/pch/decl-2.c (test for excess errors)
FAIL: gcc.dg/pch/decl-3.c (test for excess errors)
FAIL: gcc.dg/pch/decl-3.c (test for excess errors)
FAIL: gcc.dg/pch/decl-3.c (test for excess errors)
FAIL: gcc.dg/pch/decl-3.c (test for excess errors)
FAIL: gcc.dg/pch/decl-3.c (test for excess errors)
FAIL: gcc.dg/pch/decl-3.c (test for excess errors)
FAIL: gcc.dg/pch/decl-3.c (test for excess errors)
FAIL: gcc.dg/pch/decl-4.c (test for excess errors)
FAIL: gcc.dg/pch/decl-4.c (test for excess errors)
FAIL: gcc.dg/pch/decl-4.c (test for excess errors)
FAIL: gcc.dg/pch/decl-4.c (test for excess errors)
FAIL: gcc.dg/pch/decl-4.c (test for excess errors)
FAIL: gcc.dg/pch/decl-4.c (test for excess errors)
FAIL: gcc.dg/pch/decl-4.c (test for excess errors)
FAIL: gcc.dg/pch/decl-5.c (test for excess errors)
FAIL: gcc.dg/pch/decl-5.c (test for excess errors)
FAIL: gcc.dg/pch/decl-5.c (test for excess errors)
FAIL: gcc.dg/pch/decl-5.c (test for excess errors)
FAIL: gcc.dg/pch/decl-5.c (test for excess errors)
FAIL: gcc.dg/pch/decl-5.c (test for excess errors)
FAIL: gcc.dg/pch/decl-5.c (test for excess errors)
FAIL: gcc.dg/pch/empty.c (test for excess errors)
FAIL: gcc.dg/pch/empty.c (test for excess errors)
FAIL: gcc.dg/pch/empty.c (test for excess errors)
FAIL: gcc.dg/pch/empty.c (test for excess errors)
FAIL: gcc.dg/pch/empty.c (test for excess errors)
FAIL: gcc.dg/pch/empty.c (test for excess errors)
FAIL: gcc.dg/pch/empty.c (test for excess errors)
FAIL: gcc.dg/pch/except-1.c (test for excess errors)
FAIL: gcc.dg/pch/except-1.c (test for excess errors)
FAIL: gcc.dg/pch/except-1.c (test for excess errors)
FAIL: gcc.dg/pch/except-1.c (test for excess errors)
FAIL: gcc.dg/pch/except-1.c (test for excess errors)
FAIL: gcc.dg/pch/except-1.c (test for excess errors)
FAIL: gcc.dg/pch/except-1.c (test for excess errors)
FAIL: gcc.dg/pch/global-1.c (test for excess errors)
FAIL: gcc.dg/pch/global-1.c (test for excess errors)
FAIL: gcc.dg/pch/global-1.c (test for excess errors)
FAIL: gcc.dg/pch/global-1.c (test for excess errors)
FAIL: gcc.dg/pch/global-1.c (test for excess errors)
FAIL: gcc.dg/pch/global-1.c (test for excess errors)
FAIL: gcc.dg/pch/global-1.c (test for excess errors)
FAIL: gcc.dg/pch/import-1.c (test for excess errors)
FAIL: gcc.dg/pch/import-1.c (test for excess errors)
FAIL: gcc.dg/pch/import-1.c (test for excess errors)
FAIL: gcc.dg/pch/import-1.c (test for excess errors)
FAIL: gcc.dg/pch/import-1.c (test for excess errors)
FAIL: gcc.dg/pch/import-1.c (test for excess errors)
FAIL: gcc.dg/pch/import-1.c (test for excess errors)
FAIL: gcc.dg/pch/inline-1.c (test for excess errors)
FAIL: gcc.dg/pch/inline-1.c (test for excess errors)
FAIL: gcc.dg/pch/inline-1.c (test for excess errors)
FAIL: gcc.dg/pch/inline-1.c (test for excess errors)
FAIL: gcc.dg/pch/inline-1.c (test for excess errors)
FAIL: gcc.dg/pch/inline-1.c (test for excess errors)
FAIL: gcc.dg/pch/inline-1.c (test for excess errors)
FAIL: gcc.dg/pch/inline-2.c (test for excess errors)
FAIL: gcc.dg/pch/inline-2.c (test for excess errors)
FAIL: gcc.dg/pch/inline-2.c (test for excess errors)
FAIL: gcc.dg/pch/inline-2.c (test for excess errors)
FAIL: gcc.dg/pch/inline-2.c (test for excess errors)
FAIL: gcc.dg/pch/inline-2.c (test for excess errors)
FAIL: gcc.dg/pch/inline-2.c (test for excess errors)
FAIL: gcc.dg/pch/inline-3.c (test for excess errors)
FAIL: gcc.dg/pch/inline-3.c (test for excess errors)
FAIL: gcc.dg/pch/inline-3.c (test for excess errors)
FAIL: gcc.dg/pch/inline-3.c (test for excess errors)
FAIL: gcc.dg/pch/inline-3.c (test for excess errors)
FAIL: gcc.dg/pch/inline-3.c (test for excess errors)
FAIL: gcc.dg/pch/inline-3.c (test for excess errors)
FAIL: gcc.dg/pch/inline-4.c (test for excess errors)
FAIL: gcc.dg/pch/inline-4.c (test for excess errors)
FAIL: gcc.dg/pch/inline-4.c (test for excess errors)
FAIL: gcc.dg/pch/inline-4.c (test for excess errors)
FAIL: gcc.dg/pch/inline-4.c (test for excess errors)
FAIL: gcc.dg/pch/inline-4.c (test for excess errors)
FAIL: gcc.dg/pch/inline-4.c (test for excess errors)
FAIL: gcc.dg/pch/macro-1.c (test for excess errors)
FAIL: gcc.dg/pch/macro-1.c (test for excess errors)
FAIL: gcc.dg/pch/macro-1.c (test for excess errors)
FAIL: gcc.dg/pch/macro-1.c (test for excess errors)
FAIL: gcc.dg/pch/macro-1.c (test for excess errors)
FAIL: gcc.dg/pch/macro-1.c (test for excess errors)
FAIL: gcc.dg/pch/macro-1.c (test for excess errors)
FAIL: gcc.dg/pch/macro-2.c (test for excess errors)
FAIL: gcc.dg/pch/macro-2.c (test for excess errors)
FAIL: gcc.dg/pch/macro-2.c (test for excess errors)
FAIL: gcc.dg/pch/macro-2.c (test for excess errors)
FAIL: gcc.dg/pch/macro-2.c (test for excess errors)
FAIL: gcc.dg/pch/macro-2.c (test for excess errors)
FAIL: gcc.dg/pch/macro-2.c (test for excess errors)
FAIL: gcc.dg/pch/macro-3.c (test for excess errors)
FAIL: gcc.dg/pch/macro-3.c (test for excess errors)
FAIL: gcc.dg/pch/macro-3.c (test for excess errors)
FAIL: gcc.dg/pch/macro-3.c (test for excess errors)
FAIL: gcc.dg/pch/macro-3.c (test for excess errors)
FAIL: gcc.dg/pch/macro-3.c (test for excess errors)
FAIL: gcc.dg/pch/macro-3.c (test for excess errors)
FAIL: gcc.dg/pch/macro-4.c (test for excess errors)
FAIL: gcc.dg/pch/macro-4.c (test for excess errors)
FAIL: gcc.dg/pch/macro-4.c (test for excess errors)
FAIL: gcc.dg/pch/macro-4.c (test for excess errors)
FAIL: gcc.dg/pch/macro-4.c (test for excess errors)
FAIL: gcc.dg/pch/macro-4.c (test for excess errors)
FAIL: gcc.dg/pch/macro-4.c (test for excess errors)
FAIL: gcc.dg/pch/save-temps-1.c (test for excess errors)
FAIL: gcc.dg/pch/save-temps-1.c (test for excess errors)
FAIL: gcc.dg/pch/save-temps-1.c (test for excess errors)
FAIL: gcc.dg/pch/save-temps-1.c (test for excess errors)
FAIL: gcc.dg/pch/save-temps-1.c (test for excess errors)
FAIL: gcc.dg/pch/save-temps-1.c (test for excess errors)
FAIL: gcc.dg/pch/save-temps-1.c (test for excess errors)
FAIL: gcc.dg/pch/static-1.c (test for excess errors)
FAIL: gcc.dg/pch/static-1.c (test for excess errors)
FAIL: gcc.dg/pch/static-1.c (test for excess errors)
FAIL: gcc.dg/pch/static-1.c (test for excess errors)
FAIL: gcc.dg/pch/static-1.c (test for excess errors)
FAIL: gcc.dg/pch/static-1.c (test for excess errors)
FAIL: gcc.dg/pch/static-1.c (test for excess errors)
FAIL: gcc.dg/pch/static-2.c (test for excess errors)
FAIL: gcc.dg/pch/static-2.c (test for excess errors)
FAIL: gcc.dg/pch/static-2.c (test for excess errors)
FAIL: gcc.dg/pch/static-2.c (test for excess errors)
FAIL: gcc.dg/pch/static-2.c (test for excess errors)
FAIL: gcc.dg/pch/static-2.c (test for excess errors)
FAIL: gcc.dg/pch/static-2.c (test for excess errors)
FAIL: gcc.dg/pch/static-3.c (test for excess errors)
FAIL: gcc.dg/pch/static-3.c (test for excess errors)
FAIL: gcc.dg/pch/static-3.c (test for excess errors)
FAIL: gcc.dg/pch/static-3.c (test for excess errors)
FAIL: gcc.dg/pch/static-3.c (test for excess errors)
FAIL: gcc.dg/pch/static-3.c (test for excess errors)
FAIL: gcc.dg/pch/static-3.c (test for excess errors)
FAIL: gcc.dg/pch/struct-1.c (test for excess errors)
FAIL: gcc.dg/pch/struct-1.c (test for excess errors)
FAIL: gcc.dg/pch/struct-1.c (test for excess errors)
FAIL: gcc.dg/pch/struct-1.c (test for excess errors)
FAIL: gcc.dg/pch/struct-1.c (test for excess errors)
FAIL: gcc.dg/pch/struct-1.c (test for excess errors)
FAIL: gcc.dg/pch/struct-1.c (test for excess errors)
FAIL: gcc.dg/pch/system-1.c (test for excess errors)
FAIL: gcc.dg/pch/system-1.c (test for excess errors)
FAIL: gcc.dg/pch/system-1.c (test for excess errors)
FAIL: gcc.dg/pch/system-1.c (test for excess errors)
FAIL: gcc.dg/pch/system-1.c (test for excess errors)
FAIL: gcc.dg/pch/system-1.c (test for excess errors)
FAIL: gcc.dg/pch/system-1.c (test for excess errors)
FAIL: gcc.dg/pch/valid-1b.c (test for excess errors)
FAIL: gcc.dg/pch/valid-1b.c (test for excess errors)
FAIL: gcc.dg/pch/valid-1b.c (test for excess errors)
FAIL: gcc.dg/pch/valid-1b.c (test for excess errors)
FAIL: gcc.dg/pch/valid-1b.c (test for excess errors)
FAIL: gcc.dg/pch/valid-1b.c (test for excess errors)
FAIL: gcc.dg/pch/valid-1b.c (test for excess errors)
FAIL: gcc.dg/pch/valid-4.c (test for errors, line 5)
FAIL: gcc.dg/pch/valid-4.c (test for excess errors)
FAIL: gcc.dg/pch/valid-4.c (test for errors, line 5)
FAIL: gcc.dg/pch/valid-4.c (test for excess errors)
FAIL: gcc.dg/pch/valid-4.c (test for errors, line 5)
FAIL: gcc.dg/pch/valid-4.c (test for excess errors)
FAIL: gcc.dg/pch/valid-4.c (test for errors, line 5)
FAIL: gcc.dg/pch/valid-4.c (test for excess errors)
FAIL: gcc.dg/pch/valid-4.c (test for errors, line 5)
FAIL: gcc.dg/pch/valid-4.c (test for excess errors)
FAIL: gcc.dg/pch/valid-4.c (test for errors, line 5)
FAIL: gcc.dg/pch/valid-4.c (test for excess errors)
FAIL: gcc.dg/pch/valid-4.c (test for errors, line 5)
FAIL: gcc.dg/pch/valid-4.c (test for excess errors)
FAIL: gcc.dg/pch/valid-5.c (test for excess errors)
FAIL: gcc.dg/pch/valid-5.c (test for excess errors)
FAIL: gcc.dg/pch/valid-5.c (test for excess errors)
FAIL: gcc.dg/pch/valid-5.c (test for excess errors)
FAIL: gcc.dg/pch/valid-5.c (test for excess errors)
FAIL: gcc.dg/pch/valid-5.c (test for excess errors)
FAIL: gcc.dg/pch/valid-5.c (test for excess errors)
FAIL: gcc.dg/pch/valid-6.c (test for excess errors)
FAIL: gcc.dg/pch/valid-6.c -O0 -g assembly comparison
FAIL: gcc.dg/pch/valid-6.c (test for excess errors)
FAIL: gcc.dg/pch/valid-6.c -O0 assembly comparison
FAIL: gcc.dg/pch/valid-6.c (test for excess errors)
FAIL: gcc.dg/pch/valid-6.c -O1 assembly comparison
FAIL: gcc.dg/pch/valid-6.c (test for excess errors)
FAIL: gcc.dg/pch/valid-6.c -O2 assembly comparison
FAIL: gcc.dg/pch/valid-6.c (test for excess errors)
FAIL: gcc.dg/pch/valid-6.c -O3 -fomit-frame-pointer assembly comparison
FAIL: gcc.dg/pch/valid-6.c (test for excess errors)
FAIL: gcc.dg/pch/valid-6.c -O3 -g assembly comparison
FAIL: gcc.dg/pch/valid-6.c (test for excess errors)
FAIL: gcc.dg/pch/valid-6.c -Os assembly comparison
FAIL: largefile.c (test for excess errors)
FAIL: largefile.c (test for excess errors)
FAIL: largefile.c (test for excess errors)
FAIL: largefile.c (test for excess errors)
FAIL: largefile.c (test for excess errors)
FAIL: largefile.c (test for excess errors)
FAIL: largefile.c (test for excess errors)
FAIL: gcc.dg/tree-ssa/loop-1.c scan-assembler-times foo 5
XPASS: gcc.dg/vect/vect-22.c scan-tree-dump-times vectorized 3 loops 1
=== gcc Summary ===
# of expected passes 33667
# of unexpected failures 238
# of unexpected successes 1
# of expected failures 88
# of unresolved testcases 1
# of untested testcases 238
# of unsupported tests 326
/usr/local/src/trunk/objdir/gcc/xgcc version 4.0.0 20050203 (experimental)
=== gfortran tests ===
Running target unix
XPASS: gfortran.dg/ret_pointer_1.f90 execution test
XPASS: gfortran.dg/ret_pointer_1.f90 execution test
XPASS: gfortran.dg/ret_pointer_1.f90 execution test
XPASS: gfortran.dg/ret_pointer_1.f90 execution test
XPASS: gfortran.dg/ret_pointer_1.f90 execution test
FAIL: gfortran.fortran-torture/execute/forall_3.f90 execution, -O1
=== gfortran Summary ===
# of expected passes 5235
# of unexpected failures 1
# of unexpected successes 5
# of expected failures 21
/usr/local/src/trunk/objdir/gcc/testsuite/../gfortran version 4.0.0
20050203 (experimental)
=== objc tests ===
Running target unix
=== objc Summary ===
# of expected passes 1534
# of unsupported tests 10
/usr/local/src/trunk/objdir/gcc/xgcc version 4.0.0 20050203 (experimental)
=== treelang tests ===
Running target unix
WARNING: /usr/local/src/trunk/gcc/gcc/testsuite/treelang/a01gcc.out01
doesn't exist
WARNING: /usr/local/src/trunk/gcc/gcc/testsuite/treelang/a01gcc.out01err
doesn't exist
WARNING: /usr/local/src/trunk/gcc/gcc/testsuite/treelang/a01gcco01runpgmerr
doesn't exist
UNRESOLVED: gcc 01 01 fail code=11. gcc 01 01 diff stdout failed rc=0
=== treelang Summary ===
# of expected passes 21
# of unresolved testcases 1
=== libstdc++ tests ===
Running target unix
FAIL: 22_locale/time_put/put/char/1.cc execution test
FAIL: 26_numerics/cmath/c99_classification_macros_c.cc (test for excess errors)
FAIL: 27_io/basic_filebuf/close/char/4879.cc execution test
FAIL: 27_io/basic_filebuf/close/char/9964.cc execution test
FAIL: 27_io/basic_istream/extractors_arithmetic/char/12.cc execution test
=== libstdc++ Summary ===
# of expected passes 2406
# of unexpected failures 5
# of expected failures 4
Compiler version: 4.0.0 20050203 (experimental)
Platform: i686-pc-cygwin
configure flags: --enable-__cxa_atexit --enable-shared
--enable-threads=posix --with-system-zlib
--enable-languages=c,c++,f95,java,objc,treelang
Counting all warnings,
there are 149 warnings in stage0 of this bootstrap.
Number of warnings per file:
9 libiberty/regex.c
6 libiberty/getopt.c
6 fastjar/jartool.c
5 libiberty/concat.c
4 include/xregex2.h
3 libtool
3 libiberty/strsignal.c
3 include/debug/formatter.h
2 libgfortran/generated/matmul_r8.c
2 libgfortran/generated/matmul_r4.c
2 libgfortran/generated/matmul_i8.c
2 libgfortran/generated/matmul_i4.c
2 libgfortran/generated/matmul_c8.c
2 libgfortran/generated/matmul_c4.c
2 libcpp/macro.c
1 time_members.cc
1 numeric_members.cc
1 monetary_members.cc
1 messages_members.cc
1 libsupc++/vterminate.cc
1 libsupc++/vec.cc
1 libsupc++/tinfo2.cc
1 libsupc++/tinfo.cc
1 libsupc++/pure.cc
1 libsupc++/new_opvnt.cc
1 libsupc++/new_opv.cc
1 libsupc++/new_opnt.cc
1 libsupc++/new_op.cc
1 libsupc++/new_handler.cc
1 libsupc++/guard.cc
1 libsupc++/eh_unex_handler.cc
1 libsupc++/eh_type.cc
1 libsupc++/eh_throw.cc
1 libsupc++/eh_terminate.cc
1 libsupc++/eh_term_handler.cc
1 libsupc++/eh_personality.cc
1 libsupc++/eh_globals.cc
1 libsupc++/eh_exception.cc
1 libsupc++/eh_catch.cc
1 libsupc++/eh_aux_runtime.cc
1 libsupc++/eh_alloc.cc
1 libsupc++/del_opvnt.cc
1 libsupc++/del_opv.cc
1 libsupc++/del_opnt.cc
1 libsupc++/del_op.cc
1 libstdc++-v3/testsuite/testsuite_hooks.cc
1 libstdc++-v3/testsuite/testsuite_allocator.cc
1 libstdc++-v3/testsuite/testsuite_abi.cc
1 libstdc++-v3/src/wstring-inst.cc
1 libstdc++-v3/src/wlocale-inst.cc
1 libstdc++-v3/src/valarray-inst.cc
1 libstdc++-v3/src/tree.cc
1 libstdc++-v3/src/strstream.cc
1 libstdc++-v3/src/string-inst.cc
1 libstdc++-v3/src/streambuf.cc
1 libstdc++-v3/src/streambuf-inst.cc
1 libstdc++-v3/src/stdexcept.cc
1 libstdc++-v3/src/sstream-inst.cc
1 libstdc++-v3/src/pool_allocator.cc
1 libstdc++-v3/src/ostream-inst.cc
1 libstdc++-v3/src/mt_allocator.cc
1 libstdc++-v3/src/misc-inst.cc
1 libstdc++-v3/src/localename.cc
1 libstdc++-v3/src/locale_init.cc
1 libstdc++-v3/src/locale_facets.cc
1 libstdc++-v3/src/locale.cc
1 libstdc++-v3/src/locale-misc-inst.cc
1 libstdc++-v3/src/locale-inst.cc
1 libstdc++-v3/src/list.cc
1 libstdc++-v3/src/limits.cc
1 libstdc++-v3/src/istream.cc
1 libstdc++-v3/src/istream-inst.cc
1 libstdc++-v3/src/ios_locale.cc
1 libstdc++-v3/src/ios_init.cc
1 libstdc++-v3/src/ios_failure.cc
1 libstdc++-v3/src/ios.cc
1 libstdc++-v3/src/io-inst.cc
1 libstdc++-v3/src/globals_locale.cc
1 libstdc++-v3/src/globals_io.cc
1 libstdc++-v3/src/functexcept.cc
1 libstdc++-v3/src/fstream-inst.cc
1 libstdc++-v3/src/ext-inst.cc
1 libstdc++-v3/src/debug_list.cc
1 libstdc++-v3/src/debug.cc
1 libstdc++-v3/src/ctype.cc
1 libstdc++-v3/src/concept-inst.cc
1 libstdc++-v3/src/complex_io.cc
1 libstdc++-v3/src/codecvt.cc
1 libstdc++-v3/src/bitmap_allocator.cc
1 libstdc++-v3/src/allocator-inst.cc
1 libobjc/thr.c
1 libobjc/sendmsg.c
1 libmath/stubs.c
1 libiberty/pex-unix.c
1 libgfortran/generated/transpose_i8.c
1 libgfortran/generated/transpose_i4.c
1 libgfortran/generated/transpose_c8.c
1 libgfortran/generated/transpose_c4.c
1 libgfortran/generated/matmul_l8.c
1 libgfortran/generated/matmul_l4.c
1 libcpp/pch.c
1 gcc/gthr-posix.h
1 gcc/coretypes.h
1 fastjar/compress.c
1 ctype_members.cc
1 collate_members.cc
1 codecvt_members.cc
1 c++locale.cc
1 basic_file.cc
1 atomicity.cc
1 ./runtime-info.h
Number of warning types:
81 -ffunction-sections may affect debugging on some targets
18 passing argument 1 of 'size0' from incompatible pointer type
9 signed and unsigned type in conditional expression
5 unused parameter \`???'
5 traditional C rejects ISO C style function definitions
5 pointer targets in passing arg ??? of \`???' differ in signedness
3 unused parameter '__n'
3 undefined symbols not allowed in i686-pc-cygwin shared libraries
3 comparison between signed and unsigned
3 ISO C90 does not support \`static' or type qualifiers in
parameter array declarators
2 string length \`???' is greater than the length \`???' ISO C89
compilers are required to support
1 variable 'out' might be clobbered by 'longjmp' or 'vfork'
1 unused parameter 'priority'
1 unused parameter 'argv'
1 unused parameter 'argc'
1 this is the location of the previous definition
1 incompatible implicit declaration of built-in function 'fabsl'
1 assignment from incompatible pointer type
1 assignment discards qualifiers from pointer target type
1 \`rtx' redefined
1 ISO C90 does not support 'static' or type qualifiers in
parameter array declarators
1 'struct_forward_array' defined but not used
1 'noreturn' function does return
Counting all warnings,
there are 21 warnings in stage3 of this bootstrap.
Number of warnings per file:
3 treelang/lex.c
3 gengtype-lex.c
3 gcc/gcc.c
2 gcc/objc/lang-specs.h
2 gcc/java/jcf-io.c
1 insn-conditions.c
1 gcc/treelang/parse.y
1 gcc/java/jvspec.c
1 gcc/fortran/trans-common.c
1 gcc/fortran/simplify.c
1 gcc/fortran/resolve.c
1 gcc/fortran/expr.c
1 gcc/config/i386/i386.md
Number of warning types:
6 old-style function definition
4 control may reach end of non-void function '__gmpz_get_ui' being inlined
1 string length '844' is greater than the length '509' ISO C89
compilers are required to support
1 string length '834' is greater than the length '509' ISO C89
compilers are required to support
1 string length '783' is greater than the length '509' ISO C89
compilers are required to support
1 string length '695' is greater than the length '509' ISO C89
compilers are required to support
1 string length '643' is greater than the length '509' ISO C89
compilers are required to support
1 string length '608' is greater than the length '509' ISO C89
compilers are required to support
1 string length '597' is greater than the length '509' ISO C89
compilers are required to support
1 operand 1 missing mode?
1 control may reach end of non-void function 'check_type_match'
being inlined
1 ISO C forbids passing argument 3 of 'scandir' between function
pointer and 'void *'
1 ISO C forbids conversion of function pointer to object pointer type
More information about the Gcc-testresults
mailing list