Results for 4.0.0 20050203 (experimental) testsuite on ia64-unknown-linux-gnu

H.J. Lu hjl@gnu-4.sc.intel.com
Tue Feb 8 06:49:00 GMT 2005


LAST_UPDATED: Mon Feb  7 20:23:48 UTC 2005

Native configuration is ia64-unknown-linux-gnu

		=== g++ tests ===


Running target unix
WARNING: program timed out.
FAIL: g++.dg/opt/longbranch1.C (test for excess errors)
WARNING: g++.old-deja/g++.mike/p10769a.C compilation failed to produce executable

		=== g++ Summary ===

# of expected passes		10214
# of unexpected failures	1
# of expected failures		72
# of unsupported tests		90
/export/build/gnu/gcc/build-ia64-linux/gcc/testsuite/../g++  version 4.0.0 20050203 (experimental)

		=== gcc tests ===


Running target unix
FAIL: gcc.c-torture/compile/20011130-2.c (test for excess errors)
FAIL: gcc.c-torture/compile/20011130-2.c (test for excess errors)
FAIL: gcc.c-torture/compile/921202-1.c (test for excess errors)
FAIL: gcc.c-torture/compile/921202-1.c (test for excess errors)
FAIL: gcc.c-torture/compile/921202-1.c (test for excess errors)
FAIL: gcc.c-torture/compile/921202-1.c (test for excess errors)
FAIL: gcc.c-torture/compile/930120-1.c (test for excess errors)
FAIL: gcc.c-torture/compile/930120-1.c (test for excess errors)
FAIL: gcc.c-torture/compile/930120-1.c (test for excess errors)
FAIL: gcc.c-torture/compile/930120-1.c (test for excess errors)
FAIL: gcc.c-torture/compile/950729-1.c (test for excess errors)
FAIL: gcc.c-torture/compile/950729-1.c (test for excess errors)
FAIL: gcc.c-torture/compile/950729-1.c (test for excess errors)
FAIL: gcc.c-torture/compile/950729-1.c (test for excess errors)
FAIL: gcc.dg/tree-ssa/ifc-20040816-1.c (test for excess errors)
FAIL: gcc.dg/tree-ssa/ifc-20040816-2.c (test for excess errors)
XPASS: gcc.dg/tree-ssa/loop-1.c scan-assembler-times foo 5
XPASS: gcc.dg/vect/vect-22.c scan-tree-dump-times vectorized 3 loops 1
XPASS: gcc.dg/vect/vect-44.c scan-tree-dump-times Alignment of access forced using peeling 1
XPASS: gcc.dg/vect/vect-50.c scan-tree-dump-times Alignment of access forced using peeling 1
XPASS: gcc.dg/vect/vect-54.c scan-tree-dump-times Alignment of access forced using peeling 1
XPASS: gcc.dg/vect/vect-58.c scan-tree-dump-times Alignment of access forced using peeling 1

		=== gcc Summary ===

# of expected passes		31962
# of unexpected failures	16
# of unexpected successes	6
# of expected failures		118
# of untested testcases		28
# of unsupported tests		453
/export/build/gnu/gcc/build-ia64-linux/gcc/xgcc  version 4.0.0 20050203 (experimental)

		=== gfortran tests ===


Running target unix
XPASS: gfortran.dg/ret_pointer_1.f90 execution test
XPASS: gfortran.dg/ret_pointer_1.f90 execution test
XPASS: gfortran.dg/ret_pointer_1.f90 execution test
XPASS: gfortran.dg/ret_pointer_1.f90 execution test
XPASS: gfortran.dg/ret_pointer_1.f90 execution test
XPASS: gfortran.dg/ret_pointer_1.f90 execution test
XPASS: gfortran.dg/ret_pointer_1.f90 execution test
XPASS: gfortran.dg/ret_pointer_1.f90 execution test
FAIL: gfortran.fortran-torture/execute/forall_3.f90 execution,  -O0 
FAIL: gfortran.fortran-torture/execute/forall_3.f90 execution,  -O1 
FAIL: gfortran.fortran-torture/execute/forall_3.f90 execution,  -O2 
FAIL: gfortran.fortran-torture/execute/forall_3.f90 execution,  -O3 -fomit-frame-pointer 
FAIL: gfortran.fortran-torture/execute/forall_3.f90 execution,  -O3 -fomit-frame-pointer -funroll-loops 
FAIL: gfortran.fortran-torture/execute/forall_3.f90 execution,  -O3 -fomit-frame-pointer -funroll-all-loops -finline-functions 
FAIL: gfortran.fortran-torture/execute/forall_3.f90 execution,  -O3 -g 
FAIL: gfortran.fortran-torture/execute/forall_3.f90 execution,  -Os 

		=== gfortran Summary ===

# of expected passes		5212
# of unexpected failures	8
# of unexpected successes	8
# of expected failures		18
# of unsupported tests		8
/export/build/gnu/gcc/build-ia64-linux/gcc/testsuite/../gfortran  version 4.0.0 20050203 (experimental)

		=== objc tests ===


Running target unix

		=== objc Summary ===

# of expected passes		1532
# of unsupported tests		11
/export/build/gnu/gcc/build-ia64-linux/gcc/xgcc  version 4.0.0 20050203 (experimental)

		=== libffi tests ===


Running target unix

		=== libffi Summary ===

# of expected passes		216
# of unsupported tests		2
		=== libjava tests ===


Running target unix

		=== libjava Summary ===

# of expected passes		3726
# of expected failures		14
# of untested testcases		16
		=== libmudflap tests ===


Running target unix

		=== libmudflap Summary ===

# of expected passes		1280
		=== libstdc++ tests ===


Running target unix
XPASS: 22_locale/locale/cons/12658_thread-1.cc execution test
XPASS: 26_numerics/cmath/c99_classification_macros_c.cc (test for excess errors)
XPASS: 27_io/fpos/14320-1.cc execution test

		=== libstdc++ Summary ===

# of expected passes		3478
# of unexpected successes	3
# of expected failures		4

Compiler version: 4.0.0 20050203 (experimental) 
Platform: ia64-unknown-linux-gnu
configure flags: --enable-clocale=gnu --with-system-zlib --with-demangler-in-ld --enable-threads=posix --enable-haifa --disable-checking --prefix=/usr/gcc-4.0 --with-local-prefix=/usr/local --enable-languages=c,c++,f95,java,objc



More information about the Gcc-testresults mailing list