Results for 4.0.0 20050203 (experimental) testsuite on i686-pc-linux-gnu

Joe Buck Joe.Buck@synopsys.com
Tue Feb 8 06:08:00 GMT 2005


This is a Red Hat Enterprise (GNU/)Linux WS release 3 system,
running on a dual 2.2 GHz Intel Xeon system.

kernel: 2.4.21-4.EL (from Red Hat)
glibc: 2.3.2-95.3 (from Red Hat)
binutils: 2.14.90.0.4-26 (from Red Hat)

Only C, C++, ObjC are tested (no Java).
LAST_UPDATED: Mon Feb  7 19:27:35 UTC 2005

Native configuration is i686-pc-linux-gnu

		=== gcc tests ===


Running target unix
WARNING: program timed out.
FAIL: gcc.c-torture/compile/20001226-1.c (test for excess errors)
XPASS: gcc.dg/vect/vect-22.c scan-tree-dump-times vectorized 3 loops 1

		=== gcc Summary ===

# of expected passes		32950
# of unexpected failures	1
# of unexpected successes	1
# of expected failures		89
# of untested testcases		28
# of unsupported tests		307
/var/tmp/gccbuild/trunk/gcc/xgcc  version 4.0.0 20050203 (experimental)

		=== g++ tests ===


Running target unix
WARNING: g++.old-deja/g++.mike/p10769a.C compilation failed to produce executable

		=== g++ Summary ===

# of expected passes		10669
# of expected failures		72
# of unsupported tests		56
/var/tmp/gccbuild/trunk/gcc/testsuite/../g++  version 4.0.0 20050203 (experimental)

		=== objc tests ===


Running target unix

		=== objc Summary ===

# of expected passes		1534
# of unsupported tests		10
/var/tmp/gccbuild/trunk/gcc/xgcc  version 4.0.0 20050203 (experimental)

		=== libmudflap tests ===


Running target unix

		=== libmudflap Summary ===

# of expected passes		1280

		=== libstdc++-v3 check-abi Summary ===

# of added symbols:		 54
# of missing symbols:		 7
# of incompatible symbols:	 7

using: /u/jbuck/gnu/src/cvs/trunk/gcc/libstdc++-v3/config/abi/i486-linux-gnu/baseline_symbols.txt

		=== libstdc++ tests ===


Running target unix
XPASS: 22_locale/locale/cons/12658_thread-1.cc execution test
FAIL: 23_containers/bitset/input/1.cc (test for excess errors)
WARNING: 23_containers/bitset/input/1.cc compilation failed to produce executable
FAIL: 23_containers/bitset/to_ulong/1.cc (test for excess errors)
WARNING: 23_containers/bitset/to_ulong/1.cc compilation failed to produce executable
XPASS: 26_numerics/cmath/c99_classification_macros_c.cc (test for excess errors)
FAIL: 27_io/basic_iostream/4.cc (test for excess errors)
WARNING: 27_io/basic_iostream/4.cc compilation failed to produce executable
FAIL: 27_io/basic_stringstream/str/char/2.cc (test for excess errors)
WARNING: 27_io/basic_stringstream/str/char/2.cc compilation failed to produce executable

		=== libstdc++ Summary ===

# of expected passes		3470
# of unexpected failures	4
# of unexpected successes	2
# of expected failures		5

Compiler version: 4.0.0 20050203 (experimental) 
Platform: i686-pc-linux-gnu
configure flags: --prefix=/usr/localdisk/gcc-cvs/trunk --enable-languages=c,c++,objc



More information about the Gcc-testresults mailing list