Results for 3.4.4 20050203 (prerelease) testsuite on i586-redhat-linux-gnu

Eric Botcazou eric@localhost.localdomain
Tue Feb 8 03:51:00 GMT 2005


LAST_UPDATED: Mon Feb  7 05:13:20 UTC 2005

		=== acats tests ===

		=== acats Summary ===
# of expected passes		2322
# of unexpected failures	0
Native configuration is i586-redhat-linux-gnu

		=== g77 tests ===


Running target unix

		=== g77 Summary ===

# of expected passes		1812
# of unsupported tests		6
/home/eric/build/gcc-3_4-branch/native/gcc/testsuite/../g77  version 3.4.4 20050203 (prerelease)

		=== gcc tests ===


Running target unix
FAIL: gcc.c-torture/execute/va-arg-25.c execution,  -Os 

		=== gcc Summary ===

# of expected passes		25064
# of unexpected failures	1
# of expected failures		70
# of untested testcases		7
# of unsupported tests		202
/home/eric/build/gcc-3_4-branch/native/gcc/xgcc version 3.4.4 20050203 (prerelease)

		=== g++ tests ===


Running target unix
XPASS: g++.dg/rtti/tinfo1.C scan-assembler _ZTIP9CTemplateIhE:
XPASS: g++.dg/rtti/tinfo1.C scan-assembler-not .globl[ \\t]+_ZTIP9CTemplateIhE
WARNING: g++.old-deja/g++.mike/p10769a.C compilation failed to produce executable
WARNING: g++.old-deja/g++.other/enum5.C compilation failed to produce executable
XPASS: g++.old-deja/g++.other/init5.C execution test
WARNING: g++.old-deja/g++.pt/friend44.C compilation failed to produce executable

		=== g++ Summary ===

# of expected passes		9808
# of unexpected successes	3
# of expected failures		71
# of unsupported tests		43
/home/eric/build/gcc-3_4-branch/native/gcc/testsuite/../g++  version 3.4.4 20050203 (prerelease)

		=== objc tests ===


Running target unix

		=== objc Summary ===

# of expected passes		1352
# of unsupported tests		8
/home/eric/build/gcc-3_4-branch/native/gcc/xgcc  version 3.4.4 20050203 (prerelease)

		=== libffi tests ===


Running target unix

		=== libffi Summary ===

# of expected passes		212
# of unsupported tests		2
		=== libjava tests ===


Running target unix

		=== libjava Summary ===

# of expected passes		3271
# of expected failures		10
# of untested testcases		8

		=== libstdc++-v3 check-abi Summary ===

# of added symbols:		 11
# of missing symbols:		 0
# of incompatible symbols:	 0

using: /home/eric/cvs/gcc-3_4-branch/libstdc++-v3/config/abi/i486-linux-gnu/baseline_symbols.txt

		=== libstdc++ tests ===


Running target unix
FAIL: 22_locale/codecvt/encoding/wchar_t/wrapped_locale.cc execution test
FAIL: 22_locale/codecvt/in/wchar_t/9.cc execution test
FAIL: 22_locale/codecvt/max_length/wchar_t/wrapped_locale.cc execution test
FAIL: 22_locale/ctype/widen/wchar_t/2.cc execution test
FAIL: 22_locale/locale/cons/12438.cc execution test
XPASS: 22_locale/locale/cons/12658_thread.cc execution test
XPASS: 26_numerics/c99_classification_macros_c.cc (test for excess errors)
FAIL: 27_io/basic_filebuf/imbue/wchar_t/12868.cc execution test
FAIL: 27_io/basic_filebuf/overflow/wchar_t/11305-1.cc execution test
FAIL: 27_io/basic_filebuf/overflow/wchar_t/11305-2.cc execution test
FAIL: 27_io/basic_filebuf/overflow/wchar_t/11305-3.cc execution test
FAIL: 27_io/basic_filebuf/overflow/wchar_t/11305-4.cc execution test
FAIL: 27_io/basic_filebuf/seekoff/wchar_t/1.cc execution test
FAIL: 27_io/basic_filebuf/seekoff/wchar_t/2.cc execution test
FAIL: 27_io/basic_filebuf/seekpos/wchar_t/9874.cc execution test
FAIL: 27_io/basic_filebuf/underflow/wchar_t/1.cc execution test
FAIL: 27_io/basic_filebuf/underflow/wchar_t/2.cc execution test
FAIL: 27_io/basic_filebuf/underflow/wchar_t/3.cc execution test
FAIL: 27_io/basic_filebuf/underflow/wchar_t/9520.cc execution test

		=== libstdc++ Summary ===

# of expected passes		2716
# of unexpected failures	17
# of unexpected successes	2
# of expected failures		5

Compiler version: 3.4.4 20050203 (prerelease) 
Platform: i586-redhat-linux-gnu
configure flags: i586-redhat-linux-gnu --prefix=/home/eric/install/gcc-3_4-branch/native --enable-languages=c,c++,objc,f77,java,ada --enable-__cxa_atexit --disable-checking



More information about the Gcc-testresults mailing list