Results for 4.0.0 20050203 (experimental) testsuite on powerpc-unknown-linux-gnu

Mark Wielaard mark@wildebeest.org
Sun Feb 6 11:55:00 GMT 2005


Debian GNU/Linux 3.1
Linux 2.4.18-newpmac
binutils Version: 2.15-5
glibc Version: 2.3.2.ds1-20

Test results for libjava include the results of the Mauve testsuite
(see http://sources.redhat.com/mauve/)

LAST_UPDATED: Thu Feb  3 07:42:05 UTC 2005

Native configuration is powerpc-unknown-linux-gnu

		=== g++ tests ===


Running target unix
WARNING: g++.old-deja/g++.mike/p10769a.C compilation failed to produce executable
FAIL: g++.old-deja/g++.other/init5.C execution test

		=== g++ Summary ===

# of expected passes		10692
# of unexpected failures	1
# of expected failures		71
# of unsupported tests		76
/home/mark/src/gcc40/obj/gcc/testsuite/../g++  version 4.0.0 20050203 (experimental)

		=== gcc tests ===


Running target unix
WARNING: program timed out.
FAIL: gcc.c-torture/compile/20001226-1.c  -O3 -g  (test for excess errors)
FAIL: gcc.dg/20020103-1.c scan-assembler-not LC
XPASS: gcc.dg/vect/vect-85.c scan-tree-dump-times vectorized 1 loops 1
XPASS: gcc.dg/vect/vect-86.c scan-tree-dump-times vectorized 1 loops 1
XPASS: gcc.dg/vect/vect-87.c scan-tree-dump-times vectorized 1 loops 1
XPASS: gcc.dg/vect/vect-87.c scan-tree-dump-times Alignment of access forced using peeling 1
XPASS: gcc.dg/vect/vect-88.c scan-tree-dump-times vectorized 1 loops 1
XPASS: gcc.dg/vect/vect-88.c scan-tree-dump-times Alignment of access forced using peeling 1

		=== gcc Summary ===

# of expected passes		33307
# of unexpected failures	2
# of unexpected successes	6
# of expected failures		89
# of untested testcases		28
# of unsupported tests		418
/home/mark/src/gcc40/obj/gcc/xgcc  version 4.0.0 20050203 (experimental)

		=== libffi tests ===


Running target unix

		=== libffi Summary ===

# of expected passes		216
# of unsupported tests		2
		=== libjava tests ===


Running target unix
FAIL: Mauve configure

		=== libjava Summary ===

# of expected passes		3022
# of unexpected failures	1
# of expected failures		14
# of untested testcases		18

		=== libstdc++-v3 check-abi Summary ===

# of added symbols:		 63
# of missing symbols:		 0
# of incompatible symbols:	 0

using: /home/mark/src/gcc40/gcc/libstdc++-v3/config/abi/powerpc-linux-gnu/baseline_symbols.txt

		=== libstdc++ tests ===


Running target unix
XPASS: 22_locale/locale/cons/12658_thread-1.cc execution test
XPASS: 26_numerics/cmath/c99_classification_macros_c.cc (test for excess errors)
FAIL: ext/array_allocator/2.cc execution test

		=== libstdc++ Summary ===

# of expected passes		3477
# of unexpected failures	1
# of unexpected successes	2
# of expected failures		5

Compiler version: 4.0.0 20050203 (experimental) 
Platform: powerpc-unknown-linux-gnu
configure flags: --disable-multilib --disable-checking --disable-libmudflap --with-system-zlib --enable-java-awt=gtk,xlib --prefix=/usr/local/gcc40 --enable-languages=c,c++,java

time make
real 23904.77
user 16941.92
sys 5019.52

time check
Command exited with non-zero status 2
real 26137.68
user 19244.98
sys 6319.23



More information about the Gcc-testresults mailing list