Results for 3.3.4 20040817 (Red Hat Linux 3.3.4-2) testsuite on powerpc64-unknown-linux-gnu

Janis Johnson janis187@us.ibm.com
Sun Feb 6 11:55:00 GMT 2005


Linux 2.4.21-17.EL ppc64
GNU C Library stable release version 2.3.2
GNU ld version 2.15
GNU assembler 2.15
GNU Make version 3.79.1

DejaGnu:
	Expect version is	5.40.0
	Tcl version is		8.4
	Framework version is	1.4.4

32-bit biarch default32

CVS branch:  gcc-3_3-rhl-branch

This hardware does not support VMX instructions.

LAST_UPDATED: Sat Feb  5 11:00:06 UTC 2005

Native configuration is powerpc64-unknown-linux-gnu

		=== g++ tests ===


Running target unix/-m32
XPASS: g++.other/init5.C  Execution test

		=== g++ Summary for unix/-m32 ===

# of expected passes		8158
# of unexpected successes	1
# of expected failures		97
# of untested testcases		23
# of unsupported tests		21

Running target unix/-m64
XPASS: g++.other/init5.C  Execution test

		=== g++ Summary for unix/-m64 ===

# of expected passes		8158
# of unexpected successes	1
# of expected failures		97
# of untested testcases		23
# of unsupported tests		21

		=== g++ Summary ===

# of expected passes		16316
# of unexpected successes	2
# of expected failures		194
# of untested testcases		46
# of unsupported tests		42
/home/gccbuild/build/nightly/build-gcc-3.3rh/gcc/testsuite/../g++ version 3.3.4 20040817 (Red Hat Linux 3.3.4-2)

		=== g77 tests ===


Running target unix/-m32

		=== g77 Summary for unix/-m32 ===

# of expected passes		1720
# of unsupported tests		8

Running target unix/-m64

		=== g77 Summary for unix/-m64 ===

# of expected passes		1720
# of unsupported tests		8

		=== g77 Summary ===

# of expected passes		3440
# of unsupported tests		16
/home/gccbuild/build/nightly/build-gcc-3.3rh/gcc/testsuite/../g77 version 3.3.4 20040817 (Red Hat Linux 3.3.4-2)

		=== gcc tests ===


Running target unix/-m32
FAIL: gcc.c-torture/compile/920902-1.c,  -O3 -g  
FAIL: gcc.c-torture/compile/930513-2.c,  -O2  
XPASS: gcc.c-torture/compile/simd-5.c,  -O0  
XPASS: gcc.c-torture/compile/simd-5.c,  -O1  
XPASS: gcc.c-torture/compile/simd-5.c,  -O2  
XPASS: gcc.c-torture/compile/simd-5.c,  -O3 -fomit-frame-pointer  
XPASS: gcc.c-torture/compile/simd-5.c,  -O3 -g  
XPASS: gcc.c-torture/compile/simd-5.c,  -Os  
FAIL: gcc.dg/duff-2.c (test for excess errors)

		=== gcc Summary for unix/-m32 ===

# of expected passes		21496
# of unexpected failures	3
# of unexpected successes	6
# of expected failures		68
# of unsupported tests		190

Running target unix/-m64
XPASS: gcc.c-torture/compile/simd-5.c,  -O1  
XPASS: gcc.c-torture/compile/simd-5.c,  -O2  
XPASS: gcc.c-torture/compile/simd-5.c,  -O3 -fomit-frame-pointer  
XPASS: gcc.c-torture/compile/simd-5.c,  -O3 -g  
XPASS: gcc.c-torture/compile/simd-5.c,  -Os  
FAIL: gcc.c-torture/compile/20031023-4.c,  -O0  
FAIL: gcc.c-torture/compile/20031023-4.c,  -O1  
FAIL: gcc.c-torture/compile/20031023-4.c,  -O2  
FAIL: gcc.c-torture/compile/20031023-4.c,  -O3 -fomit-frame-pointer  
FAIL: gcc.c-torture/compile/20031023-4.c,  -O3 -g  
FAIL: gcc.c-torture/compile/20031023-4.c,  -Os  
FAIL: gcc.c-torture/execute/pure-1.c compilation,  -O1 
UNRESOLVED: gcc.c-torture/execute/pure-1.c execution,  -O1 
FAIL: gcc.c-torture/execute/pure-1.c compilation,  -O2 
UNRESOLVED: gcc.c-torture/execute/pure-1.c execution,  -O2 
FAIL: gcc.c-torture/execute/pure-1.c compilation,  -O3 -fomit-frame-pointer 
UNRESOLVED: gcc.c-torture/execute/pure-1.c execution,  -O3 -fomit-frame-pointer 
FAIL: gcc.c-torture/execute/pure-1.c compilation,  -O3 -g 
UNRESOLVED: gcc.c-torture/execute/pure-1.c execution,  -O3 -g 
FAIL: gcc.c-torture/execute/pure-1.c compilation,  -Os 
UNRESOLVED: gcc.c-torture/execute/pure-1.c execution,  -Os 
FAIL: gcc.dg/debug/20020327-1.c -gstabs1 (test for excess errors)
FAIL: gcc.dg/debug/20020327-1.c -gstabs1 -O (test for excess errors)
FAIL: gcc.dg/debug/20020327-1.c -gstabs1 -O3 (test for excess errors)
FAIL: gcc.dg/debug/20020327-1.c -gstabs (test for excess errors)
FAIL: gcc.dg/debug/20020327-1.c -gstabs -O (test for excess errors)
FAIL: gcc.dg/debug/20020327-1.c -gstabs -O3 (test for excess errors)
FAIL: gcc.dg/debug/20020327-1.c -gstabs3 (test for excess errors)
FAIL: gcc.dg/debug/20020327-1.c -gstabs3 -O (test for excess errors)
FAIL: gcc.dg/debug/20020327-1.c -gstabs3 -O3 (test for excess errors)
FAIL: gcc.dg/debug/20020327-1.c -gstabs+1 (test for excess errors)
FAIL: gcc.dg/debug/20020327-1.c -gstabs+1 -O (test for excess errors)
FAIL: gcc.dg/debug/20020327-1.c -gstabs+1 -O3 (test for excess errors)
FAIL: gcc.dg/debug/20020327-1.c -gstabs+ (test for excess errors)
FAIL: gcc.dg/debug/20020327-1.c -gstabs+ -O (test for excess errors)
FAIL: gcc.dg/debug/20020327-1.c -gstabs+ -O3 (test for excess errors)
FAIL: gcc.dg/debug/20020327-1.c -gstabs+3 (test for excess errors)
FAIL: gcc.dg/debug/20020327-1.c -gstabs+3 -O (test for excess errors)
FAIL: gcc.dg/debug/20020327-1.c -gstabs+3 -O3 (test for excess errors)
FAIL: gcc.dg/duff-2.c (test for excess errors)
FAIL: linkage.c

		=== gcc Summary for unix/-m64 ===

# of expected passes		21463
# of unexpected failures	31
# of unexpected successes	5
# of expected failures		69
# of unresolved testcases	5
# of unsupported tests		190

		=== gcc Summary ===

# of expected passes		42959
# of unexpected failures	34
# of unexpected successes	11
# of expected failures		137
# of unresolved testcases	5
# of unsupported tests		380
/home/gccbuild/build/nightly/build-gcc-3.3rh/gcc/xgcc version 3.3.4 20040817 (Red Hat Linux 3.3.4-2)

		=== objc tests ===


Running target unix/-m32

		=== objc Summary for unix/-m32 ===

# of expected passes		1166

Running target unix/-m64

		=== objc Summary for unix/-m64 ===

# of expected passes		1166

		=== objc Summary ===

# of expected passes		2332
/home/gccbuild/build/nightly/build-gcc-3.3rh/gcc/xgcc version 3.3.4 20040817 (Red Hat Linux 3.3.4-2)

		=== libjava tests ===


Running target unix/-m32
WARNING: program timed out.
FAIL: Array_3 execution - source compiled test
WARNING: program timed out.
FAIL: Array_3 execution - gij test
WARNING: program timed out.
FAIL: Array_3 execution - bytecode->native test
WARNING: program timed out.
FAIL: Array_3 -O execution - source compiled test
WARNING: program timed out.
FAIL: Array_3 execution - gij test
WARNING: program timed out.
FAIL: Array_3 -O execution - bytecode->native test
WARNING: program timed out.
FAIL: Invoke_1 execution - source compiled test
WARNING: program timed out.
FAIL: Invoke_1 execution - bytecode->native test
WARNING: program timed out.
FAIL: Invoke_1 -O execution - source compiled test
WARNING: program timed out.
FAIL: Invoke_1 -O execution - bytecode->native test
WARNING: program timed out.
FAIL: PR218 execution - source compiled test
WARNING: program timed out.
FAIL: PR218 execution - gij test
WARNING: program timed out.
FAIL: PR218 execution - bytecode->native test
WARNING: program timed out.
FAIL: PR218 -O execution - source compiled test
WARNING: program timed out.
FAIL: PR218 execution - gij test
WARNING: program timed out.
FAIL: PR218 -O execution - bytecode->native test
WARNING: program timed out.
FAIL: SyncTest execution - gij test
WARNING: program timed out.
FAIL: SyncTest execution - bytecode->native test
WARNING: program timed out.
FAIL: SyncTest execution - gij test
WARNING: program timed out.
FAIL: SyncTest -O execution - bytecode->native test
WARNING: program timed out.
FAIL: Throw_2 execution - source compiled test
WARNING: program timed out.
FAIL: Throw_2 execution - gij test
WARNING: program timed out.
FAIL: Throw_2 execution - bytecode->native test
WARNING: program timed out.
FAIL: Throw_2 -O execution - source compiled test
WARNING: program timed out.
FAIL: Throw_2 execution - gij test
WARNING: program timed out.
FAIL: Throw_2 -O execution - bytecode->native test

		=== libjava Summary for unix/-m32 ===

# of expected passes		2939
# of unexpected failures	26
# of expected failures		16
# of untested testcases		38

Running target unix/-m64
FAIL: calls run
FAIL: cxxtest run
FAIL: field run
FAIL: final_method run
FAIL: findclass run
FAIL: invoke run
FAIL: martin run
FAIL: noclass run
FAIL: overload run
FAIL: register run
FAIL: simple_int run
FAIL: throwit run
FAIL: virtual run
FAIL: ArrayStore execution - source compiled test
FAIL: ArrayStore execution - gij test
FAIL: ArrayStore execution - bytecode->native test
FAIL: ArrayStore -O execution - source compiled test
FAIL: ArrayStore execution - gij test
FAIL: ArrayStore -O execution - bytecode->native test
FAIL: ArrayStore2 execution - source compiled test
FAIL: ArrayStore2 execution - gij test
FAIL: ArrayStore2 execution - bytecode->native test
FAIL: ArrayStore2 -O execution - source compiled test
FAIL: ArrayStore2 execution - gij test
FAIL: ArrayStore2 -O execution - bytecode->native test
FAIL: Array_1 execution - source compiled test
FAIL: Array_1 execution - gij test
FAIL: Array_1 execution - bytecode->native test
FAIL: Array_1 -O execution - source compiled test
FAIL: Array_1 execution - gij test
FAIL: Array_1 -O execution - bytecode->native test
FAIL: Array_2 execution - source compiled test
FAIL: Array_2 execution - gij test
FAIL: Array_2 execution - bytecode->native test
FAIL: Array_2 -O execution - source compiled test
FAIL: Array_2 execution - gij test
FAIL: Array_2 -O execution - bytecode->native test
FAIL: Array_3 execution - source compiled test
FAIL: Array_3 execution - gij test
FAIL: Array_3 execution - bytecode->native test
FAIL: Array_3 -O execution - source compiled test
FAIL: Array_3 execution - gij test
FAIL: Array_3 -O execution - bytecode->native test
FAIL: Class_1 execution - source compiled test
FAIL: Class_1 execution - gij test
FAIL: Class_1 execution - bytecode->native test
FAIL: Class_1 -O execution - source compiled test
FAIL: Class_1 execution - gij test
FAIL: Class_1 -O execution - bytecode->native test
FAIL: Divide_1 execution - source compiled test
FAIL: Divide_1 execution - gij test
FAIL: Divide_1 execution - bytecode->native test
FAIL: Divide_1 -O execution - source compiled test
FAIL: Divide_1 execution - gij test
FAIL: Divide_1 -O execution - bytecode->native test
FAIL: EvaluationOrder execution - source compiled test
FAIL: EvaluationOrder execution - gij test
FAIL: EvaluationOrder execution - bytecode->native test
FAIL: EvaluationOrder -O execution - source compiled test
FAIL: EvaluationOrder execution - gij test
FAIL: EvaluationOrder -O execution - bytecode->native test
FAIL: FileHandleGcTest execution - source compiled test
FAIL: FileHandleGcTest execution - gij test
FAIL: FileHandleGcTest execution - bytecode->native test
FAIL: FileHandleGcTest -O execution - source compiled test
FAIL: FileHandleGcTest execution - gij test
FAIL: FileHandleGcTest -O execution - bytecode->native test
FAIL: Final execution - source compiled test
FAIL: Final execution - gij test
FAIL: Final execution - bytecode->native test
FAIL: Final -O execution - source compiled test
FAIL: Final execution - gij test
FAIL: Final -O execution - bytecode->native test
FAIL: Float_1 execution - source compiled test
FAIL: Float_1 execution - gij test
FAIL: Float_1 execution - bytecode->native test
FAIL: Float_1 -O execution - source compiled test
FAIL: Float_1 execution - gij test
FAIL: Float_1 -O execution - bytecode->native test
FAIL: G19990301_01 execution - source compiled test
FAIL: G19990301_01 execution - gij test
FAIL: G19990301_01 execution - bytecode->native test
FAIL: G19990301_01 -O execution - source compiled test
FAIL: G19990301_01 execution - gij test
FAIL: G19990301_01 -O execution - bytecode->native test
FAIL: G19990302_02 execution - source compiled test
FAIL: G19990302_02 execution - gij test
FAIL: G19990302_02 execution - bytecode->native test
FAIL: G19990302_02 -O execution - source compiled test
FAIL: G19990302_02 execution - gij test
FAIL: G19990302_02 -O execution - bytecode->native test
FAIL: G19990303_01 execution - source compiled test
FAIL: G19990303_01 execution - gij test
FAIL: G19990303_01 execution - bytecode->native test
FAIL: G19990303_01 -O execution - source compiled test
FAIL: G19990303_01 execution - gij test
FAIL: G19990303_01 -O execution - bytecode->native test
FAIL: G19990303_02 execution - source compiled test
FAIL: G19990303_02 execution - gij test
FAIL: G19990303_02 execution - bytecode->native test
FAIL: G19990303_02 -O execution - source compiled test
FAIL: G19990303_02 execution - gij test
FAIL: G19990303_02 -O execution - bytecode->native test
FAIL: G19990304_01 execution - source compiled test
FAIL: G19990304_01 execution - gij test
FAIL: G19990304_01 execution - bytecode->native test
FAIL: G19990304_01 -O execution - source compiled test
FAIL: G19990304_01 execution - gij test
FAIL: G19990304_01 -O execution - bytecode->native test
FAIL: G19990310_01 execution - source compiled test
FAIL: G19990310_01 execution - gij test
FAIL: G19990310_01 execution - bytecode->native test
FAIL: G19990310_01 -O execution - source compiled test
FAIL: G19990310_01 execution - gij test
FAIL: G19990310_01 -O execution - bytecode->native test
FAIL: II execution - source compiled test
FAIL: II execution - gij test
FAIL: II execution - bytecode->native test
FAIL: II -O execution - source compiled test
FAIL: II execution - gij test
FAIL: II -O execution - bytecode->native test
FAIL: InterfaceDispatch execution - source compiled test
FAIL: InterfaceDispatch execution - gij test
FAIL: InterfaceDispatch execution - bytecode->native test
FAIL: InterfaceDispatch -O execution - source compiled test
FAIL: InterfaceDispatch execution - gij test
FAIL: InterfaceDispatch -O execution - bytecode->native test
FAIL: InvokeReturn execution - source compiled test
FAIL: InvokeReturn execution - gij test
FAIL: InvokeReturn execution - bytecode->native test
FAIL: InvokeReturn -O execution - source compiled test
FAIL: InvokeReturn execution - gij test
FAIL: InvokeReturn -O execution - bytecode->native test
FAIL: Invoke_1 execution - source compiled test
FAIL: Invoke_1 execution - gij test
FAIL: Invoke_1 execution - bytecode->native test
FAIL: Invoke_1 -O execution - source compiled test
FAIL: Invoke_1 execution - gij test
FAIL: Invoke_1 -O execution - bytecode->native test
FAIL: Invoke_2 execution - source compiled test
FAIL: Invoke_2 execution - gij test
FAIL: Invoke_2 execution - bytecode->native test
FAIL: Invoke_2 -O execution - source compiled test
FAIL: Invoke_2 execution - gij test
FAIL: Invoke_2 -O execution - bytecode->native test
FAIL: KeepInline execution - source compiled test
FAIL: KeepInline execution - gij test
FAIL: KeepInline execution - bytecode->native test
FAIL: KeepInline -O execution - source compiled test
FAIL: KeepInline execution - gij test
FAIL: KeepInline -O execution - bytecode->native test
FAIL: Matrix4f execution - source compiled test
FAIL: Matrix4f execution - gij test
FAIL: Matrix4f execution - bytecode->native test
FAIL: Matrix4f -O execution - source compiled test
FAIL: Matrix4f execution - gij test
FAIL: Matrix4f -O execution - bytecode->native test
FAIL: N19990310_02 execution - source compiled test
FAIL: N19990310_02 execution - gij test
FAIL: N19990310_02 execution - bytecode->native test
FAIL: N19990310_02 -O execution - source compiled test
FAIL: N19990310_02 execution - gij test
FAIL: N19990310_02 -O execution - bytecode->native test
FAIL: N19990310_3 execution - source compiled test
FAIL: N19990310_3 execution - gij test
FAIL: N19990310_3 execution - bytecode->native test
FAIL: N19990310_3 -O execution - source compiled test
FAIL: N19990310_3 execution - gij test
FAIL: N19990310_3 -O execution - bytecode->native test
FAIL: N19990310_4 execution - source compiled test
FAIL: N19990310_4 execution - gij test
FAIL: N19990310_4 execution - bytecode->native test
FAIL: N19990310_4 -O execution - source compiled test
FAIL: N19990310_4 execution - gij test
FAIL: N19990310_4 -O execution - bytecode->native test
FAIL: N19990310_5 execution - source compiled test
FAIL: N19990310_5 execution - gij test
FAIL: N19990310_5 execution - bytecode->native test
FAIL: N19990310_5 -O execution - source compiled test
FAIL: N19990310_5 execution - gij test
FAIL: N19990310_5 -O execution - bytecode->native test
FAIL: PR141 execution - source compiled test
FAIL: PR141 execution - gij test
FAIL: PR141 execution - bytecode->native test
FAIL: PR141 -O execution - source compiled test
FAIL: PR141 execution - gij test
FAIL: PR141 -O execution - bytecode->native test
FAIL: PR160 execution - source compiled test
FAIL: PR160 execution - gij test
FAIL: PR160 execution - bytecode->native test
FAIL: PR160 -O execution - source compiled test
FAIL: PR160 execution - gij test
FAIL: PR160 -O execution - bytecode->native test
FAIL: PR162 execution - source compiled test
FAIL: PR162 execution - gij test
FAIL: PR162 execution - bytecode->native test
FAIL: PR162 -O execution - source compiled test
FAIL: PR162 execution - gij test
FAIL: PR162 -O execution - bytecode->native test
FAIL: PR218 execution - source compiled test
FAIL: PR218 execution - gij test
FAIL: PR218 execution - bytecode->native test
FAIL: PR218 -O execution - source compiled test
FAIL: PR218 execution - gij test
FAIL: PR218 -O execution - bytecode->native test
FAIL: PR242 execution - source compiled test
FAIL: PR242 execution - gij test
FAIL: PR242 execution - bytecode->native test
FAIL: PR242 -O execution - source compiled test
FAIL: PR242 execution - gij test
FAIL: PR242 -O execution - bytecode->native test
FAIL: PR260 execution - source compiled test
FAIL: PR260 execution - gij test
FAIL: PR260 execution - bytecode->native test
FAIL: PR260 -O execution - source compiled test
FAIL: PR260 execution - gij test
FAIL: PR260 -O execution - bytecode->native test
FAIL: PR3096 execution - source compiled test
FAIL: PR3096 execution - gij test
FAIL: PR3096 execution - bytecode->native test
FAIL: PR3096 -O execution - source compiled test
FAIL: PR3096 execution - gij test
FAIL: PR3096 -O execution - bytecode->native test
FAIL: PR3731 execution - source compiled test
FAIL: PR3731 execution - gij test
FAIL: PR3731 execution - bytecode->native test
FAIL: PR3731 -O execution - source compiled test
FAIL: PR3731 execution - gij test
FAIL: PR3731 -O execution - bytecode->native test
FAIL: PR5057 execution - source compiled test
FAIL: PR5057 execution - gij test
FAIL: PR5057 execution - bytecode->native test
FAIL: PR5057 -O execution - source compiled test
FAIL: PR5057 execution - gij test
FAIL: PR5057 -O execution - bytecode->native test
FAIL: PR5057_2 execution - source compiled test
FAIL: PR5057_2 execution - gij test
FAIL: PR5057_2 execution - bytecode->native test
FAIL: PR5057_2 -O execution - source compiled test
FAIL: PR5057_2 execution - gij test
FAIL: PR5057_2 -O execution - bytecode->native test
FAIL: PR55 execution - source compiled test
FAIL: PR55 execution - gij test
FAIL: PR55 execution - bytecode->native test
FAIL: PR55 -O execution - source compiled test
FAIL: PR55 execution - gij test
FAIL: PR55 -O execution - bytecode->native test
FAIL: PR56 execution - source compiled test
FAIL: PR56 execution - gij test
FAIL: PR56 execution - bytecode->native test
FAIL: PR56 -O execution - source compiled test
FAIL: PR56 execution - gij test
FAIL: PR56 -O execution - bytecode->native test
FAIL: PR6085 execution - source compiled test
FAIL: PR6085 execution - gij test
FAIL: PR6085 execution - bytecode->native test
FAIL: PR6085 -O execution - source compiled test
FAIL: PR6085 execution - gij test
FAIL: PR6085 -O execution - bytecode->native test
FAIL: PR6204 execution - source compiled test
FAIL: PR6204 execution - gij test
FAIL: PR6204 execution - bytecode->native test
FAIL: PR6204 -O execution - source compiled test
FAIL: PR6204 execution - gij test
FAIL: PR6204 -O execution - bytecode->native test
FAIL: PR6729 execution - source compiled test
FAIL: PR6729 execution - gij test
FAIL: PR6729 execution - bytecode->native test
FAIL: PR6729 -O execution - source compiled test
FAIL: PR6729 execution - gij test
FAIL: PR6729 -O execution - bytecode->native test
FAIL: PR6820 execution - source compiled test
FAIL: PR6820 execution - gij test
FAIL: PR6820 execution - bytecode->native test
FAIL: PR6820 -O execution - source compiled test
FAIL: PR6820 execution - gij test
FAIL: PR6820 -O execution - bytecode->native test
FAIL: Shazam execution - source compiled test
FAIL: Shazam execution - gij test
FAIL: Shazam execution - bytecode->native test
FAIL: Shazam -O execution - source compiled test
FAIL: Shazam execution - gij test
FAIL: Shazam -O execution - bytecode->native test
FAIL: StaticConstructor execution - source compiled test
FAIL: StaticConstructor execution - gij test
FAIL: StaticConstructor execution - bytecode->native test
FAIL: StaticConstructor -O execution - source compiled test
FAIL: StaticConstructor execution - gij test
FAIL: StaticConstructor -O execution - bytecode->native test
FAIL: StringBuffer_1 execution - source compiled test
FAIL: StringBuffer_1 execution - gij test
FAIL: StringBuffer_1 execution - bytecode->native test
FAIL: StringBuffer_1 -O execution - source compiled test
FAIL: StringBuffer_1 execution - gij test
FAIL: StringBuffer_1 -O execution - bytecode->native test
FAIL: SyncGlobal execution - source compiled test
FAIL: SyncGlobal execution - gij test
FAIL: SyncGlobal execution - bytecode->native test
FAIL: SyncGlobal -O execution - source compiled test
FAIL: SyncGlobal execution - gij test
FAIL: SyncGlobal -O execution - bytecode->native test
FAIL: SyncTest execution - source compiled test
FAIL: SyncTest execution - gij test
FAIL: SyncTest execution - bytecode->native test
FAIL: SyncTest -O execution - source compiled test
FAIL: SyncTest execution - gij test
FAIL: SyncTest -O execution - bytecode->native test
FAIL: Synch execution - source compiled test
FAIL: Synch execution - gij test
FAIL: Synch execution - bytecode->native test
FAIL: Synch -O execution - source compiled test
FAIL: Synch execution - gij test
FAIL: Synch -O execution - bytecode->native test
FAIL: TLtest execution - source compiled test
FAIL: TLtest execution - gij test
FAIL: TLtest execution - bytecode->native test
FAIL: TLtest -O execution - source compiled test
FAIL: TLtest execution - gij test
FAIL: TLtest -O execution - bytecode->native test
FAIL: TestProxy execution - source compiled test
FAIL: TestProxy execution - gij test
FAIL: TestProxy execution - bytecode->native test
FAIL: TestProxy -O execution - source compiled test
FAIL: TestProxy execution - gij test
FAIL: TestProxy -O execution - bytecode->native test
FAIL: Thread_Alive execution - source compiled test
FAIL: Thread_Alive execution - gij test
FAIL: Thread_Alive execution - bytecode->native test
FAIL: Thread_Alive -O execution - source compiled test
FAIL: Thread_Alive execution - gij test
FAIL: Thread_Alive -O execution - bytecode->native test
FAIL: Thread_Interrupt execution - source compiled test
FAIL: Thread_Interrupt execution - gij test
FAIL: Thread_Interrupt execution - bytecode->native test
FAIL: Thread_Interrupt -O execution - source compiled test
FAIL: Thread_Interrupt execution - gij test
FAIL: Thread_Interrupt -O execution - bytecode->native test
FAIL: Thread_Join execution - source compiled test
FAIL: Thread_Join execution - gij test
FAIL: Thread_Join execution - bytecode->native test
FAIL: Thread_Join -O execution - source compiled test
FAIL: Thread_Join execution - gij test
FAIL: Thread_Join -O execution - bytecode->native test
FAIL: Thread_Monitor execution - source compiled test
FAIL: Thread_Monitor execution - gij test
FAIL: Thread_Monitor execution - bytecode->native test
FAIL: Thread_Monitor -O execution - source compiled test
FAIL: Thread_Monitor execution - gij test
FAIL: Thread_Monitor -O execution - bytecode->native test
FAIL: Thread_Sleep execution - source compiled test
FAIL: Thread_Sleep execution - gij test
FAIL: Thread_Sleep execution - bytecode->native test
FAIL: Thread_Sleep -O execution - source compiled test
FAIL: Thread_Sleep execution - gij test
FAIL: Thread_Sleep -O execution - bytecode->native test
FAIL: Thread_Wait execution - source compiled test
FAIL: Thread_Wait execution - gij test
FAIL: Thread_Wait execution - bytecode->native test
FAIL: Thread_Wait -O execution - source compiled test
FAIL: Thread_Wait execution - gij test
FAIL: Thread_Wait -O execution - bytecode->native test
FAIL: Thread_Wait_2 execution - source compiled test
FAIL: Thread_Wait_2 execution - gij test
FAIL: Thread_Wait_2 execution - bytecode->native test
FAIL: Thread_Wait_2 -O execution - source compiled test
FAIL: Thread_Wait_2 execution - gij test
FAIL: Thread_Wait_2 -O execution - bytecode->native test
FAIL: Thread_Wait_Interrupt execution - source compiled test
FAIL: Thread_Wait_Interrupt execution - gij test
FAIL: Thread_Wait_Interrupt execution - bytecode->native test
FAIL: Thread_Wait_Interrupt -O execution - source compiled test
FAIL: Thread_Wait_Interrupt execution - gij test
FAIL: Thread_Wait_Interrupt -O execution - bytecode->native test
FAIL: Throw_1 execution - source compiled test
FAIL: Throw_1 execution - gij test
FAIL: Throw_1 execution - bytecode->native test
FAIL: Throw_1 -O execution - source compiled test
FAIL: Throw_1 execution - gij test
FAIL: Throw_1 -O execution - bytecode->native test
FAIL: Throw_2 execution - source compiled test
FAIL: Throw_2 execution - gij test
FAIL: Throw_2 execution - bytecode->native test
FAIL: Throw_2 -O execution - source compiled test
FAIL: Throw_2 execution - gij test
FAIL: Throw_2 -O execution - bytecode->native test
FAIL: anfi execution - source compiled test
FAIL: anfi execution - gij test
FAIL: anfi execution - bytecode->native test
FAIL: anfi -O execution - source compiled test
FAIL: anfi execution - gij test
FAIL: anfi -O execution - bytecode->native test
FAIL: anon execution - source compiled test
FAIL: anon execution - gij test
FAIL: anon execution - bytecode->native test
FAIL: anon -O execution - source compiled test
FAIL: anon execution - gij test
FAIL: anon -O execution - bytecode->native test
FAIL: anon2 execution - source compiled test
FAIL: anon2 execution - gij test
FAIL: anon2 execution - bytecode->native test
FAIL: anon2 -O execution - source compiled test
FAIL: anon2 execution - gij test
FAIL: anon2 -O execution - bytecode->native test
FAIL: anon3 execution - source compiled test
FAIL: anon3 execution - gij test
FAIL: anon3 execution - bytecode->native test
FAIL: anon3 -O execution - source compiled test
FAIL: anon3 execution - gij test
FAIL: anon3 -O execution - bytecode->native test
FAIL: anon4 execution - source compiled test
FAIL: anon4 execution - gij test
FAIL: anon4 execution - bytecode->native test
FAIL: anon4 -O execution - source compiled test
FAIL: anon4 execution - gij test
FAIL: anon4 -O execution - bytecode->native test
FAIL: anon_ctor_itf_arg execution - source compiled test
FAIL: anon_ctor_itf_arg execution - gij test
FAIL: anon_ctor_itf_arg execution - bytecode->native test
FAIL: anon_ctor_itf_arg -O execution - source compiled test
FAIL: anon_ctor_itf_arg execution - gij test
FAIL: anon_ctor_itf_arg -O execution - bytecode->native test
FAIL: anonarray execution - source compiled test
FAIL: anonarray execution - gij test
FAIL: anonarray execution - bytecode->native test
FAIL: anonarray -O execution - source compiled test
FAIL: anonarray execution - gij test
FAIL: anonarray -O execution - bytecode->native test
FAIL: anonarray2 execution - source compiled test
FAIL: anonarray2 execution - gij test
FAIL: anonarray2 execution - bytecode->native test
FAIL: anonarray2 -O execution - source compiled test
FAIL: anonarray2 execution - gij test
FAIL: anonarray2 -O execution - bytecode->native test
FAIL: anonarray3 execution - source compiled test
FAIL: anonarray3 execution - gij test
FAIL: anonarray3 execution - bytecode->native test
FAIL: anonarray3 -O execution - source compiled test
FAIL: anonarray3 execution - gij test
FAIL: anonarray3 -O execution - bytecode->native test
FAIL: assign execution - source compiled test
FAIL: assign execution - gij test
FAIL: assign execution - bytecode->native test
FAIL: assign -O execution - source compiled test
FAIL: assign execution - gij test
FAIL: assign -O execution - bytecode->native test
FAIL: direct_read execution - source compiled test
FAIL: direct_read execution - gij test
FAIL: direct_read execution - bytecode->native test
FAIL: direct_read -O execution - source compiled test
FAIL: direct_read execution - gij test
FAIL: direct_read -O execution - bytecode->native test
FAIL: direct_write execution - source compiled test
FAIL: direct_write execution - gij test
FAIL: direct_write execution - bytecode->native test
FAIL: direct_write -O execution - source compiled test
FAIL: direct_write execution - gij test
FAIL: direct_write -O execution - bytecode->native test
FAIL: emptystring execution - source compiled test
FAIL: emptystring execution - gij test
FAIL: emptystring execution - bytecode->native test
FAIL: emptystring -O execution - source compiled test
FAIL: emptystring execution - gij test
FAIL: emptystring -O execution - bytecode->native test
FAIL: err1 execution - source compiled test
FAIL: err1 execution - gij test
FAIL: err1 execution - bytecode->native test
FAIL: err1 -O execution - source compiled test
FAIL: err1 execution - gij test
FAIL: err1 -O execution - bytecode->native test
FAIL: err10 execution - source compiled test
FAIL: err10 execution - gij test
FAIL: err10 execution - bytecode->native test
FAIL: err10 -O execution - source compiled test
FAIL: err10 execution - gij test
FAIL: err10 -O execution - bytecode->native test
FAIL: err11 execution - source compiled test
FAIL: err11 execution - gij test
FAIL: err11 execution - bytecode->native test
FAIL: err11 -O execution - source compiled test
FAIL: err11 execution - gij test
FAIL: err11 -O execution - bytecode->native test
FAIL: err12 execution - source compiled test
FAIL: err12 execution - gij test
FAIL: err12 execution - bytecode->native test
FAIL: err12 -O execution - source compiled test
FAIL: err12 execution - gij test
FAIL: err12 -O execution - bytecode->native test
FAIL: err13 execution - source compiled test
FAIL: err13 execution - gij test
FAIL: err13 execution - bytecode->native test
FAIL: err13 -O execution - source compiled test
FAIL: err13 execution - gij test
FAIL: err13 -O execution - bytecode->native test
FAIL: err2 execution - source compiled test
FAIL: err2 execution - gij test
FAIL: err2 execution - bytecode->native test
FAIL: err2 -O execution - source compiled test
FAIL: err2 execution - gij test
FAIL: err2 -O execution - bytecode->native test
FAIL: err3 execution - source compiled test
FAIL: err3 execution - gij test
FAIL: err3 execution - bytecode->native test
FAIL: err3 -O execution - source compiled test
FAIL: err3 execution - gij test
FAIL: err3 -O execution - bytecode->native test
FAIL: err4 execution - source compiled test
FAIL: err4 execution - gij test
FAIL: err4 execution - bytecode->native test
FAIL: err4 -O execution - source compiled test
FAIL: err4 execution - gij test
FAIL: err4 -O execution - bytecode->native test
FAIL: err5 execution - source compiled test
FAIL: err5 execution - gij test
FAIL: err5 execution - bytecode->native test
FAIL: err5 -O execution - source compiled test
FAIL: err5 execution - gij test
FAIL: err5 -O execution - bytecode->native test
FAIL: err6 execution - source compiled test
FAIL: err6 execution - gij test
FAIL: err6 execution - bytecode->native test
FAIL: err6 -O execution - source compiled test
FAIL: err6 execution - gij test
FAIL: err6 -O execution - bytecode->native test
FAIL: err7 execution - source compiled test
FAIL: err7 execution - gij test
FAIL: err7 execution - bytecode->native test
FAIL: err7 -O execution - source compiled test
FAIL: err7 execution - gij test
FAIL: err7 -O execution - bytecode->native test
FAIL: err8 execution - source compiled test
FAIL: err8 execution - gij test
FAIL: err8 execution - bytecode->native test
FAIL: err8 -O execution - source compiled test
FAIL: err8 execution - gij test
FAIL: err8 -O execution - bytecode->native test
FAIL: err9 execution - source compiled test
FAIL: err9 execution - gij test
FAIL: err9 execution - bytecode->native test
FAIL: err9 -O execution - source compiled test
FAIL: err9 execution - gij test
FAIL: err9 -O execution - bytecode->native test
FAIL: final_inner execution - source compiled test
FAIL: final_inner execution - gij test
FAIL: final_inner execution - bytecode->native test
FAIL: final_inner -O execution - source compiled test
FAIL: final_inner execution - gij test
FAIL: final_inner -O execution - bytecode->native test
FAIL: final_int execution - source compiled test
FAIL: final_int execution - gij test
FAIL: final_int execution - bytecode->native test
FAIL: final_int -O execution - source compiled test
FAIL: final_int execution - gij test
FAIL: final_int -O execution - bytecode->native test
FAIL: final_static_and_friend execution - source compiled test
FAIL: final_static_and_friend execution - gij test
FAIL: final_static_and_friend execution - bytecode->native test
FAIL: final_static_and_friend -O execution - source compiled test
FAIL: final_static_and_friend execution - gij test
FAIL: final_static_and_friend -O execution - bytecode->native test
FAIL: indirect execution - source compiled test
FAIL: indirect execution - gij test
FAIL: indirect execution - bytecode->native test
FAIL: indirect -O execution - source compiled test
FAIL: indirect execution - gij test
FAIL: indirect -O execution - bytecode->native test
FAIL: indirect_read execution - source compiled test
FAIL: indirect_read execution - gij test
FAIL: indirect_read execution - bytecode->native test
FAIL: indirect_read -O execution - source compiled test
FAIL: indirect_read execution - gij test
FAIL: indirect_read -O execution - bytecode->native test
FAIL: indirect_write execution - source compiled test
FAIL: indirect_write execution - gij test
FAIL: indirect_write execution - bytecode->native test
FAIL: indirect_write -O execution - source compiled test
FAIL: indirect_write execution - gij test
FAIL: indirect_write -O execution - bytecode->native test
FAIL: initexc execution - source compiled test
FAIL: initexc execution - gij test
FAIL: initexc execution - bytecode->native test
FAIL: initexc -O execution - source compiled test
FAIL: initexc execution - gij test
FAIL: initexc -O execution - bytecode->native test
FAIL: initfield execution - source compiled test
FAIL: initfield execution - gij test
FAIL: initfield execution - bytecode->native test
FAIL: initfield -O execution - source compiled test
FAIL: initfield execution - gij test
FAIL: initfield -O execution - bytecode->native test
FAIL: inline execution - source compiled test
FAIL: inline execution - gij test
FAIL: inline execution - bytecode->native test
FAIL: inline -O execution - source compiled test
FAIL: inline execution - gij test
FAIL: inline -O execution - bytecode->native test
FAIL: inner1 execution - source compiled test
FAIL: inner1 execution - gij test
FAIL: inner1 execution - bytecode->native test
FAIL: inner1 -O execution - source compiled test
FAIL: inner1 execution - gij test
FAIL: inner1 -O execution - bytecode->native test
FAIL: inner2 execution - source compiled test
FAIL: inner2 execution - gij test
FAIL: inner2 execution - bytecode->native test
FAIL: inner2 -O execution - source compiled test
FAIL: inner2 execution - gij test
FAIL: inner2 -O execution - bytecode->native test
FAIL: inner3 execution - source compiled test
FAIL: inner3 execution - gij test
FAIL: inner3 execution - bytecode->native test
FAIL: inner3 -O execution - source compiled test
FAIL: inner3 execution - gij test
FAIL: inner3 -O execution - bytecode->native test
FAIL: inner4 execution - source compiled test
FAIL: inner4 execution - gij test
FAIL: inner4 execution - bytecode->native test
FAIL: inner4 -O execution - source compiled test
FAIL: inner4 execution - gij test
FAIL: inner4 -O execution - bytecode->native test
FAIL: inner_array execution - source compiled test
FAIL: inner_array execution - gij test
FAIL: inner_array execution - bytecode->native test
FAIL: inner_array -O execution - source compiled test
FAIL: inner_array execution - gij test
FAIL: inner_array -O execution - bytecode->native test
FAIL: inner_interface execution - source compiled test
FAIL: inner_interface execution - gij test
FAIL: inner_interface execution - bytecode->native test
FAIL: inner_interface -O execution - source compiled test
FAIL: inner_interface execution - gij test
FAIL: inner_interface -O execution - bytecode->native test
FAIL: instance execution - source compiled test
FAIL: instance execution - gij test
FAIL: instance execution - bytecode->native test
FAIL: instance -O execution - source compiled test
FAIL: instance execution - gij test
FAIL: instance -O execution - bytecode->native test
FAIL: instinit execution - source compiled test
FAIL: instinit execution - gij test
FAIL: instinit execution - bytecode->native test
FAIL: instinit -O execution - source compiled test
FAIL: instinit execution - gij test
FAIL: instinit -O execution - bytecode->native test
FAIL: instinit2 execution - source compiled test
FAIL: instinit2 execution - gij test
FAIL: instinit2 execution - bytecode->native test
FAIL: instinit2 -O execution - source compiled test
FAIL: instinit2 execution - gij test
FAIL: instinit2 -O execution - bytecode->native test
FAIL: invoke_from_inner execution - source compiled test
FAIL: invoke_from_inner execution - gij test
FAIL: invoke_from_inner execution - bytecode->native test
FAIL: invoke_from_inner -O execution - source compiled test
FAIL: invoke_from_inner execution - gij test
FAIL: invoke_from_inner -O execution - bytecode->native test
FAIL: invokethrow execution - source compiled test
FAIL: invokethrow execution - gij test
FAIL: invokethrow execution - bytecode->native test
FAIL: invokethrow -O execution - source compiled test
FAIL: invokethrow execution - gij test
FAIL: invokethrow -O execution - bytecode->native test
FAIL: klass execution - source compiled test
FAIL: klass execution - gij test
FAIL: klass execution - bytecode->native test
FAIL: klass -O execution - source compiled test
FAIL: klass execution - gij test
FAIL: klass -O execution - bytecode->native test
FAIL: multiple_finit execution - source compiled test
FAIL: multiple_finit execution - gij test
FAIL: multiple_finit execution - bytecode->native test
FAIL: multiple_finit -O execution - source compiled test
FAIL: multiple_finit execution - gij test
FAIL: multiple_finit -O execution - bytecode->native test
FAIL: negzero execution - source compiled test
FAIL: negzero execution - gij test
FAIL: negzero execution - bytecode->native test
FAIL: negzero -O execution - source compiled test
FAIL: negzero execution - gij test
FAIL: negzero -O execution - bytecode->native test
FAIL: nested_with_ctor execution - source compiled test
FAIL: nested_with_ctor execution - gij test
FAIL: nested_with_ctor execution - bytecode->native test
FAIL: nested_with_ctor -O execution - source compiled test
FAIL: nested_with_ctor execution - gij test
FAIL: nested_with_ctor -O execution - bytecode->native test
FAIL: override execution - source compiled test
FAIL: override execution - gij test
FAIL: override execution - bytecode->native test
FAIL: override -O execution - source compiled test
FAIL: override execution - gij test
FAIL: override -O execution - bytecode->native test
FAIL: pr109 execution - source compiled test
FAIL: pr109 execution - gij test
FAIL: pr109 execution - bytecode->native test
FAIL: pr109 -O execution - source compiled test
FAIL: pr109 execution - gij test
FAIL: pr109 -O execution - bytecode->native test
FAIL: pr133 execution - source compiled test
FAIL: pr133 execution - gij test
FAIL: pr133 execution - bytecode->native test
FAIL: pr133 -O execution - source compiled test
FAIL: pr133 execution - gij test
FAIL: pr133 -O execution - bytecode->native test
FAIL: pr179 execution - source compiled test
FAIL: pr179 execution - gij test
FAIL: pr179 execution - bytecode->native test
FAIL: pr179 -O execution - source compiled test
FAIL: pr179 execution - gij test
FAIL: pr179 -O execution - bytecode->native test
FAIL: pr184 execution - source compiled test
FAIL: pr184 execution - gij test
FAIL: pr184 execution - bytecode->native test
FAIL: pr184 -O execution - source compiled test
FAIL: pr184 execution - gij test
FAIL: pr184 -O execution - bytecode->native test
FAIL: pr6388 execution - source compiled test
FAIL: pr6388 execution - gij test
FAIL: pr6388 execution - bytecode->native test
FAIL: pr6388 -O execution - source compiled test
FAIL: pr6388 execution - gij test
FAIL: pr6388 -O execution - bytecode->native test
FAIL: pr83 execution - source compiled test
FAIL: pr83 execution - gij test
FAIL: pr83 execution - bytecode->native test
FAIL: pr83 -O execution - source compiled test
FAIL: pr83 execution - gij test
FAIL: pr83 -O execution - bytecode->native test
FAIL: pr8415 execution - source compiled test
FAIL: pr8415 execution - gij test
FAIL: pr8415 execution - bytecode->native test
FAIL: pr8415 -O execution - source compiled test
FAIL: pr8415 execution - gij test
FAIL: pr8415 -O execution - bytecode->native test
FAIL: pr8676 execution - source compiled test
FAIL: pr8676 execution - gij test
FAIL: pr8676 execution - bytecode->native test
FAIL: pr8676 -O execution - source compiled test
FAIL: pr8676 execution - gij test
FAIL: pr8676 -O execution - bytecode->native test
FAIL: pr8823 execution - source compiled test
FAIL: pr8823 execution - gij test
FAIL: pr8823 -O execution - source compiled test
FAIL: pr8823 execution - gij test
FAIL: pr8945 execution - source compiled test
FAIL: pr8945 execution - gij test
FAIL: pr8945 execution - bytecode->native test
FAIL: pr8945 -O execution - source compiled test
FAIL: pr8945 execution - gij test
FAIL: pr8945 -O execution - bytecode->native test
FAIL: private_direct_read execution - source compiled test
FAIL: private_direct_read execution - gij test
FAIL: private_direct_read execution - bytecode->native test
FAIL: private_direct_read -O execution - source compiled test
FAIL: private_direct_read execution - gij test
FAIL: private_direct_read -O execution - bytecode->native test
FAIL: search_outer execution - source compiled test
FAIL: search_outer execution - gij test
FAIL: search_outer execution - bytecode->native test
FAIL: search_outer -O execution - source compiled test
FAIL: search_outer execution - gij test
FAIL: search_outer -O execution - bytecode->native test
FAIL: stringconst execution - source compiled test
FAIL: stringconst execution - gij test
FAIL: stringconst execution - bytecode->native test
FAIL: stringconst -O execution - source compiled test
FAIL: stringconst execution - gij test
FAIL: stringconst -O execution - bytecode->native test
FAIL: stringconst2 execution - source compiled test
FAIL: stringconst2 execution - gij test
FAIL: stringconst2 execution - bytecode->native test
FAIL: stringconst2 -O execution - source compiled test
FAIL: stringconst2 execution - gij test
FAIL: stringconst2 -O execution - bytecode->native test
FAIL: stub execution - source compiled test
FAIL: stub execution - gij test
FAIL: stub execution - bytecode->native test
FAIL: stub -O execution - source compiled test
FAIL: stub execution - gij test
FAIL: stub -O execution - bytecode->native test
FAIL: test_long execution - source compiled test
FAIL: test_long execution - gij test
FAIL: test_long execution - bytecode->native test
FAIL: test_long -O execution - source compiled test
FAIL: test_long execution - gij test
FAIL: test_long -O execution - bytecode->native test
FAIL: tmi execution - source compiled test
FAIL: tmi execution - gij test
FAIL: tmi execution - bytecode->native test
FAIL: tmi -O execution - source compiled test
FAIL: tmi execution - gij test
FAIL: tmi -O execution - bytecode->native test
FAIL: tp execution - source compiled test
FAIL: tp execution - gij test
FAIL: tp execution - bytecode->native test
FAIL: tp -O execution - source compiled test
FAIL: tp execution - gij test
FAIL: tp -O execution - bytecode->native test
FAIL: update_outer execution - source compiled test
FAIL: update_outer execution - gij test
FAIL: update_outer execution - bytecode->native test
FAIL: update_outer -O execution - source compiled test
FAIL: update_outer execution - gij test
FAIL: update_outer -O execution - bytecode->native test
FAIL: utf8concat execution - source compiled test
FAIL: utf8concat execution - gij test
FAIL: utf8concat execution - bytecode->native test
FAIL: utf8concat -O execution - source compiled test
FAIL: utf8concat execution - gij test
FAIL: utf8concat -O execution - bytecode->native test
FAIL: utilTest execution - source compiled test
FAIL: utilTest execution - gij test
FAIL: utilTest execution - bytecode->native test
FAIL: utilTest -O execution - source compiled test
FAIL: utilTest execution - gij test
FAIL: utilTest -O execution - bytecode->native test
FAIL: verify execution - source compiled test
FAIL: verify execution - gij test
FAIL: verify execution - bytecode->native test
FAIL: verify -O execution - source compiled test
FAIL: verify execution - gij test
FAIL: verify -O execution - bytecode->native test
FAIL: /home/gccbuild/build/nightly/build-gcc-3.3rh/powerpc64-linux/libjava/testsuite/TestEarlyGC.exe execution - /home/gccbuild/build/nightly/build-gcc-3.3rh/powerpc64-linux/libjava/testsuite/TestEarlyGC.exe
FAIL: /home/gccbuild/build/nightly/build-gcc-3.3rh/powerpc64-linux/libjava/testsuite/TestLeak.exe execution - /home/gccbuild/build/nightly/build-gcc-3.3rh/powerpc64-linux/libjava/testsuite/TestLeak.exe
FAIL: /home/gccbuild/build/nightly/build-gcc-3.3rh/powerpc64-linux/libjava/testsuite/TestMultiple.exe execution - /home/gccbuild/build/nightly/build-gcc-3.3rh/powerpc64-linux/libjava/testsuite/TestMultiple.exe
FAIL: /home/gccbuild/build/nightly/build-gcc-3.3rh/powerpc64-linux/libjava/testsuite/TestParent.exe execution - /home/gccbuild/build/nightly/build-gcc-3.3rh/powerpc64-linux/libjava/testsuite/TestParent.exe

		=== libjava Summary for unix/-m64 ===

# of expected passes		1360
# of unexpected failures	825
# of expected failures		10
# of untested testcases		837

		=== libjava Summary ===

# of expected passes		4299
# of unexpected failures	851
# of expected failures		26
# of untested testcases		875
		=== libstdc++-v3 tests ===


Running target unix/-m32
XPASS: 22_locale/collate_byname.cc execution test
XPASS: 22_locale/collate_members_char.cc execution test
XPASS: 22_locale/collate_members_wchar_t.cc execution test
XPASS: 22_locale/ctype_is_char.cc execution test
XPASS: 22_locale/ctype_is_wchar_t.cc execution test
XPASS: 22_locale/members.cc execution test
XPASS: 22_locale/messages_byname.cc execution test
XPASS: 22_locale/messages_members_char.cc execution test
XPASS: 22_locale/money_get_members_char.cc execution test
XPASS: 22_locale/money_get_members_wchar_t.cc execution test
XPASS: 22_locale/money_put_members_char.cc execution test
XPASS: 22_locale/money_put_members_wchar_t.cc execution test
XPASS: 22_locale/moneypunct_byname.cc execution test
XPASS: 22_locale/moneypunct_members_char.cc execution test
XPASS: 22_locale/moneypunct_members_wchar_t.cc execution test
XPASS: 22_locale/num_get_members_char.cc execution test
XPASS: 22_locale/num_get_members_wchar_t.cc execution test
XPASS: 22_locale/num_put_members_char.cc execution test
XPASS: 22_locale/num_put_members_wchar_t.cc execution test
XPASS: 22_locale/numpunct_byname.cc execution test
XPASS: 22_locale/numpunct_members_char.cc execution test
XPASS: 22_locale/numpunct_members_wchar_t.cc execution test
XPASS: 22_locale/time_get_members_char.cc execution test
XPASS: 22_locale/time_get_members_wchar_t.cc execution test
XPASS: 22_locale/time_put_members_char.cc execution test
XPASS: 22_locale/time_put_members_wchar_t.cc execution test

		=== libstdc++-v3 Summary for unix/-m32 ===

# of expected passes		599
# of unexpected successes	26
# of expected failures		2

Running target unix/-m64
XPASS: 22_locale/collate_byname.cc execution test
XPASS: 22_locale/collate_members_char.cc execution test
XPASS: 22_locale/collate_members_wchar_t.cc execution test
XPASS: 22_locale/ctype_is_char.cc execution test
XPASS: 22_locale/ctype_is_wchar_t.cc execution test
XPASS: 22_locale/members.cc execution test
XPASS: 22_locale/money_get_members_char.cc execution test
XPASS: 22_locale/money_get_members_wchar_t.cc execution test
XPASS: 22_locale/money_put_members_char.cc execution test
XPASS: 22_locale/money_put_members_wchar_t.cc execution test
XPASS: 22_locale/moneypunct_byname.cc execution test
XPASS: 22_locale/moneypunct_members_char.cc execution test
XPASS: 22_locale/moneypunct_members_wchar_t.cc execution test
XPASS: 22_locale/num_get_members_char.cc execution test
XPASS: 22_locale/num_get_members_wchar_t.cc execution test
XPASS: 22_locale/num_put_members_char.cc execution test
XPASS: 22_locale/num_put_members_wchar_t.cc execution test
XPASS: 22_locale/numpunct_byname.cc execution test
XPASS: 22_locale/numpunct_members_char.cc execution test
XPASS: 22_locale/numpunct_members_wchar_t.cc execution test
XPASS: 22_locale/time_get_members_char.cc execution test
XPASS: 22_locale/time_get_members_wchar_t.cc execution test
XPASS: 22_locale/time_put_members_char.cc execution test
XPASS: 22_locale/time_put_members_wchar_t.cc execution test

		=== libstdc++-v3 Summary for unix/-m64 ===

# of expected passes		599
# of unexpected successes	24
# of expected failures		4

		=== libstdc++-v3 Summary ===

# of expected passes		1198
# of unexpected successes	50
# of expected failures		6

Compiler version: 3.3.4 20040817 (Red Hat Linux 3.3.4-2) 
Platform: powerpc64-unknown-linux-gnu
configure flags: --prefix=/opt/gcc-nightly/3.3rh-20050205 --build=powerpc64-linux --host=powerpc64-linux --target=powerpc64-linux --with-cpu=default32 --with-as=/opt/gcc-nightly/binutils/bin/as --with-ld=/opt/gcc-nightly/binutils/bin/ld --enable-threads=posix --enable-shared --enable-__cxa_atexit --enable-languages=c,c++,f77,java,objc



More information about the Gcc-testresults mailing list