Results for 4.0.0 20050202 (experimental) testsuite on powerpc-unknown-eabispe

Aldy Hernandez aldyh@redhat.com
Wed Feb 2 06:28:00 GMT 2005


LAST_UPDATED: Fri Apr 23 00:45:28 UTC 2004

Target is powerpc-unknown-eabispe
Host   is i686-pc-linux-gnu

		=== binutils tests ===


Running target powerpc-sim

		=== binutils Summary ===

# of expected passes		33
		=== expect tests ===


Running target powerpc-sim

		=== expect Summary ===

# of expected passes		1
/tmp/build/nightly-builds/powerpc-eabispe/raptorred.ges.redhat.com/expect/expect version is 5.26

Host   is i686-pc-linux-gnu

		=== gas tests ===


Running target powerpc-sim

		=== gas Summary ===

# of expected passes		59
Host   is i686-pc-linux-gnu

		=== g++ tests ===


Running target powerpc-sim
FAIL: g++.dg/conversion/simd1.C (test for excess errors)
FAIL: g++.dg/eh/simd-2.C (test for excess errors)
FAIL: g++.dg/ext/altivec-1.C (test for excess errors)
FAIL: g++.dg/ext/altivec-10.C (test for excess errors)
FAIL: g++.dg/ext/altivec-11.C (test for excess errors)
FAIL: g++.dg/ext/altivec-12.C (test for excess errors)
FAIL: g++.dg/ext/altivec-13.C (test for excess errors)
FAIL: g++.dg/ext/altivec-2.C (test for excess errors)
FAIL: g++.dg/ext/altivec-3.C (test for excess errors)
WARNING: g++.dg/ext/altivec-3.C compilation failed to produce executable
FAIL: g++.dg/ext/altivec-4.C (test for excess errors)
FAIL: g++.dg/ext/altivec-5.C (test for excess errors)
FAIL: g++.dg/ext/altivec-6.C (test for excess errors)
FAIL: g++.dg/ext/altivec-7.C (test for excess errors)
ERROR: g++.dg/ext/altivec-7.C: error executing dg-final: couldn't open "altivec-7.s": no such file or directory
UNRESOLVED: g++.dg/ext/altivec-7.C: error executing dg-final: couldn't open "altivec-7.s": no such file or directory
FAIL: g++.dg/ext/altivec-8.C (test for excess errors)
FAIL: g++.dg/ext/altivec-9.C (test for excess errors)
FAIL: g++.dg/ext/attribute-test-1.C (test for excess errors)
FAIL: g++.dg/ext/attribute-test-2.C (test for excess errors)
FAIL: g++.dg/ext/attribute-test-3.C (test for excess errors)
FAIL: g++.dg/ext/attribute-test-4.C (test for excess errors)
FAIL: g++.dg/opt/pr15551.C execution test
FAIL: g++.dg/other/opaque-3.C (test for excess errors)
FAIL: g++.dg/rtti/typeid4.C execution test
FAIL: g++.old-deja/g++.brendan/copy9.C execution test
FAIL: g++.old-deja/g++.brendan/nest21.C execution test
FAIL: g++.old-deja/g++.jason/2371.C execution test
FAIL: g++.old-deja/g++.jason/template24.C execution test
FAIL: g++.old-deja/g++.law/code-gen5.C execution test
FAIL: g++.old-deja/g++.law/cvt2.C execution test
FAIL: g++.old-deja/g++.law/virtual3.C execution test
FAIL: g++.old-deja/g++.law/virtual4.C execution test
FAIL: g++.old-deja/g++.mike/eh2.C execution test
FAIL: g++.old-deja/g++.mike/net34.C execution test
WARNING: g++.old-deja/g++.mike/p10769a.C compilation failed to produce executable
FAIL: g++.old-deja/g++.other/unchanging1.C execution test
FAIL: g++.old-deja/g++.pt/static11.C execution test
FAIL: g++.old-deja/g++.robertl/eb115.C execution test
FAIL: g++.old-deja/g++.robertl/eb33.C execution test
FAIL: g++.old-deja/g++.robertl/eb46.C execution test
FAIL: g++.old-deja/g++.robertl/eb54.C execution test
FAIL: g++.old-deja/g++.robertl/eb77.C execution test

		=== g++ Summary ===

# of expected passes		10517
# of unexpected failures	39
# of expected failures		72
# of unresolved testcases	1
# of unsupported tests		98
/tmp/build/nightly-builds/powerpc-eabispe/raptorred.ges.redhat.com/gcc/testsuite/../g++  version 4.0.0 20050202 (experimental)

Host   is i686-pc-linux-gnu

		=== gcc tests ===


Running target powerpc-sim
FAIL: gcc.c-torture/compile/simd-3.c (test for excess errors)
FAIL: gcc.c-torture/compile/simd-3.c (test for excess errors)
FAIL: gcc.c-torture/compile/simd-3.c (test for excess errors)
FAIL: gcc.c-torture/compile/simd-3.c (test for excess errors)
FAIL: gcc.c-torture/compile/simd-3.c (test for excess errors)
FAIL: gcc.c-torture/compile/simd-4.c (test for excess errors)
FAIL: gcc.c-torture/compile/simd-4.c (test for excess errors)
FAIL: gcc.c-torture/compile/simd-4.c (test for excess errors)
FAIL: gcc.c-torture/compile/simd-4.c (test for excess errors)
FAIL: gcc.c-torture/compile/simd-4.c (test for excess errors)
UNRESOLVED: gcc.c-torture/execute/20020720-1.c execution,  -O1 
UNRESOLVED: gcc.c-torture/execute/20020720-1.c execution,  -O2 
UNRESOLVED: gcc.c-torture/execute/20020720-1.c execution,  -O3 -fomit-frame-pointer 
UNRESOLVED: gcc.c-torture/execute/20020720-1.c execution,  -O3 -g 
UNRESOLVED: gcc.c-torture/execute/20020720-1.c execution,  -Os 
FAIL: gcc.dg/compat/vector-2 c_compat_y_tst.o compile
UNRESOLVED: gcc.dg/compat/vector-2 c_compat_x_tst.o-c_compat_y_tst.o link 
UNRESOLVED: gcc.dg/compat/vector-2 c_compat_x_tst.o-c_compat_y_tst.o execute 
FAIL: gcc.dg/cpp/assert4.c (test for excess errors)
FAIL: gcc.dg/20020103-1.c scan-assembler-not LC
FAIL: gcc.dg/20020118-1.c execution test
FAIL: gcc.dg/20030218-1.c  (test for errors, line 21)
FAIL: gcc.dg/20030505.c (test for excess errors)
WARNING: gcc.dg/altivec-1.c compilation failed to produce executable
FAIL: gcc.dg/altivec-10.c (test for excess errors)
FAIL: gcc.dg/altivec-11.c (test for excess errors)
ERROR: gcc.dg/altivec-11.c: error executing dg-final: couldn't open "altivec-11.s": no such file or directory
UNRESOLVED: gcc.dg/altivec-11.c: error executing dg-final: couldn't open "altivec-11.s": no such file or directory
FAIL: gcc.dg/altivec-12.c (test for excess errors)
WARNING: gcc.dg/altivec-12.c compilation failed to produce executable
FAIL: gcc.dg/altivec-13.c (test for excess errors)
FAIL: gcc.dg/altivec-14.c  (test for warnings, line 7)
FAIL: gcc.dg/altivec-14.c  (test for warnings, line 8)
FAIL: gcc.dg/altivec-14.c  (test for warnings, line 9)
FAIL: gcc.dg/altivec-14.c  (test for warnings, line 10)
FAIL: gcc.dg/altivec-14.c  (test for warnings, line 11)
FAIL: gcc.dg/altivec-14.c  (test for warnings, line 12)
FAIL: gcc.dg/altivec-14.c  (test for warnings, line 14)
FAIL: gcc.dg/altivec-14.c  (test for warnings, line 15)
FAIL: gcc.dg/altivec-14.c  (test for warnings, line 16)
FAIL: gcc.dg/altivec-14.c  (test for warnings, line 20)
FAIL: gcc.dg/altivec-14.c  (test for warnings, line 21)
FAIL: gcc.dg/altivec-14.c  (test for warnings, line 22)
FAIL: gcc.dg/altivec-14.c (test for excess errors)
FAIL: gcc.dg/altivec-15.c (test for excess errors)
FAIL: gcc.dg/altivec-16.c (test for excess errors)
FAIL: gcc.dg/altivec-17.c (test for excess errors)
FAIL: gcc.dg/altivec-18.c (test for excess errors)
ERROR: gcc.dg/altivec-18.c: error executing dg-final: couldn't open "altivec-18.s": no such file or directory
UNRESOLVED: gcc.dg/altivec-18.c: error executing dg-final: couldn't open "altivec-18.s": no such file or directory
FAIL: gcc.dg/altivec-2.c  (test for errors, line 13)
FAIL: gcc.dg/altivec-2.c (test for excess errors)
WARNING: gcc.dg/altivec-3.c compilation failed to produce executable
FAIL: gcc.dg/altivec-4.c (test for excess errors)
FAIL: gcc.dg/altivec-5.c (test for excess errors)
FAIL: gcc.dg/altivec-6.c (test for excess errors)
FAIL: gcc.dg/altivec-7.c (test for excess errors)
FAIL: gcc.dg/altivec-8.c (test for excess errors)
FAIL: gcc.dg/altivec-9.c (test for excess errors)
WARNING: gcc.dg/altivec-varargs-1.c compilation failed to produce executable
XPASS: gcc.dg/darwin-longlong.c (test for excess errors)
FAIL: gcc.dg/darwin-longlong.c execution test
FAIL: gcc.dg/intmax_t-1.c (test for excess errors)
FAIL: gcc.dg/ppc-spe.c (test for excess errors)
FAIL: gcc.dg/ppc-vector-memcpy.c (test for excess errors)
ERROR: gcc.dg/ppc-vector-memcpy.c: error executing dg-final: couldn't open "ppc-vector-memcpy.s": no such file or directory
UNRESOLVED: gcc.dg/ppc-vector-memcpy.c: error executing dg-final: couldn't open "ppc-vector-memcpy.s": no such file or directory
FAIL: gcc.dg/ppc-vector-memset.c (test for excess errors)
ERROR: gcc.dg/ppc-vector-memset.c: error executing dg-final: couldn't open "ppc-vector-memset.s": no such file or directory
UNRESOLVED: gcc.dg/ppc-vector-memset.c: error executing dg-final: couldn't open "ppc-vector-memset.s": no such file or directory
FAIL: gcc.dg/pr16155.c (test for excess errors)
FAIL: gcc.dg/pr16286.c (test for excess errors)
FAIL: gcc.dg/spe1.c (test for excess errors)
FAIL: gcc.dg/vect/vect-82_64.c (test for excess errors)
WARNING: gcc.dg/vect/vect-82_64.c compilation failed to produce executable
ERROR: gcc.dg/vect/vect-82_64.c: error executing dg-final: no files matched glob pattern "vect-82_64.c.t??.vect"
UNRESOLVED: gcc.dg/vect/vect-82_64.c: error executing dg-final: no files matched glob pattern "vect-82_64.c.t??.vect"
FAIL: gcc.dg/vect/vect-83_64.c (test for excess errors)
WARNING: gcc.dg/vect/vect-83_64.c compilation failed to produce executable
ERROR: gcc.dg/vect/vect-83_64.c: error executing dg-final: no files matched glob pattern "vect-83_64.c.t??.vect"
UNRESOLVED: gcc.dg/vect/vect-83_64.c: error executing dg-final: no files matched glob pattern "vect-83_64.c.t??.vect"
XPASS: gcc.dg/vect/vect-85.c scan-tree-dump-times vectorized 1 loops 1
XPASS: gcc.dg/vect/vect-86.c scan-tree-dump-times vectorized 1 loops 1
XPASS: gcc.dg/vect/vect-87.c scan-tree-dump-times vectorized 1 loops 1
XPASS: gcc.dg/vect/vect-87.c scan-tree-dump-times Alignment of access forced using peeling 1
XPASS: gcc.dg/vect/vect-88.c scan-tree-dump-times vectorized 1 loops 1
XPASS: gcc.dg/vect/vect-88.c scan-tree-dump-times Alignment of access forced using peeling 1

		=== gcc Summary ===

# of expected passes		32216
# of unexpected failures	55
# of unexpected successes	7
# of expected failures		96
# of unresolved testcases	13
# of untested testcases		28
# of unsupported tests		450
/tmp/build/nightly-builds/powerpc-eabispe/raptorred.ges.redhat.com/gcc/xgcc  version 4.0.0 20050202 (experimental)

Host   is i686-pc-linux-gnu

		=== gdb tests ===


Running target powerpc-sim
ERROR: powerpc-eabispe-gdb does not exist.
Host   is i686-pc-linux-gnu

		=== ld tests ===


Running target powerpc-sim
XPASS: S-records with constructors

		=== ld Summary ===

# of expected passes		75
# of unexpected successes	1
# of expected failures		4
Host   is powerpc-unknown-eabispe

		=== libstdc++ tests ===


Running target powerpc-sim
FAIL: 26_numerics/cmath/fabs_inline.cc execution test
FAIL: 26_numerics/complex/complex_inserters_extractors.cc execution test
FAIL: 26_numerics/valarray/binary_closure.cc execution test
FAIL: ext/hash_map/14648.cc execution test
FAIL: ext/mt_allocator/deallocate_global-4.cc execution test
FAIL: ext/mt_allocator/deallocate_local-2.cc execution test
FAIL: ext/mt_allocator/deallocate_local-4.cc execution test
FAIL: ext/new_allocator/deallocate_global.cc execution test
FAIL: ext/rope/1.cc execution test
WARNING: program timed out.
FAIL: ext/rope/3.cc execution test

		=== libstdc++ Summary ===

# of expected passes		608
# of unexpected failures	10
# of expected failures		1
Host   is i686-pc-linux-gnu

		=== newlib tests ===


Running target powerpc-sim
FAIL: Failed to compile /home/cygnus/aldyh/source/untainted-sources/uber/newlib/testsuite/newlib.iconv/iconvjp.c.
FAIL: Failed to compile /home/cygnus/aldyh/source/untainted-sources/uber/newlib/testsuite/newlib.iconv/iconvnm.c.
FAIL: Failed to compile /home/cygnus/aldyh/source/untainted-sources/uber/newlib/testsuite/newlib.iconv/iconvru.c.
FAIL: Failed to compile UTF-8.c.
FAIL: Failed to compile /home/cygnus/aldyh/source/untainted-sources/uber/newlib/testsuite/newlib.search/hsearchtest.c.
FAIL: Failed to compile atexit.c.
FAIL: Failed to compile /home/cygnus/aldyh/source/untainted-sources/uber/newlib/testsuite/newlib.string/memmove1.c.
FAIL: Failed to compile /home/cygnus/aldyh/source/untainted-sources/uber/newlib/testsuite/newlib.string/tstring.c.
FAIL: Failed to compile /home/cygnus/aldyh/source/untainted-sources/uber/newlib/testsuite/newlib.wctype/tiswctype.c.
FAIL: Failed to compile /home/cygnus/aldyh/source/untainted-sources/uber/newlib/testsuite/newlib.wctype/twctrans.c.
FAIL: Failed to compile /home/cygnus/aldyh/source/untainted-sources/uber/newlib/testsuite/newlib.wctype/twctype.c.

		=== newlib Summary ===

# of unexpected failures	11
		=== tcl tests ===


Running target powerpc-sim
ERROR: /home/cygnus/aldyh/source/untainted-sources/uber/tcl/testsuite/../tests/defs does not exist.
ERROR: Couldn't start the Tcl test shell

		=== tcl Summary ===


Compiler version: 4.0.0 20050202 (experimental) 
Platform: powerpc-unknown-eabispe
configure flags: --target=powerpc-eabispe --without-x --disable-libmudflap --disable-multilib --enable-languages=c,c++



More information about the Gcc-testresults mailing list