Results for 4.0.0 20050201 (experimental) testsuite on x86_64-unknown-netbsd2.0

Krister Walfridsson cato@df.lth.se
Tue Feb 1 21:33:00 GMT 2005


LAST_UPDATED: Tue Feb  1 19:25:51 UTC 2005

Native configuration is x86_64-unknown-netbsd2.0

		=== g++ tests ===


Running target unix
WARNING: g++.old-deja/g++.mike/p10769a.C compilation failed to produce executable
XPASS: g++.old-deja/g++.other/init5.C execution test

		=== g++ Summary ===

# of expected passes		10541
# of unexpected successes	1
# of expected failures		71
# of unsupported tests		102
/gcctmp/gcc050201/build/gcc/testsuite/../g++  version 4.0.0 20050201 (experimental)

		=== gcc tests ===


Running target unix
FAIL: gcc.c-torture/execute/builtins/strlen-3.c compilation,  -O1 
UNRESOLVED: gcc.c-torture/execute/builtins/strlen-3.c execution,  -O1 
FAIL: gcc.c-torture/execute/conversion.c execution,  -O0 
FAIL: gcc.c-torture/execute/conversion.c execution,  -O1 
FAIL: gcc.c-torture/execute/conversion.c execution,  -O2 
FAIL: gcc.c-torture/execute/conversion.c execution,  -Os 
FAIL: gcc.dg/compat/struct-complex-1 c_compat_x_tst.o compile
FAIL: gcc.dg/compat/struct-complex-1 c_compat_y_tst.o compile
UNRESOLVED: gcc.dg/compat/struct-complex-1 c_compat_x_tst.o-c_compat_y_tst.o link 
UNRESOLVED: gcc.dg/compat/struct-complex-1 c_compat_x_tst.o-c_compat_y_tst.o execute 
FAIL: gcc.dg/20020425-1.c (test for excess errors)
FAIL: gcc.dg/builtins-18.c (test for excess errors)
FAIL: gcc.dg/builtins-20.c (test for excess errors)
FAIL: gcc.dg/short-compare-1.c (test for excess errors)
WARNING: gcc.dg/short-compare-1.c compilation failed to produce executable
FAIL: gcc.dg/short-compare-2.c (test for excess errors)
WARNING: gcc.dg/short-compare-2.c compilation failed to produce executable
FAIL: largefile.c -O0 -g (test for excess errors)
FAIL: largefile.c  -O0  (test for excess errors)
FAIL: largefile.c  -O1  (test for excess errors)
FAIL: largefile.c  -O2  (test for excess errors)
FAIL: largefile.c  -O3 -fomit-frame-pointer  (test for excess errors)
FAIL: largefile.c  -O3 -g  (test for excess errors)
FAIL: largefile.c  -Os  (test for excess errors)
WARNING: program timed out.
FAIL: gcc.dg/special/gcsec-1.c execution test
FAIL: gcc.dg/torture/builtin-convert-1.c  -O1  (test for excess errors)
FAIL: gcc.dg/torture/builtin-convert-1.c  -O2  (test for excess errors)
FAIL: gcc.dg/torture/builtin-convert-1.c  -O3 -fomit-frame-pointer  (test for excess errors)
FAIL: gcc.dg/torture/builtin-convert-1.c  -O3 -g  (test for excess errors)
FAIL: gcc.dg/torture/builtin-convert-1.c  -Os  (test for excess errors)
FAIL: gcc.dg/torture/builtin-convert-2.c  -O1  (test for excess errors)
FAIL: gcc.dg/torture/builtin-convert-2.c  -O2  (test for excess errors)
FAIL: gcc.dg/torture/builtin-convert-2.c  -O3 -fomit-frame-pointer  (test for excess errors)
FAIL: gcc.dg/torture/builtin-convert-2.c  -O3 -g  (test for excess errors)
FAIL: gcc.dg/torture/builtin-convert-2.c  -Os  (test for excess errors)
FAIL: gcc.dg/torture/builtin-convert-3.c  -O1  (test for excess errors)
FAIL: gcc.dg/torture/builtin-convert-3.c  -O2  (test for excess errors)
FAIL: gcc.dg/torture/builtin-convert-3.c  -O3 -fomit-frame-pointer  (test for excess errors)
FAIL: gcc.dg/torture/builtin-convert-3.c  -O3 -g  (test for excess errors)
FAIL: gcc.dg/torture/builtin-convert-3.c  -Os  (test for excess errors)
FAIL: gcc.dg/torture/builtin-power-1.c  -O0  (test for excess errors)
FAIL: gcc.dg/torture/builtin-power-1.c  -O1  (test for excess errors)
FAIL: gcc.dg/torture/builtin-power-1.c  -O2  (test for excess errors)
FAIL: gcc.dg/torture/builtin-power-1.c  -O3 -fomit-frame-pointer  (test for excess errors)
FAIL: gcc.dg/torture/builtin-power-1.c  -O3 -g  (test for excess errors)
FAIL: gcc.dg/torture/builtin-power-1.c  -Os  (test for excess errors)
XPASS: gcc.dg/vect/vect-22.c scan-tree-dump-times vectorized 3 loops 1
XPASS: gcc.dg/vect/vect-85.c scan-tree-dump-times vectorized 1 loops 1
XPASS: gcc.dg/vect/vect-86.c scan-tree-dump-times vectorized 1 loops 1
XPASS: gcc.dg/vect/vect-87.c scan-tree-dump-times vectorized 1 loops 1
XPASS: gcc.dg/vect/vect-87.c scan-tree-dump-times Alignment of access forced using peeling 1
XPASS: gcc.dg/vect/vect-88.c scan-tree-dump-times vectorized 1 loops 1
XPASS: gcc.dg/vect/vect-88.c scan-tree-dump-times Alignment of access forced using peeling 1

		=== gcc Summary ===

# of expected passes		32475
# of unexpected failures	41
# of unexpected successes	7
# of expected failures		93
# of unresolved testcases	3
# of untested testcases		35
# of unsupported tests		437
/gcctmp/gcc050201/build/gcc/xgcc  version 4.0.0 20050201 (experimental)

		=== objc tests ===


Running target unix

		=== objc Summary ===

# of expected passes		1534
# of unsupported tests		10
/gcctmp/gcc050201/build/gcc/xgcc  version 4.0.0 20050201 (experimental)

		=== libstdc++ tests ===


Running target unix
FAIL: 22_locale/money_get/get/char/13.cc (test for excess errors)
WARNING: 22_locale/money_get/get/char/13.cc compilation failed to produce executable
FAIL: 22_locale/time_put/put/char/10.cc (test for excess errors)
WARNING: 22_locale/time_put/put/char/10.cc compilation failed to produce executable
FAIL: 23_containers/bitset/input/1.cc (test for excess errors)
WARNING: 23_containers/bitset/input/1.cc compilation failed to produce executable
FAIL: 23_containers/bitset/to_ulong/1.cc (test for excess errors)
WARNING: 23_containers/bitset/to_ulong/1.cc compilation failed to produce executable
FAIL: 23_containers/vector/modifiers/2.cc (test for excess errors)
WARNING: 23_containers/vector/modifiers/2.cc compilation failed to produce executable
FAIL: 25_algorithms/copy/3.cc (test for excess errors)
WARNING: 25_algorithms/copy/3.cc compilation failed to produce executable
FAIL: 26_numerics/cmath/c99_classification_macros_c++.cc (test for excess errors)
FAIL: 26_numerics/cmath/c99_classification_macros_c.cc (test for excess errors)
FAIL: 26_numerics/complex/pow.cc execution test
FAIL: 27_io/basic_filebuf/imbue/char/13582-2.cc (test for excess errors)
WARNING: 27_io/basic_filebuf/imbue/char/13582-2.cc compilation failed to produce executable
FAIL: 27_io/basic_filebuf/seekoff/char/12232.cc (test for excess errors)
WARNING: 27_io/basic_filebuf/seekoff/char/12232.cc compilation failed to produce executable
FAIL: 27_io/basic_filebuf/sgetc/char/2-out.cc (test for excess errors)
WARNING: 27_io/basic_filebuf/sgetc/char/2-out.cc compilation failed to produce executable
FAIL: 27_io/basic_filebuf/sputc/char/2-out.cc (test for excess errors)
WARNING: 27_io/basic_filebuf/sputc/char/2-out.cc compilation failed to produce executable
FAIL: 27_io/basic_filebuf/sync/char/9182-1.cc (test for excess errors)
WARNING: 27_io/basic_filebuf/sync/char/9182-1.cc compilation failed to produce executable
FAIL: 27_io/basic_ios/locales/char/1.cc (test for excess errors)
WARNING: 27_io/basic_ios/locales/char/1.cc compilation failed to produce executable
FAIL: 27_io/basic_iostream/4.cc (test for excess errors)
WARNING: 27_io/basic_iostream/4.cc compilation failed to produce executable
FAIL: 27_io/basic_istream/extractors_arithmetic/char/01.cc (test for excess errors)
WARNING: 27_io/basic_istream/extractors_arithmetic/char/01.cc compilation failed to produce executable
FAIL: 27_io/basic_istream/extractors_arithmetic/char/12.cc execution test
FAIL: 27_io/basic_istream/ignore/char/6360.cc (test for excess errors)
WARNING: 27_io/basic_istream/ignore/char/6360.cc compilation failed to produce executable
FAIL: 27_io/basic_ostream/inserters_arithmetic/char/6.cc (test for excess errors)
WARNING: 27_io/basic_ostream/inserters_arithmetic/char/6.cc compilation failed to produce executable
FAIL: 27_io/basic_stringstream/str/char/1.cc (test for excess errors)
WARNING: 27_io/basic_stringstream/str/char/1.cc compilation failed to produce executable
FAIL: 27_io/basic_stringstream/str/char/2.cc (test for excess errors)
WARNING: 27_io/basic_stringstream/str/char/2.cc compilation failed to produce executable
XPASS: 27_io/fpos/14320-1.cc execution test
FAIL: demangle/regression/cw-02.cc (test for excess errors)
WARNING: demangle/regression/cw-02.cc compilation failed to produce executable

		=== libstdc++ Summary ===

# of expected passes		2369
# of unexpected failures	23
# of unexpected successes	1
# of expected failures		3

Compiler version: 4.0.0 20050201 (experimental) 
Platform: x86_64-unknown-netbsd2.0
configure flags: --disable-werror --disable-libada --enable-languages=c,c++,java,objc



More information about the Gcc-testresults mailing list