Results for 4.0.0 20050130 (experimental) testsuite on powerpc-unknown-linux-gnu

Mark Wielaard mark@wildebeest.org
Tue Feb 1 11:03:00 GMT 2005


Debian GNU/Linux 3.1
Linux 2.4.18-newpmac
binutils Version: 2.15-5
glibc Version: 2.3.2.ds1-20

Test results for libjava include the results of the Mauve testsuite
(see http://sources.redhat.com/mauve/)

LAST_UPDATED: Sun Jan 30 19:07:21 UTC 2005

Native configuration is powerpc-unknown-linux-gnu

		=== g++ tests ===


Running target unix
FAIL: g++.dg/conversion/simd1.C (test for excess errors)
FAIL: g++.dg/eh/simd-2.C (test for excess errors)
FAIL: g++.dg/ext/attribute-test-1.C (test for excess errors)
FAIL: g++.dg/ext/attribute-test-2.C (test for excess errors)
FAIL: g++.dg/ext/attribute-test-3.C (test for excess errors)
FAIL: g++.dg/ext/attribute-test-4.C (test for excess errors)
WARNING: g++.old-deja/g++.mike/p10769a.C compilation failed to produce executable

		=== g++ Summary ===

# of expected passes		10653
# of unexpected failures	6
# of expected failures		72
# of unsupported tests		76
/home/mark/src/gcc40/obj/gcc/testsuite/../g++  version 4.0.0 20050130 (experimental)

		=== gcc tests ===


Running target unix
WARNING: program timed out.
FAIL: gcc.c-torture/compile/20001226-1.c  -O3 -g  (test for excess errors)
FAIL: gcc.dg/20020103-1.c scan-assembler-not LC
XPASS: gcc.dg/tree-ssa/20040204-1.c scan-tree-dump-times link_error 0

		=== gcc Summary ===

# of expected passes		33275
# of unexpected failures	2
# of unexpected successes	1
# of expected failures		95
# of untested testcases		28
# of unsupported tests		418
/home/mark/src/gcc40/obj/gcc/xgcc  version 4.0.0 20050130 (experimental)

		=== libffi tests ===


Running target unix

		=== libffi Summary ===

# of expected passes		216
# of unsupported tests		2
		=== libjava tests ===


Running target unix
FAIL: Mauve configure

		=== libjava Summary ===

# of expected passes		3022
# of unexpected failures	1
# of expected failures		14
# of untested testcases		18

		=== libstdc++-v3 check-abi Summary ===

# of added symbols:		 63
# of missing symbols:		 0
# of incompatible symbols:	 0

using: /home/mark/src/gcc40/gcc/libstdc++-v3/config/abi/powerpc-linux-gnu/baseline_symbols.txt

		=== libstdc++ tests ===


Running target unix
XPASS: 22_locale/locale/cons/12658_thread-1.cc execution test
XPASS: 26_numerics/cmath/c99_classification_macros_c.cc (test for excess errors)
FAIL: ext/array_allocator/2.cc execution test

		=== libstdc++ Summary ===

# of expected passes		3477
# of unexpected failures	1
# of unexpected successes	2
# of expected failures		5

Compiler version: 4.0.0 20050130 (experimental) 
Platform: powerpc-unknown-linux-gnu
configure flags: --disable-multilib --disable-checking --disable-libmudflap --with-system-zlib --enable-java-awt=gtk,xlib --prefix=/usr/local/gcc40 --enable-languages=c,c++,java

time make
real 21270.55
user 15305.61
sys 4500.43

time check
Command exited with non-zero status 2
real 26041.57
user 19153.66
sys 6274.79



More information about the Gcc-testresults mailing list