Results for 4.2.0 20051230 (experimental) testsuite on hppa64-hp-hpux11.11
John David Anglin
dave@hiauly3.hia.nrc.ca
Fri Dec 30 20:37:00 GMT 2005
LAST_UPDATED: Fri Dec 30 06:29:56 UTC 2005 (revision 109169M)
Native configuration is hppa64-hp-hpux11.11
=== g++ tests ===
Running target unix
FAIL: g++.dg/abi/thunk4.C scan-assembler .weak\\t_ZThn4_N7Derived3FooEv
=== g++ Summary ===
# of expected passes 11213
# of unexpected failures 1
# of expected failures 66
# of unsupported tests 128
/mnt/gnu/gcc-3.3/objdir/stage3-gcc/testsuite/../g++ version 4.2.0 20051230 (experimental)
=== gcc tests ===
Running target unix
WARNING: program timed out.
FAIL: gcc.c-torture/compile/20001226-1.c -O2 (test for excess errors)
WARNING: program timed out.
FAIL: gcc.c-torture/compile/20001226-1.c -O3 -fomit-frame-pointer (test for excess errors)
WARNING: program timed out.
FAIL: gcc.c-torture/compile/20001226-1.c -O3 -g (test for excess errors)
WARNING: program timed out.
FAIL: gcc.c-torture/compile/20001226-1.c -Os (test for excess errors)
XPASS: gcc.dg/funcorder.c scan-assembler-not link_error,%r
FAIL: gcc.dg/torture/asm-subreg-1.c -O1 (test for excess errors)
FAIL: gcc.dg/tree-ssa/gen-vect-11.c scan-tree-dump-times vectorized 1 loops 1
=== gcc Summary ===
# of expected passes 36339
# of unexpected failures 6
# of unexpected successes 1
# of expected failures 76
# of untested testcases 28
# of unsupported tests 378
/mnt/gnu/gcc-3.3/objdir/gcc/xgcc version 4.2.0 20051230 (experimental)
=== gfortran tests ===
Running target unix
FAIL: gfortran.dg/g77/20010610.f -O3 -fomit-frame-pointer -funroll-loops (test for excess errors)
WARNING: gfortran.dg/g77/20010610.f -O3 -fomit-frame-pointer -funroll-loops compilation failed to produce executable
FAIL: gfortran.dg/g77/20010610.f -O3 -fomit-frame-pointer -funroll-all-loops -finline-functions (test for excess errors)
WARNING: gfortran.dg/g77/20010610.f -O3 -fomit-frame-pointer -funroll-all-loops -finline-functions compilation failed to produce executable
=== gfortran Summary ===
# of expected passes 10985
# of unexpected failures 2
# of expected failures 4
# of unsupported tests 66
/mnt/gnu/gcc-3.3/objdir/stage3-gcc/testsuite/../gfortran version 4.2.0 20051230 (experimental)
=== objc tests ===
Running target unix
FAIL: objc.dg-struct-layout-encoding-1/t025_main.m execution test
FAIL: objc.dg-struct-layout-encoding-1/t026_main.m execution test
FAIL: objc.dg-struct-layout-encoding-1/t027_main.m execution test
FAIL: objc.dg-struct-layout-encoding-1/t028_main.m execution test
FAIL: objc.dg-struct-layout-encoding-1/t029_main.m execution test
FAIL: objc.dg-struct-layout-encoding-1/t030_main.m execution test
FAIL: objc.dg-struct-layout-encoding-1/t031_main.m execution test
=== objc Summary ===
# of expected passes 1744
# of unexpected failures 7
# of unsupported tests 23
/mnt/gnu/gcc-3.3/objdir/gcc/xgcc version 4.2.0 20051230 (experimental)
=== libstdc++ tests ===
Running target unix
FAIL: ext/array_allocator/2.cc execution test
=== libstdc++ Summary ===
# of expected passes 2630
# of unexpected failures 1
# of expected failures 10
# of unsupported tests 159
Compiler version: 4.2.0 20051230 (experimental)
Platform: hppa64-hp-hpux11.11
configure flags: --with-gnu-as --with-as=/opt/gnu64/bin/as --with-ld=/usr/ccs/bin/ld --enable-shared --disable-nls --with-local-prefix=/opt/gnu64 --prefix=/opt/gnu64/gcc/gcc-4.0.3 --host=hppa64-hp-hpux11.11 --enable-threads=posix --disable-libmudflap --with-gmp=/opt/gnu64/gcc/gcc-4.0.3 --enable-languages=c,c++,fortran,java,objc
More information about the Gcc-testresults
mailing list