Results for 4.2.0 20051216 (experimental) testsuite on powerpc-apple-darwin8.3.0
regress
regress@apple.com
Fri Dec 16 16:58:00 GMT 2005
This build run by an automatic regression tester.
See <http://gcc.gnu.org/regtest/HEAD/> for more information.
Date: 2005-12-16T09:03:44Z
Revision: 108631
URL: svn://gcc.gnu.org/svn/gcc/trunk
Status: regress-26
Prev-Endtime: 2005-12-16T09:02:15Z
LAST_UPDATED:
Native configuration is powerpc-apple-darwin8.3.0
=== g++ tests ===
Running target unix
FAIL: g++.dg/warn/huge-val1.C (test for excess errors)
FAIL: g++.dg/warn/weak1.C (test for excess errors)
WARNING: g++.dg/warn/weak1.C compilation failed to produce executable
FAIL: g++.dg/pch/empty.C -g (test for excess errors)
FAIL: g++.dg/pch/empty.C -O2 -g (test for excess errors)
FAIL: g++.dg/pch/empty.C -O2 (test for excess errors)
FAIL: g++.dg/pch/externc-1.C -g (test for excess errors)
FAIL: g++.dg/pch/externc-1.C -O2 -g (test for excess errors)
FAIL: g++.dg/pch/externc-1.C -O2 (test for excess errors)
FAIL: g++.dg/pch/local-1.C -g (test for excess errors)
FAIL: g++.dg/pch/local-1.C -O2 -g (test for excess errors)
FAIL: g++.dg/pch/local-1.C -O2 (test for excess errors)
FAIL: g++.dg/pch/pch.C -g (test for excess errors)
FAIL: g++.dg/pch/pch.C -O2 -g (test for excess errors)
FAIL: g++.dg/pch/pch.C -O2 (test for excess errors)
FAIL: g++.dg/pch/static-1.C -g (test for excess errors)
FAIL: g++.dg/pch/static-1.C -O2 -g (test for excess errors)
FAIL: g++.dg/pch/static-1.C -O2 (test for excess errors)
FAIL: g++.dg/pch/system-1.C -g (test for excess errors)
FAIL: g++.dg/pch/system-1.C -O2 -g (test for excess errors)
FAIL: g++.dg/pch/system-1.C -O2 (test for excess errors)
FAIL: g++.dg/pch/system-2.C -g (test for excess errors)
FAIL: g++.dg/pch/system-2.C -O2 -g (test for excess errors)
FAIL: g++.dg/pch/system-2.C -O2 (test for excess errors)
FAIL: g++.dg/pch/uninst.C -g (test for excess errors)
FAIL: g++.dg/pch/uninst.C -O2 -g (test for excess errors)
FAIL: g++.dg/pch/uninst.C -O2 (test for excess errors)
FAIL: g++.dg/pch/wchar-1.C -g (test for excess errors)
FAIL: g++.dg/pch/wchar-1.C -O2 -g (test for excess errors)
FAIL: g++.dg/pch/wchar-1.C -O2 (test for excess errors)
FAIL: g++.dg/special/conpr-3.C execution test
FAIL: g++.old-deja/g++.mike/warn8.C (test for warnings, line 14)
FAIL: g++.old-deja/g++.mike/warn8.C (test for warnings, line 16)
=== g++ Summary ===
# of expected passes 11665
# of unexpected failures 32
# of expected failures 66
# of untested testcases 27
# of unsupported tests 118
/Users/regress/tbox/native/build/stage3-gcc/testsuite/../g++ version 4.2.0 20051216 (experimental)
=== gcc tests ===
Running target unix
FAIL: tmpdir-gcc.dg-struct-layout-1/t001 c_compat_x_tst.o-c_compat_y_tst.o execute
FAIL: tmpdir-gcc.dg-struct-layout-1/t024 c_compat_x_tst.o-c_compat_y_tst.o execute
FAIL: tmpdir-gcc.dg-struct-layout-1/t025 c_compat_x_tst.o-c_compat_y_tst.o execute
FAIL: tmpdir-gcc.dg-struct-layout-1/t026 c_compat_x_tst.o-c_compat_y_tst.o execute
FAIL: tmpdir-gcc.dg-struct-layout-1/t027 c_compat_x_tst.o-c_compat_y_tst.o execute
FAIL: tmpdir-gcc.dg-struct-layout-1/t028 c_compat_x_tst.o-c_compat_y_tst.o execute
FAIL: gcc.dg/20031012-1.c (test for warnings, line 13)
FAIL: gcc.dg/pch/decl-1.c -O0 -g (test for excess errors)
FAIL: gcc.dg/pch/decl-1.c -O0 (test for excess errors)
FAIL: gcc.dg/pch/decl-1.c -O1 (test for excess errors)
FAIL: gcc.dg/pch/decl-1.c -O2 (test for excess errors)
FAIL: gcc.dg/pch/decl-1.c -O3 -fomit-frame-pointer (test for excess errors)
FAIL: gcc.dg/pch/decl-1.c -O3 -g (test for excess errors)
FAIL: gcc.dg/pch/decl-1.c -Os (test for excess errors)
FAIL: gcc.dg/pch/decl-2.c -O0 -g (test for excess errors)
FAIL: gcc.dg/pch/decl-2.c -O0 (test for excess errors)
FAIL: gcc.dg/pch/decl-2.c -O1 (test for excess errors)
FAIL: gcc.dg/pch/decl-2.c -O2 (test for excess errors)
FAIL: gcc.dg/pch/decl-2.c -O3 -fomit-frame-pointer (test for excess errors)
FAIL: gcc.dg/pch/decl-2.c -O3 -g (test for excess errors)
FAIL: gcc.dg/pch/decl-2.c -Os (test for excess errors)
FAIL: gcc.dg/pch/decl-3.c -O0 -g (test for excess errors)
FAIL: gcc.dg/pch/decl-3.c -O0 (test for excess errors)
FAIL: gcc.dg/pch/decl-3.c -O1 (test for excess errors)
FAIL: gcc.dg/pch/decl-3.c -O2 (test for excess errors)
FAIL: gcc.dg/pch/decl-3.c -O3 -fomit-frame-pointer (test for excess errors)
FAIL: gcc.dg/pch/decl-3.c -O3 -g (test for excess errors)
FAIL: gcc.dg/pch/decl-3.c -Os (test for excess errors)
FAIL: gcc.dg/pch/decl-4.c -O0 -g (test for excess errors)
FAIL: gcc.dg/pch/decl-4.c -O0 (test for excess errors)
FAIL: gcc.dg/pch/decl-4.c -O1 (test for excess errors)
FAIL: gcc.dg/pch/decl-4.c -O2 (test for excess errors)
FAIL: gcc.dg/pch/decl-4.c -O3 -fomit-frame-pointer (test for excess errors)
FAIL: gcc.dg/pch/decl-4.c -O3 -g (test for excess errors)
FAIL: gcc.dg/pch/decl-4.c -Os (test for excess errors)
FAIL: gcc.dg/pch/except-1.c -O0 -g (test for excess errors)
FAIL: gcc.dg/pch/except-1.c -O0 (test for excess errors)
FAIL: gcc.dg/pch/global-1.c -O0 -g (test for excess errors)
FAIL: gcc.dg/pch/global-1.c -O0 (test for excess errors)
FAIL: gcc.dg/pch/global-1.c -O1 (test for excess errors)
FAIL: gcc.dg/pch/global-1.c -O2 (test for excess errors)
FAIL: gcc.dg/pch/global-1.c -O3 -fomit-frame-pointer (test for excess errors)
FAIL: gcc.dg/pch/global-1.c -O3 -g (test for excess errors)
FAIL: gcc.dg/pch/global-1.c -Os (test for excess errors)
FAIL: gcc.dg/pch/inline-1.c -O0 -g (test for excess errors)
FAIL: gcc.dg/pch/inline-1.c -O0 (test for excess errors)
FAIL: gcc.dg/pch/inline-3.c -O0 -g (test for excess errors)
FAIL: gcc.dg/pch/inline-3.c -O0 (test for excess errors)
FAIL: gcc.dg/pch/inline-4.c -O0 -g (test for excess errors)
FAIL: gcc.dg/pch/inline-4.c -O0 (test for excess errors)
FAIL: gcc.dg/pch/inline-4.c -O1 (test for excess errors)
FAIL: gcc.dg/pch/inline-4.c -O2 (test for excess errors)
FAIL: gcc.dg/pch/inline-4.c -O3 -fomit-frame-pointer (test for excess errors)
FAIL: gcc.dg/pch/inline-4.c -O3 -g (test for excess errors)
FAIL: gcc.dg/pch/inline-4.c -Os (test for excess errors)
FAIL: gcc.dg/pch/system-1.c -O0 -g (test for excess errors)
FAIL: gcc.dg/pch/system-1.c -O0 (test for excess errors)
FAIL: gcc.dg/pch/system-1.c -O1 (test for excess errors)
FAIL: gcc.dg/pch/system-1.c -O2 (test for excess errors)
FAIL: gcc.dg/pch/system-1.c -O3 -fomit-frame-pointer (test for excess errors)
FAIL: gcc.dg/pch/system-1.c -O3 -g (test for excess errors)
FAIL: gcc.dg/pch/system-1.c -Os (test for excess errors)
FAIL: gcc.dg/pch/valid-4.c -O0 -g (test for excess errors)
FAIL: gcc.dg/pch/valid-4.c -O0 (test for excess errors)
FAIL: gcc.dg/pch/valid-4.c -O1 (test for excess errors)
FAIL: gcc.dg/pch/valid-4.c -O2 (test for excess errors)
FAIL: gcc.dg/pch/valid-4.c -O3 -fomit-frame-pointer (test for excess errors)
FAIL: gcc.dg/pch/valid-4.c -O3 -g (test for excess errors)
FAIL: gcc.dg/pch/valid-4.c -Os (test for excess errors)
FAIL: gcc.dg/tree-ssa/20031106-6.c scan-tree-dump-times temp_struct 0
FAIL: gcc.target/powerpc/pr18096-1.c stack frame too large (test for warnings, line 11)
FAIL: gcc.target/powerpc/pr18096-1.c (test for excess errors)
FAIL: gcc.target/powerpc/stabs-attrib-vect-darwin.c scan-assembler .stabs.*vi:\\\\(0,16\\\\)=@V
=== gcc Summary ===
# of expected passes 38548
# of unexpected failures 73
# of expected failures 91
# of untested testcases 90
# of unsupported tests 401
/Users/regress/tbox/native/build/gcc/xgcc version 4.2.0 20051216 (experimental)
=== objc tests ===
Running target unix
FAIL: objc.dg-struct-layout-encoding-1/t002_main.m execution test
FAIL: objc.dg-struct-layout-encoding-1/t003_main.m execution test
FAIL: objc.dg-struct-layout-encoding-1/t004_main.m execution test
FAIL: objc.dg-struct-layout-encoding-1/t006_main.m execution test
FAIL: objc.dg-struct-layout-encoding-1/t007_main.m execution test
FAIL: objc.dg-struct-layout-encoding-1/t008_main.m execution test
FAIL: objc.dg-struct-layout-encoding-1/t011_main.m execution test
FAIL: objc.dg-struct-layout-encoding-1/t012_main.m execution test
FAIL: objc.dg-struct-layout-encoding-1/t015_main.m execution test
FAIL: objc.dg-struct-layout-encoding-1/t022_main.m execution test
FAIL: objc.dg-struct-layout-encoding-1/t024_main.m execution test
FAIL: objc.dg-struct-layout-encoding-1/t025_main.m execution test
FAIL: objc.dg-struct-layout-encoding-1/t026_main.m execution test
FAIL: objc.dg-struct-layout-encoding-1/t027_main.m execution test
FAIL: objc.dg-struct-layout-encoding-1/t028_main.m execution test
FAIL: objc.dg-struct-layout-encoding-1/t029_main.m execution test
FAIL: objc.dg-struct-layout-encoding-1/t030_main.m execution test
FAIL: objc.dg-struct-layout-encoding-1/t031_main.m execution test
=== objc Summary ===
# of expected passes 2931
# of unexpected failures 18
# of unsupported tests 1
/Users/regress/tbox/native/build/gcc/xgcc version 4.2.0 20051216 (experimental)
=== libffi tests ===
Running target unix
=== libffi Summary ===
# of expected passes 228
# of unsupported tests 2
=== libjava tests ===
Running target unix
=== libjava Summary ===
# of expected passes 4011
# of expected failures 10
# of untested testcases 8
=== libstdc++ tests ===
Running target unix
FAIL: 26_numerics/complex/13450.cc execution test
FAIL: 27_io/basic_ostream/inserters_character/char/9555-oc.cc execution test
FAIL: 27_io/basic_ostream/inserters_character/wchar_t/9555-oc.cc execution test
=== libstdc++ Summary ===
# of expected passes 3384
# of unexpected failures 3
# of expected failures 13
# of unsupported tests 323
Compiler version: 4.2.0 20051216 (experimental)
Platform: powerpc-apple-darwin8.3.0
configure flags: --prefix=/Users/regress/tbox/objs --target=powerpc-apple-darwin8.3.0 --enable-languages=c,c++,java,objc
More information about the Gcc-testresults
mailing list