Results for 4.2.0 20051215 (experimental) testsuite on ia64-unknown-linux-gnu
H.J. Lu
hjl@gnu-12.sc.intel.com
Thu Dec 15 22:32:00 GMT 2005
LAST_UPDATED: Thu Dec 15 21:09:39 UTC 2005 (revision 108596)
Native configuration is ia64-unknown-linux-gnu
=== gcc tests ===
Running target unix
FAIL: gcc.c-torture/execute/stdarg-2.c execution, -Os
FAIL: gcc.dg/20031012-1.c (test for warnings, line 13)
FAIL: gcc.dg/attr-weakref-1.c execution test
FAIL: gcc.dg/builtin-apply4.c execution test
WARNING: gcc.dg/torture/fp-int-convert-float128-timode.c compilation failed to produce executable
WARNING: gcc.dg/torture/fp-int-convert-float128-timode.c compilation failed to produce executable
WARNING: gcc.dg/torture/fp-int-convert-float128-timode.c compilation failed to produce executable
WARNING: gcc.dg/torture/fp-int-convert-float128-timode.c compilation failed to produce executable
WARNING: gcc.dg/torture/fp-int-convert-float128-timode.c compilation failed to produce executable
WARNING: gcc.dg/torture/fp-int-convert-float128-timode.c compilation failed to produce executable
FAIL: gcc.dg/torture/fp-int-convert-float128.c (test for excess errors)
WARNING: gcc.dg/torture/fp-int-convert-float128.c compilation failed to produce executable
FAIL: gcc.dg/torture/fp-int-convert-float128.c (test for excess errors)
WARNING: gcc.dg/torture/fp-int-convert-float128.c compilation failed to produce executable
FAIL: gcc.dg/torture/fp-int-convert-float128.c (test for excess errors)
WARNING: gcc.dg/torture/fp-int-convert-float128.c compilation failed to produce executable
FAIL: gcc.dg/torture/fp-int-convert-float128.c (test for excess errors)
WARNING: gcc.dg/torture/fp-int-convert-float128.c compilation failed to produce executable
FAIL: gcc.dg/torture/fp-int-convert-float128.c (test for excess errors)
WARNING: gcc.dg/torture/fp-int-convert-float128.c compilation failed to produce executable
FAIL: gcc.dg/torture/fp-int-convert-float128.c (test for excess errors)
WARNING: gcc.dg/torture/fp-int-convert-float128.c compilation failed to produce executable
XPASS: gcc.dg/tree-ssa/loop-1.c scan-assembler-times foo 5
XPASS: gcc.dg/vect/pr16105.c scan-tree-dump-times vectorized 1 loops 1
XPASS: gcc.dg/vect/pr20122.c scan-tree-dump-times vectorized 1 loops 2
FAIL: gcc.dg/vect/pr24300.c (test for excess errors)
XPASS: gcc.dg/vect/vect-105.c scan-tree-dump-times vectorized 1 loops 1
XPASS: gcc.dg/vect/vect-30.c scan-tree-dump-times vectorized 1 loops 2
XPASS: gcc.dg/vect/vect-42.c scan-tree-dump-times vectorized 1 loops 1
XPASS: gcc.dg/vect/vect-43.c scan-tree-dump-times vectorized 1 loops 1
XPASS: gcc.dg/vect/vect-74.c scan-tree-dump-times vectorized 1 loops 1
XPASS: gcc.dg/vect/vect-75.c scan-tree-dump-times vectorized 1 loops 1
XPASS: gcc.dg/vect/vect-8.c scan-tree-dump-times vectorized 1 loops 1
FAIL: gcc.dg/weak/weak-3.c (test for warnings, line 57)
=== gcc Summary ===
# of expected passes 36972
# of unexpected failures 12
# of unexpected successes 10
# of expected failures 137
# of untested testcases 28
# of unsupported tests 309
/export/build/gnu/gcc/build-ia64-linux/gcc/xgcc version 4.2.0 20051215 (experimental)
=== gfortran tests ===
Running target unix
FAIL: gfortran.dg/vect/vect-4.f90 scan-tree-dump-times Alignment of access forced using peeling 1
FAIL: gfortran.dg/vect/vect-4.f90 scan-tree-dump-times Vectorizing an unaligned access 1
=== gfortran Summary ===
# of expected passes 10858
# of unexpected failures 2
# of expected failures 20
# of unsupported tests 18
/export/build/gnu/gcc/build-ia64-linux/stage3-gcc/testsuite/../gfortran version 4.2.0 20051215 (experimental)
=== g++ tests ===
Running target unix
FAIL: g++.dg/other/pr22003.C (test for excess errors)
FAIL: g++.old-deja/g++.mike/warn8.C (test for warnings, line 14)
FAIL: g++.old-deja/g++.mike/warn8.C (test for warnings, line 16)
=== g++ Summary ===
# of expected passes 11309
# of unexpected failures 3
# of expected failures 66
# of unsupported tests 101
/export/build/gnu/gcc/build-ia64-linux/stage3-gcc/testsuite/../g++ version 4.2.0 20051215 (experimental)
=== objc tests ===
Running target unix
FAIL: objc.dg-struct-layout-encoding-1/t024_main.m execution test
FAIL: objc.dg-struct-layout-encoding-1/t025_main.m execution test
=== objc Summary ===
# of expected passes 1725
# of unexpected failures 2
# of unsupported tests 23
/export/build/gnu/gcc/build-ia64-linux/gcc/xgcc version 4.2.0 20051215 (experimental)
=== libffi tests ===
Running target unix
=== libffi Summary ===
# of expected passes 228
# of unsupported tests 2
=== libjava tests ===
Running target unix
=== libjava Summary ===
# of expected passes 3999
# of expected failures 10
# of untested testcases 8
=== libmudflap tests ===
Running target unix
=== libmudflap Summary ===
# of expected passes 1789
=== libstdc++ tests ===
Running target unix
XPASS: 26_numerics/cmath/c99_classification_macros_c.cc (test for excess errors)
XPASS: 27_io/fpos/14320-1.cc execution test
=== libstdc++ Summary ===
# of expected passes 1622
# of unexpected successes 2
# of expected failures 5
# of unsupported tests 4
Compiler version: 4.2.0 20051215 (experimental)
Platform: ia64-unknown-linux-gnu
configure flags: --enable-clocale=gnu --with-system-zlib --with-demangler-in-ld --enable-threads=posix --enable-haifa --disable-checking --prefix=/usr/gcc-4.2 --with-local-prefix=/usr/local --enable-languages=c,c++,fortran,java,objc
More information about the Gcc-testresults
mailing list