Results for 4.1.0 20051211 (prerelease) testsuite on x86_64-unknown-linux-gnu
Laurent GUERBY
laurent@guerby.net
Sun Dec 11 17:30:00 GMT 2005
LAST_UPDATED: Sun Dec 11 12:08:59 UTC 2005 (revision 108381)
=== acats tests ===
FAIL: c52103x
FAIL: c52104x
FAIL: c52104y
FAIL: cdd2a02
=== acats Summary ===
# of expected passes 2315
# of unexpected failures 4
Native configuration is x86_64-unknown-linux-gnu
=== gcc tests ===
Running target unix
FAIL: tmpdir-gcc.dg-struct-layout-1/t026 c_compat_x_tst.o-c_compat_y_tst.o execute
=== gcc Summary ===
# of expected passes 37761
# of unexpected failures 1
# of expected failures 96
# of untested testcases 28
# of unsupported tests 344
/home/guerby/work/gcc/build/build-4.1-20051211T135316/gcc/xgcc version 4.1.0 20051211 (prerelease)
Compiler version: 4.1.020051211(prerelease)
Platform: x86_64-unknown-linux-gnu
configure flags: --prefix=/home/guerby/work/gcc/install/install-4.1-20051211T135316 --enable-__cxa_atexit --disable-nls --enable-threads=posix --disable-multilib --enable-checking --enable-languages=c,ada
More information about the Gcc-testresults
mailing list