Results for 4.1.0 20051210 (prerelease) testsuite on x86_64-unknown-linux-gnu
Toon Moene
toon@moene.indiv.nluug.nl
Sun Dec 11 10:31:00 GMT 2005
LAST_UPDATED: Sat Dec 10 20:23:17 UTC 2005 (revision 108358)
=== acats tests ===
FAIL: c52103x
FAIL: c52104x
FAIL: c52104y
FAIL: cdd2a02
=== acats Summary ===
# of expected passes 2315
# of unexpected failures 4
Native configuration is x86_64-unknown-linux-gnu
=== gcc tests ===
Running target unix
FAIL: tmpdir-gcc.dg-struct-layout-1/t026 c_compat_x_tst.o-c_compat_y_tst.o execute
=== gcc Summary ===
# of expected passes 37761
# of unexpected failures 1
# of expected failures 96
# of untested testcases 28
# of unsupported tests 344
/home/toon/compilers/obj-41/gcc/xgcc version 4.1.0 20051210 (prerelease)
=== gfortran tests ===
Running target unix
=== gfortran Summary ===
# of expected passes 10761
# of expected failures 18
# of unsupported tests 16
/home/toon/compilers/obj-41/gcc/testsuite/../gfortran version 4.1.0 20051210 (prerelease)
=== g++ tests ===
Running target unix
XPASS: g++.dg/tree-ssa/pr14814.C scan-tree-dump-times &this 0
=== g++ Summary ===
# of expected passes 11752
# of unexpected successes 1
# of expected failures 66
# of unsupported tests 94
/home/toon/compilers/obj-41/gcc/testsuite/../g++ version 4.1.0 20051210 (prerelease)
=== objc tests ===
Running target unix
=== objc Summary ===
# of expected passes 1672
# of unsupported tests 22
/home/toon/compilers/obj-41/gcc/xgcc version 4.1.0 20051210 (prerelease)
=== libffi tests ===
Running target unix
=== libffi Summary ===
# of expected passes 228
# of unsupported tests 2
=== libjava tests ===
Running target unix
=== libjava Summary ===
# of expected passes 3999
# of expected failures 10
# of untested testcases 8
=== libmudflap tests ===
Running target unix
=== libmudflap Summary ===
# of expected passes 1789
=== libstdc++ tests ===
Running target unix
FAIL: abi_check
XPASS: 26_numerics/cmath/c99_classification_macros_c.cc (test for excess errors)
XPASS: 27_io/fpos/14320-1.cc execution test
=== libstdc++ Summary ===
# of expected passes 3385
# of unexpected failures 1
# of unexpected successes 2
# of expected failures 11
# of unsupported tests 319
Compiler version: 4.1.0 20051210 (prerelease)
Platform: x86_64-unknown-linux-gnu
configure flags: --disable-nls --disable-multilib --prefix=/usr/rel --enable-languages=c,ada,c++,fortran,java,objc
More information about the Gcc-testresults
mailing list