Results for 4.2.0 20051204 (experimental) testsuite on alphaev67-unknown-linux-gnu
Richard Henderson
rth@twiddle.net
Sun Dec 4 18:15:00 GMT 2005
LAST_UPDATED: Sun Dec 4 01:00:56 UTC 2005 (revision 108009)
Native configuration is alphaev67-unknown-linux-gnu
=== libffi tests ===
Running target unix
=== libffi Summary ===
# of expected passes 228
# of unsupported tests 2
=== libjava tests ===
Running target unix
XPASS: Array_3 execution - bytecode->native test
XPASS: Array_3 -O3 execution - bytecode->native test
=== libjava Summary ===
# of expected passes 3991
# of unexpected successes 2
# of expected failures 10
# of untested testcases 8
=== libstdc++ tests ===
Running target unix
FAIL: abi_check
XPASS: 27_io/fpos/14320-1.cc execution test
=== libstdc++ Summary ===
# of expected passes 3387
# of unexpected failures 1
# of unexpected successes 1
# of expected failures 12
# of unsupported tests 319
=== g++ tests ===
Running target unix
=== g++ Summary ===
# of expected passes 11586
# of expected failures 66
# of unsupported tests 106
/home/rth/work/gcc/bld-cron/gcc/testsuite/../g++ version 4.2.0 20051204 (experimental)
=== gcc tests ===
Running target unix
WARNING: program timed out.
FAIL: gcc.c-torture/compile/20001226-1.c -O3 -g (test for excess errors)
FAIL: gcc.dg/tree-ssa/loop-14.c scan-tree-dump-times \\+ 100 1
FAIL: gcc.dg/vect/vect-62.c scan-tree-dump-times not vectorized: redundant loop. no profit to vectorize. 1
=== gcc Summary ===
# of expected passes 37191
# of unexpected failures 3
# of expected failures 97
# of untested testcases 28
# of unsupported tests 387
/home/rth/work/gcc/bld-cron/gcc/xgcc version 4.2.0 20051204 (experimental)
=== gfortran tests ===
Running target unix
=== gfortran Summary ===
# of expected passes 10677
# of expected failures 15
# of unsupported tests 47
/home/rth/work/gcc/bld-cron/gcc/testsuite/../gfortran version 4.2.0 20051204 (experimental)
=== objc tests ===
Running target unix
=== objc Summary ===
# of expected passes 1672
# of unsupported tests 23
/home/rth/work/gcc/bld-cron/gcc/xgcc version 4.2.0 20051204 (experimental)
Compiler version: 4.2.0 20051204 (experimental)
Platform: alphaev67-unknown-linux-gnu
configure flags: --disable-libmudflap --enable-clocale=gnu --prefix=/home/rth/work/gcc/run-41 --enable-languages=c,c++,fortran,java,objc
More information about the Gcc-testresults
mailing list