Results for 4.2.0 20051203 (experimental) testsuite on x86_64-unknown-linux-gnu
H.J. Lu
hjl@gnu-13.sc.intel.com
Sun Dec 4 04:57:00 GMT 2005
LAST_UPDATED: Sun Dec 4 00:47:43 UTC 2005 (revision 108001)
Native configuration is x86_64-unknown-linux-gnu
=== gcc tests ===
Running target unix/-m32
WARNING: program timed out.
FAIL: gcc.c-torture/compile/20001226-1.c -O3 -g (test for excess errors)
ERROR: gcc.dg/torture/fp-int-convert-float128-timode.c -O0 : syntax error in target selector "target ia64-*-* && lp64" for " dg-xfail-if 5 "" { ia64-*-* && lp64 } { "*" } { "" } "
UNRESOLVED: gcc.dg/torture/fp-int-convert-float128-timode.c -O0 : syntax error in target selector "target ia64-*-* && lp64" for " dg-xfail-if 5 "" { ia64-*-* && lp64 } { "*" } { "" } "
ERROR: gcc.dg/torture/fp-int-convert-float128-timode.c -O1 : syntax error in target selector "target ia64-*-* && lp64" for " dg-xfail-if 5 "" { ia64-*-* && lp64 } { "*" } { "" } "
UNRESOLVED: gcc.dg/torture/fp-int-convert-float128-timode.c -O1 : syntax error in target selector "target ia64-*-* && lp64" for " dg-xfail-if 5 "" { ia64-*-* && lp64 } { "*" } { "" } "
ERROR: gcc.dg/torture/fp-int-convert-float128-timode.c -O2 : syntax error in target selector "target ia64-*-* && lp64" for " dg-xfail-if 5 "" { ia64-*-* && lp64 } { "*" } { "" } "
UNRESOLVED: gcc.dg/torture/fp-int-convert-float128-timode.c -O2 : syntax error in target selector "target ia64-*-* && lp64" for " dg-xfail-if 5 "" { ia64-*-* && lp64 } { "*" } { "" } "
ERROR: gcc.dg/torture/fp-int-convert-float128-timode.c -O3 -fomit-frame-pointer : syntax error in target selector "target ia64-*-* && lp64" for " dg-xfail-if 5 "" { ia64-*-* && lp64 } { "*" } { "" } "
UNRESOLVED: gcc.dg/torture/fp-int-convert-float128-timode.c -O3 -fomit-frame-pointer : syntax error in target selector "target ia64-*-* && lp64" for " dg-xfail-if 5 "" { ia64-*-* && lp64 } { "*" } { "" } "
ERROR: gcc.dg/torture/fp-int-convert-float128-timode.c -O3 -g : syntax error in target selector "target ia64-*-* && lp64" for " dg-xfail-if 5 "" { ia64-*-* && lp64 } { "*" } { "" } "
UNRESOLVED: gcc.dg/torture/fp-int-convert-float128-timode.c -O3 -g : syntax error in target selector "target ia64-*-* && lp64" for " dg-xfail-if 5 "" { ia64-*-* && lp64 } { "*" } { "" } "
ERROR: gcc.dg/torture/fp-int-convert-float128-timode.c -Os : syntax error in target selector "target ia64-*-* && lp64" for " dg-xfail-if 5 "" { ia64-*-* && lp64 } { "*" } { "" } "
UNRESOLVED: gcc.dg/torture/fp-int-convert-float128-timode.c -Os : syntax error in target selector "target ia64-*-* && lp64" for " dg-xfail-if 5 "" { ia64-*-* && lp64 } { "*" } { "" } "
WARNING: gcc.dg/torture/fp-int-convert-float128.c -O0 compilation failed to produce executable
WARNING: gcc.dg/torture/fp-int-convert-float128.c -O1 compilation failed to produce executable
WARNING: gcc.dg/torture/fp-int-convert-float128.c -O2 compilation failed to produce executable
WARNING: gcc.dg/torture/fp-int-convert-float128.c -O3 -fomit-frame-pointer compilation failed to produce executable
WARNING: gcc.dg/torture/fp-int-convert-float128.c -O3 -g compilation failed to produce executable
WARNING: gcc.dg/torture/fp-int-convert-float128.c -Os compilation failed to produce executable
FAIL: gcc.dg/vect/vect-62.c scan-tree-dump-times not vectorized: redundant loop. no profit to vectorize. 1
=== gcc Summary for unix/-m32 ===
# of expected passes 37914
# of unexpected failures 2
# of expected failures 101
# of unresolved testcases 6
# of untested testcases 28
# of unsupported tests 254
Running target unix
FAIL: tmpdir-gcc.dg-struct-layout-1/t026 c_compat_x_tst.o-c_compat_y_tst.o execute
ERROR: gcc.dg/torture/fp-int-convert-float128-timode.c -O0 : syntax error in target selector "target ia64-*-* && lp64" for " dg-xfail-if 5 "" { ia64-*-* && lp64 } { "*" } { "" } "
UNRESOLVED: gcc.dg/torture/fp-int-convert-float128-timode.c -O0 : syntax error in target selector "target ia64-*-* && lp64" for " dg-xfail-if 5 "" { ia64-*-* && lp64 } { "*" } { "" } "
ERROR: gcc.dg/torture/fp-int-convert-float128-timode.c -O1 : syntax error in target selector "target ia64-*-* && lp64" for " dg-xfail-if 5 "" { ia64-*-* && lp64 } { "*" } { "" } "
UNRESOLVED: gcc.dg/torture/fp-int-convert-float128-timode.c -O1 : syntax error in target selector "target ia64-*-* && lp64" for " dg-xfail-if 5 "" { ia64-*-* && lp64 } { "*" } { "" } "
ERROR: gcc.dg/torture/fp-int-convert-float128-timode.c -O2 : syntax error in target selector "target ia64-*-* && lp64" for " dg-xfail-if 5 "" { ia64-*-* && lp64 } { "*" } { "" } "
UNRESOLVED: gcc.dg/torture/fp-int-convert-float128-timode.c -O2 : syntax error in target selector "target ia64-*-* && lp64" for " dg-xfail-if 5 "" { ia64-*-* && lp64 } { "*" } { "" } "
ERROR: gcc.dg/torture/fp-int-convert-float128-timode.c -O3 -fomit-frame-pointer : syntax error in target selector "target ia64-*-* && lp64" for " dg-xfail-if 5 "" { ia64-*-* && lp64 } { "*" } { "" } "
UNRESOLVED: gcc.dg/torture/fp-int-convert-float128-timode.c -O3 -fomit-frame-pointer : syntax error in target selector "target ia64-*-* && lp64" for " dg-xfail-if 5 "" { ia64-*-* && lp64 } { "*" } { "" } "
ERROR: gcc.dg/torture/fp-int-convert-float128-timode.c -O3 -g : syntax error in target selector "target ia64-*-* && lp64" for " dg-xfail-if 5 "" { ia64-*-* && lp64 } { "*" } { "" } "
UNRESOLVED: gcc.dg/torture/fp-int-convert-float128-timode.c -O3 -g : syntax error in target selector "target ia64-*-* && lp64" for " dg-xfail-if 5 "" { ia64-*-* && lp64 } { "*" } { "" } "
ERROR: gcc.dg/torture/fp-int-convert-float128-timode.c -Os : syntax error in target selector "target ia64-*-* && lp64" for " dg-xfail-if 5 "" { ia64-*-* && lp64 } { "*" } { "" } "
UNRESOLVED: gcc.dg/torture/fp-int-convert-float128-timode.c -Os : syntax error in target selector "target ia64-*-* && lp64" for " dg-xfail-if 5 "" { ia64-*-* && lp64 } { "*" } { "" } "
WARNING: gcc.dg/torture/fp-int-convert-float128.c -O0 compilation failed to produce executable
WARNING: gcc.dg/torture/fp-int-convert-float128.c -O1 compilation failed to produce executable
WARNING: gcc.dg/torture/fp-int-convert-float128.c -O2 compilation failed to produce executable
WARNING: gcc.dg/torture/fp-int-convert-float128.c -O3 -fomit-frame-pointer compilation failed to produce executable
WARNING: gcc.dg/torture/fp-int-convert-float128.c -O3 -g compilation failed to produce executable
WARNING: gcc.dg/torture/fp-int-convert-float128.c -Os compilation failed to produce executable
FAIL: gcc.dg/vect/vect-62.c scan-tree-dump-times not vectorized: redundant loop. no profit to vectorize. 1
FAIL: gcc.misc-tests/mg-2.c
FAIL: gcc.misc-tests/mg.c
FAIL: compiler driver --coverage option(s) (compiler options)
FAIL: gcc.target/i386/20050113-1.c (test for errors, line 6)
FAIL: gcc.target/i386/20050113-1.c (test for excess errors)
FAIL: gcc.target/i386/amd64-abi-1.c (test for errors, line 5)
FAIL: gcc.target/i386/amd64-abi-1.c (test for excess errors)
FAIL: gcc.target/i386/asm-1.c (test for errors, line 4)
FAIL: gcc.target/i386/asm-1.c (test for excess errors)
FAIL: gcc.target/i386/pr14289-1.c (test for errors, line 10)
FAIL: gcc.target/i386/pr14289-1.c (test for excess errors)
FAIL: gcc.target/i386/sse-vect-types.c (test for errors, line 17)
FAIL: gcc.target/i386/sse-vect-types.c (test for excess errors)
=== gcc Summary for unix ===
# of expected passes 37835
# of unexpected failures 15
# of expected failures 106
# of unresolved testcases 6
# of untested testcases 28
# of unsupported tests 353
=== gcc Summary ===
# of expected passes 75749
# of unexpected failures 17
# of expected failures 207
# of unresolved testcases 12
# of untested testcases 56
# of unsupported tests 607
=== gfortran tests ===
Running target unix/-m32
=== gfortran Summary for unix/-m32 ===
# of expected passes 10733
# of expected failures 15
# of unsupported tests 24
Running target unix
=== gfortran Summary for unix ===
# of expected passes 10746
# of expected failures 18
# of unsupported tests 16
=== gfortran Summary ===
# of expected passes 21479
# of expected failures 33
# of unsupported tests 40
/export/build/gnu/gcc-blended/build-x86_64-linux/gcc/testsuite/../gfortran version 4.2.0 20051203 (experimental)
=== g++ tests ===
Running target unix/-m32
=== g++ Summary for unix/-m32 ===
# of expected passes 11682
# of expected failures 66
# of unsupported tests 71
Running target unix
=== g++ Summary for unix ===
# of expected passes 11606
# of expected failures 66
# of unsupported tests 95
=== g++ Summary ===
# of expected passes 23288
# of expected failures 132
# of unsupported tests 166
/export/build/gnu/gcc-blended/build-x86_64-linux/gcc/testsuite/../g++ version 4.2.0 20051203 (experimental)
=== objc tests ===
Running target unix/-m32
=== objc Summary for unix/-m32 ===
# of expected passes 1674
# of unsupported tests 22
Running target unix
=== objc Summary for unix ===
# of expected passes 1674
# of unsupported tests 22
=== objc Summary ===
# of expected passes 3348
# of unsupported tests 44
/export/build/gnu/gcc-blended/build-x86_64-linux/gcc/xgcc version 4.2.0 20051203 (experimental)
=== libffi tests ===
Running target unix/-m32
=== libffi Summary for unix/-m32 ===
# of expected passes 228
# of unsupported tests 2
Running target unix
=== libffi Summary for unix ===
# of expected passes 228
# of unsupported tests 2
=== libffi Summary ===
# of expected passes 456
# of unsupported tests 4
=== libjava tests ===
Running target unix/-m32
XPASS: Array_3 execution - bytecode->native test
XPASS: Array_3 -O3 execution - bytecode->native test
=== libjava Summary for unix/-m32 ===
# of expected passes 3991
# of unexpected successes 2
# of expected failures 10
# of untested testcases 8
Running target unix
XPASS: Array_3 execution - bytecode->native test
XPASS: Array_3 -O3 execution - bytecode->native test
=== libjava Summary for unix ===
# of expected passes 3991
# of unexpected successes 2
# of expected failures 10
# of untested testcases 8
=== libjava Summary ===
# of expected passes 7982
# of unexpected successes 4
# of expected failures 20
# of untested testcases 16
=== libmudflap tests ===
Running target unix/-m32
FAIL: libmudflap.cth/pass37-frag.c (-static -DSTATIC) execution test
FAIL: libmudflap.cth/pass37-frag.c (-static -DSTATIC) output pattern test
FAIL: libmudflap.cth/pass37-frag.c (-static -DSTATIC) (rerun 1) execution test
FAIL: libmudflap.cth/pass37-frag.c (-static -DSTATIC) (rerun 1) output pattern test
FAIL: libmudflap.cth/pass37-frag.c (-static -DSTATIC) (rerun 2) execution test
FAIL: libmudflap.cth/pass37-frag.c (-static -DSTATIC) (rerun 2) output pattern test
FAIL: libmudflap.cth/pass37-frag.c (-static -DSTATIC) (rerun 3) execution test
FAIL: libmudflap.cth/pass37-frag.c (-static -DSTATIC) (rerun 3) output pattern test
FAIL: libmudflap.cth/pass37-frag.c (-static -DSTATIC) (rerun 4) execution test
FAIL: libmudflap.cth/pass37-frag.c (-static -DSTATIC) (rerun 4) output pattern test
FAIL: libmudflap.cth/pass37-frag.c (-static -DSTATIC) (rerun 5) execution test
FAIL: libmudflap.cth/pass37-frag.c (-static -DSTATIC) (rerun 5) output pattern test
FAIL: libmudflap.cth/pass37-frag.c (-static -DSTATIC) (rerun 6) execution test
FAIL: libmudflap.cth/pass37-frag.c (-static -DSTATIC) (rerun 6) output pattern test
FAIL: libmudflap.cth/pass37-frag.c (-static -DSTATIC) (rerun 7) execution test
FAIL: libmudflap.cth/pass37-frag.c (-static -DSTATIC) (rerun 7) output pattern test
FAIL: libmudflap.cth/pass37-frag.c (-static -DSTATIC) (rerun 8) execution test
FAIL: libmudflap.cth/pass37-frag.c (-static -DSTATIC) (rerun 8) output pattern test
FAIL: libmudflap.cth/pass37-frag.c (-static -DSTATIC) (rerun 9) execution test
FAIL: libmudflap.cth/pass37-frag.c (-static -DSTATIC) (rerun 9) output pattern test
FAIL: libmudflap.cth/pass37-frag.c (-static -DSTATIC) (rerun 10) execution test
FAIL: libmudflap.cth/pass37-frag.c (-static -DSTATIC) (rerun 10) output pattern test
FAIL: libmudflap.cth/pass37-frag.c (-static -DSTATIC) (rerun 11) execution test
FAIL: libmudflap.cth/pass37-frag.c (-static -DSTATIC) (rerun 11) output pattern test
FAIL: libmudflap.cth/pass37-frag.c (-static -DSTATIC) (rerun 12) execution test
FAIL: libmudflap.cth/pass37-frag.c (-static -DSTATIC) (rerun 12) output pattern test
FAIL: libmudflap.cth/pass37-frag.c (-static -DSTATIC) (rerun 13) execution test
FAIL: libmudflap.cth/pass37-frag.c (-static -DSTATIC) (rerun 13) output pattern test
FAIL: libmudflap.cth/pass37-frag.c (-static -DSTATIC) (rerun 14) execution test
FAIL: libmudflap.cth/pass37-frag.c (-static -DSTATIC) (rerun 14) output pattern test
FAIL: libmudflap.cth/pass37-frag.c (-static -DSTATIC) (rerun 15) execution test
FAIL: libmudflap.cth/pass37-frag.c (-static -DSTATIC) (rerun 15) output pattern test
FAIL: libmudflap.cth/pass37-frag.c (-static -DSTATIC) (rerun 16) execution test
FAIL: libmudflap.cth/pass37-frag.c (-static -DSTATIC) (rerun 16) output pattern test
FAIL: libmudflap.cth/pass37-frag.c (-static -DSTATIC) (rerun 17) execution test
FAIL: libmudflap.cth/pass37-frag.c (-static -DSTATIC) (rerun 17) output pattern test
FAIL: libmudflap.cth/pass37-frag.c (-static -DSTATIC) (rerun 18) execution test
FAIL: libmudflap.cth/pass37-frag.c (-static -DSTATIC) (rerun 18) output pattern test
FAIL: libmudflap.cth/pass37-frag.c (-static -DSTATIC) (rerun 19) execution test
FAIL: libmudflap.cth/pass37-frag.c (-static -DSTATIC) (rerun 19) output pattern test
FAIL: libmudflap.cth/pass39-frag.c (-static -DSTATIC) execution test
FAIL: libmudflap.cth/pass39-frag.c (-static -DSTATIC) output pattern test
FAIL: libmudflap.cth/pass39-frag.c (-static -DSTATIC) (rerun 1) execution test
FAIL: libmudflap.cth/pass39-frag.c (-static -DSTATIC) (rerun 1) output pattern test
FAIL: libmudflap.cth/pass39-frag.c (-static -DSTATIC) (rerun 2) execution test
FAIL: libmudflap.cth/pass39-frag.c (-static -DSTATIC) (rerun 2) output pattern test
FAIL: libmudflap.cth/pass39-frag.c (-static -DSTATIC) (rerun 3) execution test
FAIL: libmudflap.cth/pass39-frag.c (-static -DSTATIC) (rerun 3) output pattern test
FAIL: libmudflap.cth/pass39-frag.c (-static -DSTATIC) (rerun 4) execution test
FAIL: libmudflap.cth/pass39-frag.c (-static -DSTATIC) (rerun 4) output pattern test
FAIL: libmudflap.cth/pass39-frag.c (-static -DSTATIC) (rerun 5) execution test
FAIL: libmudflap.cth/pass39-frag.c (-static -DSTATIC) (rerun 5) output pattern test
FAIL: libmudflap.cth/pass39-frag.c (-static -DSTATIC) (rerun 6) execution test
FAIL: libmudflap.cth/pass39-frag.c (-static -DSTATIC) (rerun 6) output pattern test
FAIL: libmudflap.cth/pass39-frag.c (-static -DSTATIC) (rerun 7) execution test
FAIL: libmudflap.cth/pass39-frag.c (-static -DSTATIC) (rerun 7) output pattern test
FAIL: libmudflap.cth/pass39-frag.c (-static -DSTATIC) (rerun 8) execution test
FAIL: libmudflap.cth/pass39-frag.c (-static -DSTATIC) (rerun 8) output pattern test
FAIL: libmudflap.cth/pass39-frag.c (-static -DSTATIC) (rerun 9) execution test
FAIL: libmudflap.cth/pass39-frag.c (-static -DSTATIC) (rerun 9) output pattern test
FAIL: libmudflap.cth/pass39-frag.c (-static -DSTATIC) (rerun 10) execution test
FAIL: libmudflap.cth/pass39-frag.c (-static -DSTATIC) (rerun 10) output pattern test
FAIL: libmudflap.cth/pass39-frag.c (-static -DSTATIC) (rerun 11) execution test
FAIL: libmudflap.cth/pass39-frag.c (-static -DSTATIC) (rerun 11) output pattern test
FAIL: libmudflap.cth/pass39-frag.c (-static -DSTATIC) (rerun 12) execution test
FAIL: libmudflap.cth/pass39-frag.c (-static -DSTATIC) (rerun 12) output pattern test
FAIL: libmudflap.cth/pass39-frag.c (-static -DSTATIC) (rerun 13) execution test
FAIL: libmudflap.cth/pass39-frag.c (-static -DSTATIC) (rerun 13) output pattern test
FAIL: libmudflap.cth/pass39-frag.c (-static -DSTATIC) (rerun 14) execution test
FAIL: libmudflap.cth/pass39-frag.c (-static -DSTATIC) (rerun 14) output pattern test
FAIL: libmudflap.cth/pass39-frag.c (-static -DSTATIC) (rerun 15) execution test
FAIL: libmudflap.cth/pass39-frag.c (-static -DSTATIC) (rerun 15) output pattern test
FAIL: libmudflap.cth/pass39-frag.c (-static -DSTATIC) (rerun 16) execution test
FAIL: libmudflap.cth/pass39-frag.c (-static -DSTATIC) (rerun 16) output pattern test
FAIL: libmudflap.cth/pass39-frag.c (-static -DSTATIC) (rerun 17) execution test
FAIL: libmudflap.cth/pass39-frag.c (-static -DSTATIC) (rerun 17) output pattern test
FAIL: libmudflap.cth/pass39-frag.c (-static -DSTATIC) (rerun 18) execution test
FAIL: libmudflap.cth/pass39-frag.c (-static -DSTATIC) (rerun 18) output pattern test
FAIL: libmudflap.cth/pass39-frag.c (-static -DSTATIC) (rerun 19) execution test
FAIL: libmudflap.cth/pass39-frag.c (-static -DSTATIC) (rerun 19) output pattern test
FAIL: libmudflap.cth/pass40-frag.c (-static -DSTATIC) execution test
FAIL: libmudflap.cth/pass40-frag.c (-static -DSTATIC) output pattern test
=== libmudflap Summary for unix/-m32 ===
# of expected passes 1707
# of unexpected failures 82
Running target unix
=== libmudflap Summary for unix ===
# of expected passes 1789
=== libmudflap Summary ===
# of expected passes 3496
# of unexpected failures 82
=== libstdc++ tests ===
Running target unix/-m32
FAIL: 22_locale/messages/members/char/1.cc execution test
FAIL: 22_locale/messages/members/char/2.cc execution test
FAIL: 22_locale/messages/members/char/wrapped_env.cc execution test
FAIL: 22_locale/messages/members/char/wrapped_locale.cc execution test
FAIL: 22_locale/messages_byname/named_equivalence.cc execution test
XPASS: 26_numerics/cmath/c99_classification_macros_c.cc (test for excess errors)
=== libstdc++ Summary for unix/-m32 ===
# of expected passes 4013
# of unexpected failures 5
# of unexpected successes 1
# of expected failures 12
# of unsupported tests 4
Running target unix
XPASS: 26_numerics/cmath/c99_classification_macros_c.cc (test for excess errors)
XPASS: 27_io/fpos/14320-1.cc execution test
=== libstdc++ Summary for unix ===
# of expected passes 4018
# of unexpected successes 2
# of expected failures 11
# of unsupported tests 4
=== libstdc++ Summary ===
# of expected passes 8031
# of unexpected failures 5
# of unexpected successes 3
# of expected failures 23
# of unsupported tests 8
Compiler version: 4.2.0 20051203 (experimental)
Platform: x86_64-unknown-linux-gnu
configure flags: --enable-clocale=gnu --with-system-zlib --with-demangler-in-ld --enable-shared --enable-threads=posix --enable-haifa --disable-checking --prefix=/usr/gcc-4.2-blended --with-local-prefix=/usr/local --enable-languages=c,c++,fortran,java,objc
More information about the Gcc-testresults
mailing list