Results for 4.1.0 20050829 (experimental) testsuite on powerpc-ibm-aix5.2.0.0
David Edelsohn
dje@watson.ibm.com
Mon Aug 29 15:03:00 GMT 2005
LAST_UPDATED: Mon Aug 29 04:09:24 UTC 2005
Native configuration is powerpc-ibm-aix5.2.0.0
=== g++ tests ===
Running target unix
FAIL: g++.dg/abi/local1.C execution test
FAIL: g++.dg/conversion/simd1.C (test for excess errors)
FAIL: g++.dg/eh/simd-2.C (test for excess errors)
WARNING: g++.dg/ext/altivec-3.C compilation failed to produce executable
ERROR: g++.dg/ext/altivec-7.C: error executing dg-final: couldn't open "altivec-7.s": no such file or directory
UNRESOLVED: g++.dg/ext/altivec-7.C: error executing dg-final: couldn't open "altivec-7.s": no such file or directory
FAIL: g++.dg/ext/attribute-test-1.C (test for excess errors)
FAIL: g++.dg/ext/attribute-test-2.C (test for excess errors)
FAIL: g++.dg/ext/attribute-test-3.C (test for excess errors)
FAIL: g++.dg/ext/attribute-test-4.C (test for excess errors)
WARNING: g++.dg/other/ucnid-1.C compilation failed to produce executable
FAIL: g++.dg/template/repo3.C (test for excess errors)
FAIL: g++.old-deja/g++.pt/const2.C (test for errors, line )
FAIL: g++.old-deja/g++.pt/instantiate4.C (test for excess errors)
FAIL: g++.old-deja/g++.pt/instantiate6.C (test for excess errors)
FAIL: g++.old-deja/g++.pt/repo1.C (test for excess errors)
FAIL: g++.old-deja/g++.pt/repo2.C (test for excess errors)
FAIL: g++.old-deja/g++.pt/repo4.C (test for excess errors)
=== g++ Summary ===
# of expected passes 10797
# of unexpected failures 14
# of expected failures 82
# of unresolved testcases 1
# of unsupported tests 127
/tmp/20050829/gcc/testsuite/../g++ version 4.1.0 20050829 (experimental)
=== gcc tests ===
Running target unix
FAIL: gcc.c-torture/execute/20050713-1.c execution, -Os
FAIL: gcc.c-torture/execute/frame-address.c execution, -O2
FAIL: gcc.c-torture/execute/frame-address.c execution, -O3 -fomit-frame-pointer
FAIL: gcc.c-torture/execute/frame-address.c execution, -O3 -g
FAIL: gcc.c-torture/execute/frame-address.c execution, -Os
FAIL: tmpdir-gcc.dg-struct-layout-1/t025 c_compat_x_tst.o-c_compat_y_tst.o execute
FAIL: tmpdir-gcc.dg-struct-layout-1/t027 c_compat_x_tst.o-c_compat_y_tst.o execute
FAIL: tmpdir-gcc.dg-struct-layout-1/t028 c_compat_x_tst.o-c_compat_y_tst.o execute
XPASS: gcc.dg/cpp/cmdlne-dI-M.c scan-file (^|\\\\n)cmdlne-dI-M.*:[^\\\\n]*cmdlne-dI-M.c
XPASS: gcc.dg/cpp/cmdlne-dM-M.c scan-file (^|\\\\n)cmdlne-dM-M[^\\\\n]*:[^\\\\n]*cmdlne-dM-M.c
FAIL: gcc.dg/20020118-1.c execution test
WARNING: gcc.dg/altivec-1.c compilation failed to produce executable
ERROR: gcc.dg/altivec-11.c: error executing dg-final: couldn't open "altivec-11.s": no such file or directory
UNRESOLVED: gcc.dg/altivec-11.c: error executing dg-final: couldn't open "altivec-11.s": no such file or directory
WARNING: gcc.dg/altivec-12.c compilation failed to produce executable
FAIL: gcc.dg/altivec-14.c (test for warnings, line 8)
FAIL: gcc.dg/altivec-14.c (test for warnings, line 9)
FAIL: gcc.dg/altivec-14.c (test for warnings, line 10)
FAIL: gcc.dg/altivec-14.c (test for warnings, line 11)
FAIL: gcc.dg/altivec-14.c (test for warnings, line 12)
FAIL: gcc.dg/altivec-14.c (test for warnings, line 14)
FAIL: gcc.dg/altivec-14.c (test for warnings, line 15)
FAIL: gcc.dg/altivec-14.c (test for warnings, line 16)
FAIL: gcc.dg/altivec-14.c (test for warnings, line 20)
FAIL: gcc.dg/altivec-14.c (test for warnings, line 21)
FAIL: gcc.dg/altivec-14.c (test for warnings, line 22)
FAIL: gcc.dg/altivec-14.c (test for excess errors)
ERROR: gcc.dg/altivec-18.c: error executing dg-final: couldn't open "altivec-18.s": no such file or directory
UNRESOLVED: gcc.dg/altivec-18.c: error executing dg-final: couldn't open "altivec-18.s": no such file or directory
FAIL: gcc.dg/altivec-2.c (test for excess errors)
FAIL: gcc.dg/altivec-20.c (test for excess errors)
FAIL: gcc.dg/altivec-21.c (test for errors, line 13)
FAIL: gcc.dg/altivec-21.c (test for errors, line 14)
FAIL: gcc.dg/altivec-21.c (test for excess errors)
FAIL: gcc.dg/altivec-22.c (test for excess errors)
ERROR: gcc.dg/altivec-22.c: error executing dg-final: couldn't open "altivec-22.s": no such file or directory
UNRESOLVED: gcc.dg/altivec-22.c: error executing dg-final: couldn't open "altivec-22.s": no such file or directory
WARNING: gcc.dg/altivec-3.c compilation failed to produce executable
FAIL: gcc.dg/altivec-5.c (test for excess errors)
FAIL: gcc.dg/altivec-pr22085.c (test for excess errors)
WARNING: gcc.dg/altivec-varargs-1.c compilation failed to produce executable
FAIL: gcc.dg/altivec-vec-merge.c (test for excess errors)
WARNING: gcc.dg/altivec-vec-merge.c compilation failed to produce executable
FAIL: gcc.dg/asm-names.c scan-assembler-not ____frob14
XPASS: gcc.dg/darwin-longlong.c (test for excess errors)
FAIL: gcc.dg/ppc-vector-memcpy.c scan-assembler lvx
XPASS: gcc.dg/ppc-vector-memset.c (test for excess errors)
FAIL: gcc.dg/ppc-vector-memset.c scan-assembler stvx
XPASS: gcc.dg/pr16155.c -maltivec -mansi (test for bogus messages, line )
FAIL: gcc.dg/pr16155.c (test for excess errors)
XPASS: gcc.dg/pr16286.c -maltivec (test for bogus messages, line )
FAIL: gcc.dg/pr16286.c (test for excess errors)
FAIL: gcc.dg/pr17957.c (test for excess errors)
WARNING: gcc.dg/ucnid-2.c compilation failed to produce executable
WARNING: gcc.dg/ucnid-3.c compilation failed to produce executable
XPASS: gcc.dg/ucnid-4.c (test for excess errors)
WARNING: gcc.dg/ucnid-5.c compilation failed to produce executable
XPASS: gcc.dg/ucnid-6.c (test for excess errors)
=== gcc Summary ===
# of expected passes 34551
# of unexpected failures 36
# of unexpected successes 8
# of expected failures 99
# of unresolved testcases 3
# of unsupported tests 539
/tmp/20050829/gcc/xgcc version 4.1.0 20050829 (experimental)
=== gfortran tests ===
Running target unix
FAIL: gfortran.fortran-torture/execute/intrinsic_nearest.f90 execution, -O0
FAIL: gfortran.fortran-torture/execute/intrinsic_nearest.f90 execution, -O1
FAIL: gfortran.fortran-torture/execute/intrinsic_nearest.f90 execution, -O2
FAIL: gfortran.fortran-torture/execute/intrinsic_nearest.f90 execution, -O3 -fomit-frame-pointer
FAIL: gfortran.fortran-torture/execute/intrinsic_nearest.f90 execution, -O3 -fomit-frame-pointer -funroll-loops
FAIL: gfortran.fortran-torture/execute/intrinsic_nearest.f90 execution, -O3 -fomit-frame-pointer -funroll-all-loops -finline-functions
FAIL: gfortran.fortran-torture/execute/intrinsic_nearest.f90 execution, -O3 -g
FAIL: gfortran.fortran-torture/execute/intrinsic_nearest.f90 execution, -Os
=== gfortran Summary ===
# of expected passes 8368
# of unexpected failures 8
# of expected failures 2
# of unsupported tests 34
/tmp/20050829/gcc/testsuite/../gfortran version 4.1.0 20050829 (experimental)
=== objc tests ===
Running target unix
FAIL: objc/execute/exceptions/foward-1.m execution, -O3 -fomit-frame-pointer -funroll-loops -fgnu-runtime
FAIL: objc/execute/exceptions/foward-1.m execution, -O3 -fomit-frame-pointer -funroll-all-loops -finline-functions -fgnu-runtime
FAIL: objc/execute/exceptions/local-variables-1.m compilation, -O1 -fgnu-runtime
UNRESOLVED: objc/execute/exceptions/local-variables-1.m execution, -O1 -fgnu-runtime
FAIL: objc/execute/exceptions/local-variables-1.m compilation, -O2 -fgnu-runtime
UNRESOLVED: objc/execute/exceptions/local-variables-1.m execution, -O2 -fgnu-runtime
FAIL: objc/execute/exceptions/local-variables-1.m compilation, -O3 -fomit-frame-pointer -fgnu-runtime
UNRESOLVED: objc/execute/exceptions/local-variables-1.m execution, -O3 -fomit-frame-pointer -fgnu-runtime
FAIL: objc/execute/exceptions/local-variables-1.m compilation, -O3 -g -fgnu-runtime
UNRESOLVED: objc/execute/exceptions/local-variables-1.m execution, -O3 -g -fgnu-runtime
FAIL: objc/execute/exceptions/local-variables-1.m compilation, -Os -fgnu-runtime
UNRESOLVED: objc/execute/exceptions/local-variables-1.m execution, -Os -fgnu-runtime
=== objc Summary ===
# of expected passes 1652
# of unexpected failures 7
# of unresolved testcases 5
# of unsupported tests 24
/tmp/20050829/gcc/xgcc version 4.1.0 20050829 (experimental)
=== libstdc++ tests ===
Running target unix
FAIL: 22_locale/ctype/is/char/3.cc execution test
FAIL: 23_containers/bitset/18604.cc (test for excess errors)
FAIL: 23_containers/deque/14340.cc (test for excess errors)
FAIL: 23_containers/deque/18604.cc (test for excess errors)
FAIL: 23_containers/list/14340.cc (test for excess errors)
FAIL: 23_containers/list/18604.cc (test for excess errors)
FAIL: 23_containers/map/14340.cc (test for excess errors)
FAIL: 23_containers/map/18604.cc (test for excess errors)
FAIL: 23_containers/multimap/14340.cc (test for excess errors)
FAIL: 23_containers/multiset/14340.cc (test for excess errors)
FAIL: 23_containers/set/14340.cc (test for excess errors)
FAIL: 23_containers/set/18604.cc (test for excess errors)
FAIL: 23_containers/vector/14340.cc (test for excess errors)
FAIL: 23_containers/vector/18604.cc (test for excess errors)
FAIL: 26_numerics/cmath/c99_classification_macros_c.cc (test for excess errors)
FAIL: 26_numerics/complex/13450.cc (test for excess errors)
WARNING: 26_numerics/complex/13450.cc compilation failed to produce executable
FAIL: 26_numerics/complex/pow.cc (test for excess errors)
WARNING: 26_numerics/complex/pow.cc compilation failed to produce executable
FAIL: 27_io/basic_filebuf/underflow/wchar_t/11544-1.cc (test for excess errors)
WARNING: 27_io/basic_filebuf/underflow/wchar_t/11544-1.cc compilation failed to produce executable
FAIL: 27_io/basic_filebuf/underflow/wchar_t/11544-2.cc (test for excess errors)
WARNING: 27_io/basic_filebuf/underflow/wchar_t/11544-2.cc compilation failed to produce executable
FAIL: 27_io/basic_filebuf/underflow/wchar_t/11603.cc (test for excess errors)
WARNING: 27_io/basic_filebuf/underflow/wchar_t/11603.cc compilation failed to produce executable
FAIL: 27_io/basic_filebuf/underflow/wchar_t/9178.cc (test for excess errors)
WARNING: 27_io/basic_filebuf/underflow/wchar_t/9178.cc compilation failed to produce executable
FAIL: 27_io/ios_base/storage/11584.cc execution test
FAIL: 27_io/objects/char/6.cc execution test
FAIL: 27_io/objects/wchar_t/6.cc execution test
FAIL: ext/mt_allocator/check_new.cc execution test
FAIL: ext/pool_allocator/check_new.cc execution test
=== libstdc++ Summary ===
# of expected passes 3194
# of unexpected failures 26
# of expected failures 13
# of unsupported tests 313
Compiler version: 4.1.0 20050829 (experimental)
Platform: powerpc-ibm-aix5.2.0.0
configure flags: --prefix=/farm/dje/install/powerpc-ibm-aix5.2.0.0-20050829 --disable-werror --disable-libmudflap --with-gmp=/farm/dje --with-mpfr=/farm/dje --enable-languages=c,c++,f95,objc
More information about the Gcc-testresults
mailing list