Results for 4.1.0 20050829 (experimental) testsuite on s390x-ibm-linux-gnu
Andreas Krebbel
krebbel1@de.ibm.com
Mon Aug 29 12:08:00 GMT 2005
LAST_UPDATED: Mon Aug 29 09:18:33 UTC 2005
Native configuration is s390x-ibm-linux-gnu
=== g++ tests ===
Running target unix
FAIL: g++.dg/abi/empty6.C (test for warnings, line 6)
XPASS: g++.old-deja/g++.other/init5.C execution test
=== g++ Summary ===
# of expected passes 11225
# of unexpected failures 1
# of unexpected successes 1
# of expected failures 64
# of unsupported tests 101
/build/gcc-4.1-build/gcc/testsuite/../g++ version 4.1.0 20050829 (experimental)
=== gcc tests ===
Running target unix
FAIL: gcc.c-torture/compile/920501-4.c -O3 -fomit-frame-pointer -funroll-loops (test for excess errors)
FAIL: gcc.c-torture/compile/920501-4.c -O3 -fomit-frame-pointer -funroll-all-loops -finline-functions (test for excess errors)
FAIL: gcc.c-torture/execute/20040709-2.c execution, -O3 -fomit-frame-pointer -funroll-loops
FAIL: gcc.c-torture/execute/20040709-2.c execution, -O3 -fomit-frame-pointer -funroll-all-loops -finline-functions
XPASS: gcc.dg/cpp/cmdlne-dI-M.c scan-file (^|\\\\n)cmdlne-dI-M.*:[^\\\\n]*cmdlne-dI-M.c
XPASS: gcc.dg/cpp/cmdlne-dM-M.c scan-file (^|\\\\n)cmdlne-dM-M[^\\\\n]*:[^\\\\n]*cmdlne-dM-M.c
FAIL: gcc.dg/20020425-1.c (test for excess errors)
XPASS: gcc.dg/tree-ssa/20040204-1.c scan-tree-dump-times link_error 0
XPASS: gcc.dg/tree-ssa/sra-2.c scan-tree-dump-times link_error 0
=== gcc Summary ===
# of expected passes 36152
# of unexpected failures 5
# of unexpected successes 4
# of expected failures 72
# of untested testcases 28
# of unsupported tests 517
/build/gcc-4.1-build/gcc/xgcc version 4.1.0 20050829 (experimental)
=== gfortran tests ===
Running target unix
FAIL: gfortran.dg/namelist_14.f90 -O0 (test for excess errors)
WARNING: gfortran.dg/namelist_14.f90 -O0 compilation failed to produce executable
=== gfortran Summary ===
# of expected passes 8390
# of unexpected failures 1
# of expected failures 2
# of unsupported tests 26
/build/gcc-4.1-build/gcc/testsuite/../gfortran version 4.1.0 20050829 (experimental)
=== objc tests ===
Running target unix
FAIL: objc/execute/exceptions/local-variables-1.m compilation, -O1 -fgnu-runtime
UNRESOLVED: objc/execute/exceptions/local-variables-1.m execution, -O1 -fgnu-runtime
FAIL: objc/execute/exceptions/local-variables-1.m compilation, -O2 -fgnu-runtime
UNRESOLVED: objc/execute/exceptions/local-variables-1.m execution, -O2 -fgnu-runtime
FAIL: objc/execute/exceptions/local-variables-1.m compilation, -O3 -fomit-frame-pointer -fgnu-runtime
UNRESOLVED: objc/execute/exceptions/local-variables-1.m execution, -O3 -fomit-frame-pointer -fgnu-runtime
FAIL: objc/execute/exceptions/local-variables-1.m compilation, -O3 -g -fgnu-runtime
UNRESOLVED: objc/execute/exceptions/local-variables-1.m execution, -O3 -g -fgnu-runtime
FAIL: objc/execute/exceptions/local-variables-1.m compilation, -Os -fgnu-runtime
UNRESOLVED: objc/execute/exceptions/local-variables-1.m execution, -Os -fgnu-runtime
=== objc Summary ===
# of expected passes 1658
# of unexpected failures 5
# of unresolved testcases 5
# of unsupported tests 22
/build/gcc-4.1-build/gcc/xgcc version 4.1.0 20050829 (experimental)
=== libffi tests ===
Running target unix
=== libffi Summary ===
# of expected passes 228
# of unsupported tests 2
=== libjava tests ===
Running target unix
=== libjava Summary ===
# of expected passes 3953
# of expected failures 10
# of untested testcases 8
=== libmudflap tests ===
Running target unix
=== libmudflap Summary ===
# of expected passes 1779
=== libstdc++ tests ===
Running target unix
FAIL: 23_containers/set/explicit_instantiation/2.cc (test for excess errors)
XPASS: 26_numerics/cmath/c99_classification_macros_c.cc (test for excess errors)
XPASS: 27_io/fpos/14320-1.cc execution test
=== libstdc++ Summary ===
# of expected passes 3881
# of unexpected failures 1
# of unexpected successes 2
# of expected failures 12
Compiler version: 4.1.0 20050829 (experimental)
Platform: s390x-ibm-linux-gnu
configure flags: --prefix=/build/gcc-4.1-install --enable-shared --with-system-zlib --enable-threads=posix --enable-__cxa_atexit --enable-checking=release --program-suffix=-4.1 --disable-multilib --enable-languages=c,c++,f95,java,objc
More information about the Gcc-testresults
mailing list