Results for 4.0.2 20050826 (prerelease) testsuite on x86_64-unknown-linux-gnu
Al Stone
ahs3@fc.hp.com
Fri Aug 26 14:43:00 GMT 2005
LAST_UPDATED: Wed Jul 27 06:57:23 UTC 2005
Native configuration is x86_64-unknown-linux-gnu
=== g++ tests ===
Running target unix
WARNING: program timed out.
WARNING: program timed out.
FAIL: g++.old-deja/g++.law/scope4.C (test for excess errors)
WARNING: program timed out.
FAIL: g++.old-deja/g++.mike/opr-as1.C (test for excess errors)
WARNING: program timed out.
FAIL: g++.old-deja/g++.pt/ptrmem9.C (test for excess errors)
WARNING: program timed out.
FAIL: g++.old-deja/g++.pt/tt.C (test for excess errors)
=== g++ Summary ===
# of expected passes 10975
# of unexpected failures 4
# of expected failures 70
# of unsupported tests 90
/home/builder/nightly-build/build/amd64/obj/upstream/gcc-4.0/gcc/testsuite/../g++ version 4.0.2 20050826 (prerelease)
=== gcc tests ===
Running target unix
WARNING: program timed out.
FAIL: gcc.c-torture/compile/20031102-1.c -O3 -g (test for excess errors)
WARNING: program timed out.
FAIL: gcc.c-torture/execute/ieee/compare-fp-4.c compilation, -O0
UNRESOLVED: gcc.c-torture/execute/ieee/compare-fp-4.c execution, -O0
WARNING: program timed out.
FAIL: gcc.dg/Wunreachable-7.c (test for excess errors)
FAIL: gcc.dg/setjmp-2.c (test for excess errors)
WARNING: gcc.dg/setjmp-2.c compilation failed to produce executable
FAIL: gcc.dg/short-compare-1.c (test for excess errors)
WARNING: gcc.dg/short-compare-1.c compilation failed to produce executable
FAIL: gcc.dg/short-compare-2.c (test for excess errors)
WARNING: gcc.dg/short-compare-2.c compilation failed to produce executable
WARNING: program timed out.
XPASS: gcc.dg/vect/vect-22.c scan-tree-dump-times vectorized 3 loops 1
=== gcc Summary ===
# of expected passes 34726
# of unexpected failures 6
# of unexpected successes 1
# of expected failures 98
# of unresolved testcases 1
# of untested testcases 28
# of unsupported tests 439
/home/builder/nightly-build/build/amd64/obj/upstream/gcc-4.0/gcc/xgcc version 4.0.2 20050826 (prerelease)
=== libstdc++ tests ===
Running target unix
FAIL: abi_check
XPASS: 22_locale/locale/cons/12658_thread-1.cc execution test
WARNING: program timed out.
FAIL: 22_locale/moneypunct/members/wchar_t/1.cc (test for excess errors)
XPASS: 26_numerics/cmath/c99_classification_macros_c.cc (test for excess errors)
XPASS: 27_io/fpos/14320-1.cc execution test
=== libstdc++ Summary ===
# of expected passes 3644
# of unexpected failures 2
# of unexpected successes 3
# of expected failures 11
Compiler version: 4.0.2 20050826 (prerelease)
Platform: x86_64-unknown-linux-gnu
configure flags: --prefix=/opt/toolchain/tot-20050826 --program-suffix=-4.0 --with-system-zlib --enable-nls --without-included-gettext --disable-multilib --enable-languages=c,c++
Counting all warnings,
there are 0 warnings in stage3 of this bootstrap.
Number of warnings per file:
Number of warning types:
More information about the Gcc-testresults
mailing list