Results for 4.1.0 20050816 (experimental) testsuite on i686-pc-linux-gnu
Laurent GUERBY
laurent@guerby.net
Tue Aug 16 21:43:00 GMT 2005
LAST_UPDATED: Tue Aug 16 18:50:47 UTC 2005
=== acats tests ===
FAIL: c32001e
FAIL: c34007p
FAIL: c34007r
FAIL: c45282b
FAIL: c45651a
FAIL: c64105b
FAIL: c95086b
FAIL: ca11c01
FAIL: cd10002
FAIL: cdd2a02
FAIL: cxaa017
=== acats Summary ===
# of expected passes 2308
# of unexpected failures 11
Native configuration is i686-pc-linux-gnu
=== gcc tests ===
Running target unix
FAIL: gcc.c-torture/compile/20020926-1.c -O2 (test for excess errors)
FAIL: gcc.c-torture/compile/20020926-1.c -O3 -fomit-frame-pointer (test for excess errors)
FAIL: gcc.c-torture/compile/20020926-1.c -O3 -g (test for excess errors)
FAIL: gcc.c-torture/execute/950612-1.c execution, -O3 -fomit-frame-pointer
FAIL: gcc.c-torture/execute/950612-1.c execution, -O3 -fomit-frame-pointer -funroll-loops
FAIL: gcc.c-torture/execute/950612-1.c execution, -O3 -fomit-frame-pointer -funroll-all-loops -finline-functions
FAIL: gcc.c-torture/execute/950612-1.c execution, -O3 -g
FAIL: gcc.c-torture/execute/950612-1.c execution, -Os
FAIL: gcc.dg/large-size-array.c (test for errors, line 19)
FAIL: gcc.dg/large-size-array.c (test for excess errors)
XPASS: gcc.dg/vect/vect-22.c scan-tree-dump-times vectorized 3 loops 1
=== gcc Summary ===
# of expected passes 37038
# of unexpected failures 10
# of unexpected successes 1
# of expected failures 100
# of untested testcases 28
# of unsupported tests 335
/home/guerby/work/gcc/build/build-20050816T211354/gcc/xgcc version 4.1.0 20050816 (experimental)
Compiler version: 4.1.0 20050816 (experimental)
Platform: i686-pc-linux-gnu
configure flags: --prefix=/home/guerby/work/gcc/install/install-20050816T211354 --enable-__cxa_atexit --disable-nls --enable-threads=posix --disable-multilib --enable-checking --enable-languages=c,ada
More information about the Gcc-testresults
mailing list