Results for 4.1.0 20050815 (experimental) objc testsuite on powerpc-apple-darwin7.9.0
Andrew Pinski
pinskia@physics.uc.edu
Mon Aug 15 01:59:00 GMT 2005
LAST_UPDATED: Mon Aug 15 01:17:08 UTC 2005
Native configuration is powerpc-apple-darwin7.9.0
=== objc tests ===
Running target unix
FAIL: objc/execute/exceptions/finally-1.m execution, -O0
-fnext-runtime
FAIL: objc/execute/exceptions/finally-1.m execution, -O1
-fnext-runtime
FAIL: objc/execute/exceptions/finally-1.m execution, -O2
-fnext-runtime
FAIL: objc/execute/exceptions/finally-1.m execution, -O3
-fomit-frame-pointer -fnext-runtime
FAIL: objc/execute/exceptions/finally-1.m execution, -O3 -g
-fnext-runtime
FAIL: objc/execute/exceptions/finally-1.m execution, -Os
-fnext-runtime
FAIL: objc/execute/exceptions/foward-1.m execution, -O3
-fomit-frame-pointer -funroll-loops -fgnu-runtime
FAIL: objc/execute/exceptions/foward-1.m execution, -O3
-fomit-frame-pointer -funroll-all-loops -finline-functions
-fgnu-runtime
FAIL: objc/execute/exceptions/foward-1.m execution, -O0 -fnext-runtime
FAIL: objc/execute/exceptions/foward-1.m execution, -O1 -fnext-runtime
FAIL: objc/execute/exceptions/foward-1.m execution, -O2 -fnext-runtime
FAIL: objc/execute/exceptions/foward-1.m execution, -O3
-fomit-frame-pointer -fnext-runtime
FAIL: objc/execute/exceptions/foward-1.m execution, -O3
-fomit-frame-pointer -funroll-loops -fnext-runtime
FAIL: objc/execute/exceptions/foward-1.m execution, -O3
-fomit-frame-pointer -funroll-all-loops -finline-functions
-fnext-runtime
FAIL: objc/execute/exceptions/foward-1.m execution, -O3 -g
-fnext-runtime
FAIL: objc/execute/exceptions/foward-1.m execution, -Os -fnext-runtime
FAIL: objc/execute/exceptions/local-variables-1.m compilation, -O1
-fgnu-runtime
UNRESOLVED: objc/execute/exceptions/local-variables-1.m execution, -O1
-fgnu-runtime
FAIL: objc/execute/exceptions/local-variables-1.m compilation, -O2
-fgnu-runtime
UNRESOLVED: objc/execute/exceptions/local-variables-1.m execution, -O2
-fgnu-runtime
FAIL: objc/execute/exceptions/local-variables-1.m compilation, -O3
-fomit-frame-pointer -fgnu-runtime
UNRESOLVED: objc/execute/exceptions/local-variables-1.m execution, -O3
-fomit-frame-pointer -fgnu-runtime
FAIL: objc/execute/exceptions/local-variables-1.m compilation, -O3 -g
-fgnu-runtime
UNRESOLVED: objc/execute/exceptions/local-variables-1.m execution, -O3
-g -fgnu-runtime
FAIL: objc/execute/exceptions/local-variables-1.m compilation, -Os
-fgnu-runtime
UNRESOLVED: objc/execute/exceptions/local-variables-1.m execution, -Os
-fgnu-runtime
=== objc Summary ===
# of expected passes 2850
# of unexpected failures 21
# of unresolved testcases 5
# of unsupported tests 1
/Users/pinskia/src/local3/gcc/objdir/gcc/xgcc version 4.1.0 20050815
(experimental)
Compiler version: 4.1.0 20050815 (experimental) objc
Platform: powerpc-apple-darwin7.9.0
configure flags: --prefix=/Users/pinskia/local3.checking
--enable-languages=objc
More information about the Gcc-testresults
mailing list