Results for 4.1.0 20050814 (experimental) testsuite on ia64-unknown-linux-gnu
Al Stone
ahs3@fc.hp.com
Sun Aug 14 13:28:00 GMT 2005
LAST_UPDATED: Wed Jul 27 06:39:20 UTC 2005
Native configuration is ia64-unknown-linux-gnu
=== g++ tests ===
Running target unix
=== g++ Summary ===
# of expected passes 10792
# of expected failures 68
# of unsupported tests 95
/home/builder/nightly-build/build/ia64/obj/upstream/gcc/gcc/testsuite/../g++ version 4.1.0 20050814 (experimental)
=== gcc tests ===
Running target unix
FAIL: gcc.dg/builtin-apply4.c execution test
XPASS: gcc.dg/tree-ssa/loop-1.c scan-assembler-times foo 5
FAIL: gcc.dg/tree-ssa/loop-4.c scan-tree-dump-times iter 0
FAIL: gcc.dg/vect/vect-105.c scan-tree-dump-times vectorized 1 loops 1
XPASS: gcc.dg/vect/vect-22.c scan-tree-dump-times vectorized 3 loops 1
XPASS: gcc.dg/vect/vect-30.c scan-tree-dump-times vectorized 1 loops 2
XPASS: gcc.dg/vect/vect-8.c scan-tree-dump-times vectorized 1 loops 1
=== gcc Summary ===
# of expected passes 35957
# of unexpected failures 3
# of unexpected successes 4
# of expected failures 132
# of untested testcases 28
# of unsupported tests 510
/home/builder/nightly-build/build/ia64/obj/upstream/gcc/gcc/xgcc version 4.1.0 20050814 (experimental)
=== libstdc++ tests ===
Running target unix
FAIL: abi_check
XPASS: 26_numerics/cmath/c99_classification_macros_c.cc (test for excess errors)
XPASS: 27_io/fpos/14320-1.cc execution test
FAIL: thread/pthread2.cc execution test
=== libstdc++ Summary ===
# of expected passes 3236
# of unexpected failures 2
# of unexpected successes 2
# of expected failures 12
# of unsupported tests 315
Compiler version: 4.1.0 20050814 (experimental)
Platform: ia64-unknown-linux-gnu
configure flags: --prefix=/opt/toolchain/tot-20050814 --with-system-zlib --enable-nls --without-included-gettext --enable-languages=c,c++
Counting all warnings,
there are 0 warnings in stage3 of this bootstrap.
Number of warnings per file:
Number of warning types:
More information about the Gcc-testresults
mailing list