Results for 4.0.2 20050806 (prerelease) testsuite on hppa-unknown-linux-gnu
John David Anglin
dave@gsyprf11.external.hp.com
Sun Aug 7 14:04:00 GMT 2005
LAST_UPDATED: Sat Aug 6 19:34:55 UTC 2005
=== acats tests ===
FAIL: c761007
FAIL: c940013
FAIL: cxg1005
=== acats Summary ===
# of expected passes 2317
# of unexpected failures 3
Native configuration is hppa-unknown-linux-gnu
=== g++ tests ===
Running target unix
XPASS: g++.old-deja/g++.other/init5.C execution test
=== g++ Summary ===
# of expected passes 10935
# of unexpected successes 1
# of expected failures 69
# of unsupported tests 92
/home/dave/gcc-4.0/objdir/gcc/testsuite/../g++ version 4.0.2 20050806 (prerelease)
=== gcc tests ===
Running target unix
XPASS: gcc.dg/const-elim-1.c scan-assembler-not L\\\\\$?C[^A-Z]
XPASS: gcc.dg/tree-ssa/loop-1.c scan-assembler-times foo 5
=== gcc Summary ===
# of expected passes 34122
# of unexpected successes 2
# of expected failures 68
# of untested testcases 28
# of unsupported tests 499
/home/dave/gcc-4.0/objdir/gcc/xgcc version 4.0.2 20050806 (prerelease)
=== gfortran tests ===
Running target unix
=== gfortran Summary ===
# of expected passes 7890
# of expected failures 2
# of unsupported tests 17
/home/dave/gcc-4.0/objdir/gcc/testsuite/../gfortran version 4.0.2 20050806 (prerelease)
=== objc tests ===
Running target unix
=== objc Summary ===
# of expected passes 1534
# of unsupported tests 10
/home/dave/gcc-4.0/objdir/gcc/xgcc version 4.0.2 20050806 (prerelease)
=== libffi tests ===
Running target unix
=== libffi Summary ===
# of expected passes 219
# of unsupported tests 2
=== libjava tests ===
Running target unix
WARNING: program timed out.
FAIL: PR218 execution - source compiled test
WARNING: program timed out.
FAIL: PR218 execution - bytecode->native test
WARNING: program timed out.
FAIL: PR218 -O3 execution - source compiled test
WARNING: program timed out.
FAIL: PR218 -O3 execution - bytecode->native test
FAIL: SyncTest execution - source compiled test
FAIL: SyncTest execution - bytecode->native test
FAIL: SyncTest -O3 execution - source compiled test
FAIL: SyncTest -O3 execution - bytecode->native test
=== libjava Summary ===
# of expected passes 3062
# of unexpected failures 8
# of expected failures 14
# of untested testcases 26
=== libmudflap tests ===
Running target unix
FAIL: libmudflap.c/pass49-frag.c execution test
FAIL: libmudflap.c/pass49-frag.c output pattern test
FAIL: libmudflap.c/pass49-frag.c (-static) execution test
FAIL: libmudflap.c/pass49-frag.c (-static) output pattern test
FAIL: libmudflap.c/pass49-frag.c (-O2) execution test
FAIL: libmudflap.c/pass49-frag.c (-O2) output pattern test
FAIL: libmudflap.c/pass49-frag.c (-O3) execution test
FAIL: libmudflap.c/pass49-frag.c (-O3) output pattern test
WARNING: program timed out.
FAIL: libmudflap.cth/pass40-frag.c execution test
FAIL: libmudflap.cth/pass40-frag.c output pattern test
WARNING: program timed out.
FAIL: libmudflap.cth/pass40-frag.c (-static -DSTATIC) execution test
FAIL: libmudflap.cth/pass40-frag.c (-static -DSTATIC) output pattern test
WARNING: program timed out.
FAIL: libmudflap.cth/pass40-frag.c (-O2) execution test
FAIL: libmudflap.cth/pass40-frag.c (-O2) output pattern test
WARNING: program timed out.
FAIL: libmudflap.cth/pass40-frag.c (-O3) execution test
FAIL: libmudflap.cth/pass40-frag.c (-O3) output pattern test
=== libmudflap Summary ===
# of expected passes 1272
# of unexpected failures 16
=== libstdc++ tests ===
Running target unix
XPASS: 22_locale/locale/cons/12658_thread-1.cc execution test
XPASS: 26_numerics/cmath/c99_classification_macros_c.cc (test for excess errors)
=== libstdc++ Summary ===
# of expected passes 3644
# of unexpected successes 2
# of expected failures 12
Compiler version: 4.0.2 20050806 (prerelease)
Platform: hppa-unknown-linux-gnu
configure flags: --with-gnu-as --with-as=/home/dave/opt/gnu/bin/as --with-gnu-ld --with-ld=/home/dave/opt/gnu/bin/ld --enable-shared --enable-nls --prefix=/home/dave/opt/gnu/gcc/gcc-4.0.2 --with-local-prefix=/home/dave/opt/gnu --enable-threads=posix --enable-__cxa_atexit --host=hppa-linux --enable-clocale=gnu --enable-java-gc=boehm --enable-java-awt=xlib --disable-checking --enable-languages=c,ada,c++,f95,java,objc
More information about the Gcc-testresults
mailing list