Results for 3.4.5 20050806 (prerelease) testsuite on hppa64-hp-hpux11.00
John David Anglin
dave@hiauly2.hia.nrc.ca
Sun Aug 7 13:57:00 GMT 2005
LAST_UPDATED: Sun Aug 7 03:02:45 UTC 2005
Native configuration is hppa64-hp-hpux11.00
=== g++ tests ===
Running target unix
XPASS: g++.dg/rtti/tinfo1.C scan-assembler-not .globl[ \\t]+_ZTIP9CTemplateIhE
WARNING: g++.old-deja/g++.mike/p10769a.C compilation failed to produce executable
WARNING: g++.old-deja/g++.other/enum5.C compilation failed to produce executable
WARNING: g++.old-deja/g++.pt/friend44.C compilation failed to produce executable
=== g++ Summary ===
# of expected passes 9460
# of unexpected successes 1
# of expected failures 75
# of unsupported tests 83
/xxx/gnu/gcc-3.4/objdir/gcc/testsuite/../g++ version 3.4.5 20050806 (prerelease)
=== g77 tests ===
Running target unix
=== g77 Summary ===
# of expected passes 1812
# of unsupported tests 6
/xxx/gnu/gcc-3.4/objdir/gcc/testsuite/../g77 version 3.4.5 20050806 (prerelease)
=== gcc tests ===
Running target unix
FAIL: gcc.c-torture/compile/20050113-1.c -O1 (test for excess errors)
FAIL: gcc.c-torture/compile/20050113-1.c -O2 (test for excess errors)
FAIL: gcc.c-torture/compile/20050113-1.c -O3 -fomit-frame-pointer (test for excess errors)
FAIL: gcc.c-torture/compile/20050113-1.c -O3 -g (test for excess errors)
FAIL: gcc.c-torture/compile/20050113-1.c -Os (test for excess errors)
FAIL: gcc.dg/noreturn-7.c (test for warnings, line 21)
FAIL: gcc.dg/sibcall-1.c execution test
FAIL: gcc.dg/sibcall-2.c execution test
FAIL: gcc.dg/sibcall-3.c execution test
FAIL: gcc.dg/sibcall-4.c execution test
=== gcc Summary ===
# of expected passes 24339
# of unexpected failures 10
# of expected failures 75
# of untested testcases 7
# of unsupported tests 375
/xxx/gnu/gcc-3.4/objdir/gcc/xgcc version 3.4.5 20050806 (prerelease)
=== objc tests ===
Running target unix
=== objc Summary ===
# of expected passes 1352
# of unsupported tests 8
/xxx/gnu/gcc-3.4/objdir/gcc/xgcc version 3.4.5 20050806 (prerelease)
=== libstdc++ tests ===
Running target unix
=== libstdc++ Summary ===
# of expected passes 2038
# of expected failures 4
# of unsupported tests 9
Compiler version: 3.4.5 20050806 (prerelease)
Platform: hppa64-hp-hpux11.00
configure flags: --with-gnu-as --with-as=/opt/gnu64/bin/as --with-ld=/usr/ccs/bin/ld --enable-shared --with-local-prefix=/opt/gnu64 --prefix=/opt/gnu64/gcc/gcc-3.4.5 --host=hppa64-hp-hpux11.00 --disable-nls -enable-languages=c,c++,f77,java,objc
More information about the Gcc-testresults
mailing list