Results for 4.1.0 20050805 (experimental) testsuite on hppa-unknown-linux-gnu
John David Anglin
dave@gsyprf11.external.hp.com
Sat Aug 6 14:01:00 GMT 2005
LAST_UPDATED: Fri Aug 5 14:51:05 UTC 2005
=== acats tests ===
FAIL: c32001e
FAIL: c34007p
FAIL: c34007r
FAIL: c37215h
FAIL: c45282b
FAIL: c45651a
FAIL: c52103x
FAIL: c64105b
FAIL: c761007
FAIL: c940013
FAIL: c95086b
FAIL: ca11c01
FAIL: cd10002
FAIL: cxaa017
FAIL: cxaca01
FAIL: cxg1005
=== acats Summary ===
# of expected passes 2303
# of unexpected failures 16
Native configuration is hppa-unknown-linux-gnu
=== g++ tests ===
Running target unix
WARNING: program timed out.
FAIL: g++.dg/opt/inline4.C (test for excess errors)
ERROR: g++.dg/opt/inline4.C: error executing dg-final: couldn't open "inline4.s": no such file or directory
UNRESOLVED: g++.dg/opt/inline4.C: error executing dg-final: couldn't open "inline4.s": no such file or directory
XPASS: g++.old-deja/g++.other/init5.C execution test
=== g++ Summary ===
# of expected passes 11082
# of unexpected failures 1
# of unexpected successes 1
# of expected failures 67
# of unresolved testcases 1
# of unsupported tests 100
/home/dave/gcc-4.1/objdir/gcc/testsuite/../g++ version 4.1.0 20050805 (experimental)
=== gcc tests ===
Running target unix
FAIL: gcc.dg/tree-prof/val-prof-5.c scan-tree-dump Div.mod by constant b..=997 transformation on insn
XPASS: gcc.dg/tree-ssa/loop-1.c scan-assembler-times foo 5
=== gcc Summary ===
# of expected passes 35824
# of unexpected failures 1
# of unexpected successes 1
# of expected failures 75
# of untested testcases 28
# of unsupported tests 519
/home/dave/gcc-4.1/objdir/gcc/xgcc version 4.1.0 20050805 (experimental)
=== gfortran tests ===
Running target unix
=== gfortran Summary ===
# of expected passes 8179
# of expected failures 2
# of unsupported tests 34
/home/dave/gcc-4.1/objdir/gcc/testsuite/../gfortran version 4.1.0 20050805 (experimental)
=== objc tests ===
Running target unix
=== objc Summary ===
# of expected passes 1592
# of unsupported tests 23
/home/dave/gcc-4.1/objdir/gcc/xgcc version 4.1.0 20050805 (experimental)
=== libffi tests ===
Running target unix
=== libffi Summary ===
# of expected passes 228
# of unsupported tests 2
=== libjava tests ===
Running target unix
FAIL: Class_1 execution - source compiled test
FAIL: Class_1 execution - gij test
FAIL: Class_1 execution - bytecode->native test
FAIL: Class_1 -O3 execution - source compiled test
FAIL: Class_1 execution - gij test
FAIL: Class_1 -O3 execution - bytecode->native test
FAIL: InvokeInterface execution - gij test
FAIL: InvokeInterface execution - bytecode->native test
FAIL: InvokeInterface execution - gij test
FAIL: InvokeInterface -O3 execution - bytecode->native test
FAIL: PR12350 execution - gij test
FAIL: PR12350 execution - bytecode->native test
FAIL: PR12350 execution - gij test
FAIL: PR12350 -O3 execution - bytecode->native test
FAIL: PR12416 execution - gij test
FAIL: PR12416 execution - bytecode->native test
FAIL: PR12416 execution - gij test
FAIL: PR12416 -O3 execution - bytecode->native test
FAIL: PR218 execution - source compiled test
FAIL: PR218 execution - bytecode->native test
FAIL: PR218 -O3 execution - source compiled test
FAIL: PR218 -O3 execution - bytecode->native test
FAIL: PR260 execution - gij test
FAIL: PR260 execution - bytecode->native test
FAIL: PR260 execution - gij test
FAIL: PR260 -O3 execution - bytecode->native test
FAIL: Process_3 execution - gij test
FAIL: Process_3 execution - gij test
FAIL: SyncTest execution - source compiled test
FAIL: SyncTest execution - gij test
FAIL: SyncTest execution - bytecode->native test
FAIL: SyncTest -O3 execution - source compiled test
FAIL: SyncTest execution - gij test
FAIL: SyncTest -O3 execution - bytecode->native test
FAIL: Thread_Monitor execution - source compiled test
FAIL: Thread_Monitor execution - gij test
FAIL: Thread_Monitor execution - bytecode->native test
FAIL: Thread_Monitor -O3 execution - source compiled test
FAIL: Thread_Monitor execution - gij test
FAIL: Thread_Monitor -O3 execution - bytecode->native test
FAIL: invokethrow execution - gij test
FAIL: invokethrow execution - bytecode->native test
FAIL: invokethrow execution - gij test
FAIL: invokethrow -O3 execution - bytecode->native test
FAIL: pr179 execution - gij test
FAIL: pr179 execution - bytecode->native test
FAIL: pr179 execution - gij test
FAIL: pr179 -O3 execution - bytecode->native test
FAIL: pr21785 execution - source compiled test
FAIL: pr21785 execution - gij test
FAIL: pr21785 execution - bytecode->native test
FAIL: pr21785 -O3 execution - source compiled test
FAIL: pr21785 execution - gij test
FAIL: pr21785 -O3 execution - bytecode->native test
FAIL: pr8415 execution - gij test
FAIL: pr8415 execution - bytecode->native test
FAIL: pr8415 execution - gij test
FAIL: pr8415 -O3 execution - bytecode->native test
FAIL: stringconst2 output - source compiled test
FAIL: stringconst2 output - gij test
FAIL: stringconst2 output - bytecode->native test
FAIL: stringconst2 -O3 output - source compiled test
FAIL: stringconst2 output - gij test
FAIL: stringconst2 -O3 output - bytecode->native test
FAIL: pr21115 run
=== libjava Summary ===
# of expected passes 3794
# of unexpected failures 65
# of expected failures 10
# of untested testcases 67
=== libmudflap tests ===
Running target unix
WARNING: program timed out.
FAIL: libmudflap.cth/pass40-frag.c execution test
FAIL: libmudflap.cth/pass40-frag.c output pattern test
WARNING: program timed out.
FAIL: libmudflap.cth/pass40-frag.c (-static -DSTATIC) execution test
FAIL: libmudflap.cth/pass40-frag.c (-static -DSTATIC) output pattern test
WARNING: program timed out.
FAIL: libmudflap.cth/pass40-frag.c (-O2) execution test
FAIL: libmudflap.cth/pass40-frag.c (-O2) output pattern test
WARNING: program timed out.
FAIL: libmudflap.cth/pass40-frag.c (-O3) execution test
FAIL: libmudflap.cth/pass40-frag.c (-O3) output pattern test
=== libmudflap Summary ===
# of expected passes 1763
# of unexpected failures 8
=== libstdc++ tests ===
Running target unix
XPASS: 26_numerics/cmath/c99_classification_macros_c.cc (test for excess errors)
=== libstdc++ Summary ===
# of expected passes 3238
# of unexpected successes 1
# of expected failures 13
# of unsupported tests 315
Compiler version: 4.1.0 20050805 (experimental)
Platform: hppa-unknown-linux-gnu
configure flags: --with-gnu-as --with-as=/home/dave/opt/gnu/bin/as --with-gnu-ld --with-ld=/home/dave/opt/gnu/bin/ld --enable-shared --enable-nls --prefix=/home/dave/opt/gnu/gcc/gcc-4.1.0 --with-local-prefix=/home/dave/opt/gnu --enable-threads=posix --enable-__cxa_atexit --host=hppa-linux --enable-clocale=gnu --enable-java-gc=boehm --enable-java-awt=xlib --enable-languages=c,ada,c++,f95,java,objc
More information about the Gcc-testresults
mailing list