Results for 4.1.0 20050430 (experimental) testsuite on alphaev67-unknown-linux-gnu
Richard Henderson
rth@twiddle.net
Sat Apr 30 15:00:00 GMT 2005
LAST_UPDATED: Sat Apr 30 02:02:07 UTC 2005
Native configuration is alphaev67-unknown-linux-gnu
=== libffi tests ===
Running target unix
=== libffi Summary ===
# of expected passes 219
# of unsupported tests 2
=== libjava tests ===
Running target unix
FAIL: Array_3 -O3 execution - bytecode->native test
FAIL: StringBuffer_1 execution - source compiled test
FAIL: StringBuffer_1 execution - gij test
FAIL: StringBuffer_1 execution - bytecode->native test
FAIL: StringBuffer_1 -O3 execution - source compiled test
FAIL: StringBuffer_1 execution - gij test
FAIL: StringBuffer_1 -O3 execution - bytecode->native test
FAIL: initexc execution - gij test
FAIL: initexc execution - gij test
FAIL: pr21115 run
=== libjava Summary ===
# of expected passes 3790
# of unexpected failures 10
# of expected failures 10
# of untested testcases 18
=== libmudflap tests ===
Running target unix
FAIL: libmudflap.c/pass49-frag.c execution test
FAIL: libmudflap.c/pass49-frag.c output pattern test
FAIL: libmudflap.c/pass49-frag.c (-static) execution test
FAIL: libmudflap.c/pass49-frag.c (-static) output pattern test
FAIL: libmudflap.c/pass49-frag.c (-O2) execution test
FAIL: libmudflap.c/pass49-frag.c (-O2) output pattern test
FAIL: libmudflap.c/pass49-frag.c (-O3) execution test
FAIL: libmudflap.c/pass49-frag.c (-O3) output pattern test
FAIL: libmudflap.cth/pass40-frag.c execution test
FAIL: libmudflap.cth/pass40-frag.c output pattern test
FAIL: libmudflap.cth/pass40-frag.c (-O2) execution test
FAIL: libmudflap.cth/pass40-frag.c (-O2) output pattern test
FAIL: libmudflap.cth/pass40-frag.c (-O3) execution test
FAIL: libmudflap.cth/pass40-frag.c (-O3) output pattern test
=== libmudflap Summary ===
# of expected passes 1317
# of unexpected failures 14
=== libstdc++ tests ===
Running target unix
FAIL: abi_check
XPASS: 27_io/fpos/14320-1.cc execution test
FAIL: ext/stdio_sync_filebuf/wchar_t/12077.cc (test for excess errors)
WARNING: ext/stdio_sync_filebuf/wchar_t/12077.cc compilation failed to produce executable
=== libstdc++ Summary ===
# of expected passes 3632
# of unexpected failures 2
# of unexpected successes 1
# of expected failures 12
=== g++ tests ===
Running target unix
FAIL: g++.dg/other/static11.C (test for excess errors)
=== g++ Summary ===
# of expected passes 10937
# of unexpected failures 1
# of expected failures 66
# of unsupported tests 97
/home/rth/work/gcc/bld-cron/gcc/testsuite/../g++ version 4.1.0 20050430 (experimental)
=== gcc tests ===
Running target unix
FAIL: gcc.dg/uninit-1.c uninitialized variable warning (test for bogus messages, line 16)
FAIL: gcc.dg/tree-ssa/gen-vect-11.c scan-tree-dump-times vectorized 1 loops 1
XPASS: gcc.dg/vect/vect-67.c scan-tree-dump-times vectorized 1 loops 1
=== gcc Summary ===
# of expected passes 34734
# of unexpected failures 2
# of unexpected successes 1
# of expected failures 94
# of untested testcases 28
# of unsupported tests 536
/home/rth/work/gcc/bld-cron/gcc/xgcc version 4.1.0 20050430 (experimental)
=== gfortran tests ===
Running target unix
XPASS: gfortran.dg/ret_pointer_1.f90 -O0 execution test
XPASS: gfortran.dg/ret_pointer_1.f90 -O1 execution test
XPASS: gfortran.dg/ret_pointer_1.f90 -O2 execution test
XPASS: gfortran.dg/ret_pointer_1.f90 -O3 -fomit-frame-pointer execution test
XPASS: gfortran.dg/ret_pointer_1.f90 -O3 -fomit-frame-pointer -funroll-loops execution test
XPASS: gfortran.dg/ret_pointer_1.f90 -O3 -fomit-frame-pointer -funroll-all-loops -finline-functions execution test
XPASS: gfortran.dg/ret_pointer_1.f90 -O3 -g execution test
XPASS: gfortran.dg/ret_pointer_1.f90 -Os execution test
FAIL: gfortran.fortran-torture/execute/arrayarg2.f90 execution, -O2
FAIL: gfortran.fortran-torture/execute/arrayarg2.f90 execution, -O3 -fomit-frame-pointer
FAIL: gfortran.fortran-torture/execute/arrayarg2.f90 execution, -O3 -g
FAIL: gfortran.fortran-torture/execute/forall_3.f90 execution, -O0
FAIL: gfortran.fortran-torture/execute/forall_3.f90 execution, -O1
FAIL: gfortran.fortran-torture/execute/forall_3.f90 execution, -O2
FAIL: gfortran.fortran-torture/execute/forall_3.f90 execution, -O3 -fomit-frame-pointer
FAIL: gfortran.fortran-torture/execute/forall_3.f90 execution, -O3 -fomit-frame-pointer -funroll-loops
FAIL: gfortran.fortran-torture/execute/forall_3.f90 execution, -O3 -fomit-frame-pointer -funroll-all-loops -finline-functions
FAIL: gfortran.fortran-torture/execute/forall_3.f90 execution, -O3 -g
FAIL: gfortran.fortran-torture/execute/forall_3.f90 execution, -Os
FAIL: gfortran.fortran-torture/execute/strarray_3.f90 execution, -O2
FAIL: gfortran.fortran-torture/execute/strarray_3.f90 execution, -O3 -fomit-frame-pointer
FAIL: gfortran.fortran-torture/execute/strarray_3.f90 execution, -O3 -fomit-frame-pointer -funroll-loops
FAIL: gfortran.fortran-torture/execute/strarray_3.f90 execution, -O3 -fomit-frame-pointer -funroll-all-loops -finline-functions
FAIL: gfortran.fortran-torture/execute/strarray_3.f90 execution, -O3 -g
=== gfortran Summary ===
# of expected passes 6556
# of unexpected failures 16
# of unexpected successes 8
# of expected failures 21
# of unsupported tests 21
/home/rth/work/gcc/bld-cron/gcc/testsuite/../gfortran version 4.1.0 20050430 (experimental)
=== objc tests ===
Running target unix
=== objc Summary ===
# of expected passes 1532
# of unsupported tests 13
/home/rth/work/gcc/bld-cron/gcc/xgcc version 4.1.0 20050430 (experimental)
Compiler version: 4.1.0 20050430 (experimental)
Platform: alphaev67-unknown-linux-gnu
configure flags: --prefix=/home/rth/work/gcc/run-41 --enable-languages=c,c++,f95,java,objc
More information about the Gcc-testresults
mailing list