Results for 4.1.0 20050428 (experimental) testsuite on sparc-unknown-linux-gnu
Christian Joensson
chj@j-son.org
Sat Apr 30 06:19:00 GMT 2005
Aurora SPARC Linux release 2.0 (Kashmir FC3) UltraSparc IIi (Sabre) sun4u:
binutils-2.16.90.0.1-1.sparc
bison-1.875c-2.sparc
dejagnu-1.4.4-2.noarch
expect-5.42.1-1.sparc
gcc-3.4.2-6.fc3.sparc
gcc4-4.0.0-0.8sparc.sparc
glibc-2.3.3-99.sparc64
glibc-2.3.3-99.sparcv9
glibc-devel-2.3.3-99.sparc
glibc-devel-2.3.3-99.sparc64
glibc-headers-2.3.3-99.sparc64
glibc-headers-2.3.3-99.sparc
glibc-kernheaders-2.6-20sparc.sparc
gmp-4.1.4-3sparc.sparc
gmp-4.1.4-3sparc.sparc64
gmp-devel-4.1.4-3sparc.sparc
gmp-devel-4.1.4-3sparc.sparc64
kernel-2.6.11-1.1166sp1.sparc64
package kernel-devel is not installed
package kernel-smp is not installed
libgcc-3.4.2-6.fc3.sparc
libgcc-3.4.2-6.fc3.sparc64
libstdc++-3.4.2-6.fc3.sparc64
libstdc++-3.4.2-6.fc3.sparc
libstdc++-devel-3.4.2-6.fc3.sparc64
libstdc++-devel-3.4.2-6.fc3.sparc
make-3.80-5.sparc
nptl-devel-2.3.3-99.sparcv9
tcl-8.4.7-2.sparc
LAST_UPDATED: Thu Apr 28 15:24:32 UTC 2005
=== acats tests ===
FAIL: c32001e
FAIL: c41203a
FAIL: c41203b
FAIL: c52011a
FAIL: c52102b
FAIL: c52102d
FAIL: c52103x
FAIL: c52104x
FAIL: c62002a
FAIL: c64105b
FAIL: c95086b
FAIL: cd2b11a
FAIL: cd2b11b
FAIL: cxg1002
FAIL: cxg1003
FAIL: cxg2006
FAIL: cxg2007
FAIL: cxg2009
FAIL: cxg2018
FAIL: cxg2019
FAIL: cxg2020
FAIL: cxh1001
=== acats Summary ===
# of expected passes 2298
# of unexpected failures 22
Native configuration is sparc-unknown-linux-gnu
=== gcc tests ===
Running target unix
WARNING: program timed out.
FAIL: gcc.c-torture/compile/20001226-1.c -O3 -g (test for excess errors)
FAIL: gcc.dg/uninit-1.c uninitialized variable warning (test for bogus messages, line 16)
FAIL: gcc.dg/special/gcsec-1.c (test for excess errors)
WARNING: gcc.dg/special/gcsec-1.c compilation failed to produce executable
FAIL: gcc.dg/tree-ssa/gen-vect-25.c execution test
XPASS: gcc.dg/vect/vect-67.c scan-tree-dump-times vectorized 1 loops 1
XPASS: gcc.dg/vect/vect-dv-2.c scan-tree-dump-times vectorized 2 loops 1
=== gcc Summary ===
# of expected passes 34770
# of unexpected failures 4
# of unexpected successes 2
# of expected failures 102
# of untested testcases 28
# of unsupported tests 527
/usr/local/src/trunk/objdir32/gcc/xgcc version 4.1.0 20050428 (experimental)
=== gfortran tests ===
Running target unix
XPASS: gfortran.dg/ret_pointer_1.f90 -O0 execution test
XPASS: gfortran.dg/ret_pointer_1.f90 -O1 execution test
XPASS: gfortran.dg/ret_pointer_1.f90 -O2 execution test
XPASS: gfortran.dg/ret_pointer_1.f90 -O3 -fomit-frame-pointer execution test
XPASS: gfortran.dg/ret_pointer_1.f90 -O3 -fomit-frame-pointer -funroll-loops execution test
XPASS: gfortran.dg/ret_pointer_1.f90 -O3 -fomit-frame-pointer -funroll-all-loops -finline-functions execution test
XPASS: gfortran.dg/ret_pointer_1.f90 -O3 -g execution test
FAIL: gfortran.fortran-torture/execute/forall_3.f90 execution, -O1
=== gfortran Summary ===
# of expected passes 6420
# of unexpected failures 1
# of unexpected successes 7
# of expected failures 22
# of unsupported tests 20
/usr/local/src/trunk/objdir32/gcc/testsuite/../gfortran version 4.1.0 20050428 (experimental)
=== g++ tests ===
Running target unix
FAIL: g++.dg/other/static11.C (test for excess errors)
XPASS: g++.old-deja/g++.other/init5.C execution test
=== g++ Summary ===
# of expected passes 10971
# of unexpected failures 1
# of unexpected successes 1
# of expected failures 65
# of unsupported tests 94
/usr/local/src/trunk/objdir32/gcc/testsuite/../g++ version 4.1.0 20050428 (experimental)
=== objc tests ===
Running target unix
=== objc Summary ===
# of expected passes 1534
# of unsupported tests 12
/usr/local/src/trunk/objdir32/gcc/xgcc version 4.1.0 20050428 (experimental)
=== treelang tests ===
Running target unix
=== treelang Summary ===
# of expected passes 48
=== libffi tests ===
Running target unix
=== libffi Summary ===
# of expected passes 219
# of unsupported tests 2
=== libjava tests ===
Running target unix
FAIL: Array_3 -O3 execution - bytecode->native test
FAIL: pr21115 run
=== libjava Summary ===
# of expected passes 3806
# of unexpected failures 2
# of expected failures 10
# of untested testcases 10
=== libmudflap tests ===
Running target unix
FAIL: libmudflap.c/pass54-frag.c execution test
FAIL: libmudflap.c/fail1-frag.c (-static) (test for excess errors)
WARNING: libmudflap.c/fail1-frag.c (-static) compilation failed to produce executable
FAIL: libmudflap.c/pass54-frag.c (-static) execution test
=== libmudflap Summary ===
# of expected passes 1326
# of unexpected failures 3
=== libstdc++ tests ===
Running target unix
XPASS: 26_numerics/cmath/c99_classification_macros_c.cc (test for excess errors)
FAIL: ext/stdio_sync_filebuf/wchar_t/12077.cc (test for excess errors)
WARNING: ext/stdio_sync_filebuf/wchar_t/12077.cc compilation failed to produce executable
=== libstdc++ Summary ===
# of expected passes 3629
# of unexpected failures 1
# of unexpected successes 1
# of expected failures 12
Compiler version: 4.1.0 20050428 (experimental)
Platform: sparc-unknown-linux-gnu
configure flags: sparc-linux --enable-__cxa_atexit --disable-multilib --enable-shared --enable-languages=c,ada,c++,f95,java,objc,treelang
More information about the Gcc-testresults
mailing list