Results for 3.4.4 20050429 (prerelease) testsuite on i686-pc-linux-gnu
CodeSourcery Automatic Testing System
gcc@codesourcery.com
Fri Apr 29 17:01:00 GMT 2005
LAST_UPDATED: Fri Apr 29 08:19:11 UTC 2005
Native configuration is i686-pc-linux-gnu
=== g++ tests ===
Running target unix
XPASS: g++.dg/rtti/tinfo1.C scan-assembler _ZTIP9CTemplateIhE:
XPASS: g++.dg/rtti/tinfo1.C scan-assembler-not .globl[ \\t]+_ZTIP9CTemplateIhE
WARNING: g++.old-deja/g++.mike/p10769a.C compilation failed to produce executable
WARNING: g++.old-deja/g++.other/enum5.C compilation failed to produce executable
WARNING: g++.old-deja/g++.pt/friend44.C compilation failed to produce executable
=== g++ Summary ===
# of expected passes 9859
# of unexpected successes 2
# of expected failures 72
# of unsupported tests 43
/scratch/gcc/nightly-2005-04-29-3.4/i686-pc-linux-gnu/build_gcc/build/gcc-3.4-2005-04-29-nightly-i686-pc-linux-gnu/gcc/testsuite/../g++ version 3.4.4 20050429 (prerelease)
=== gcc tests ===
Running target unix
FAIL: gcc.c-torture/execute/va-arg-25.c execution, -Os
=== gcc Summary ===
# of expected passes 25084
# of unexpected failures 1
# of expected failures 70
# of untested testcases 7
# of unsupported tests 208
/scratch/gcc/nightly-2005-04-29-3.4/i686-pc-linux-gnu/build_gcc/build/gcc-3.4-2005-04-29-nightly-i686-pc-linux-gnu/gcc/xgcc version 3.4.4 20050429 (prerelease)
=== libstdc++-v3 check-abi Summary ===
# of added symbols: 11
# of missing symbols: 0
# of incompatible symbols: 0
using: /home/gcc/nightlies/src-3.4-2005-04-29/gcc-3.4-2005-04-29/libstdc++-v3/config/abi/i486-linux-gnu/baseline_symbols.txt
=== libstdc++ tests ===
Running target unix
XPASS: 22_locale/locale/cons/12658_thread.cc execution test
FAIL: 22_locale/messages/members/char/1.cc execution test
FAIL: 22_locale/messages/members/char/2.cc execution test
FAIL: 22_locale/messages/members/char/wrapped_env.cc execution test
FAIL: 22_locale/messages/members/char/wrapped_locale.cc execution test
FAIL: 22_locale/messages_byname/named_equivalence.cc execution test
XPASS: 26_numerics/c99_classification_macros_c.cc (test for excess errors)
=== libstdc++ Summary ===
# of expected passes 2730
# of unexpected failures 5
# of unexpected successes 2
# of expected failures 5
Compiler version: 3.4.4 20050429 (prerelease)
Platform: i686-pc-linux-gnu
configure flags: --build=i686-pc-linux-gnu --host=i686-pc-linux-gnu --target=i686-pc-linux-gnu --enable-languages=c,c++ --enable-threads=posix --disable-nls --disable-libmudflap --with-gnu-as --with-as=/scratch/gcc/nightly-2005-04-29-3.4/i686-pc-linux-gnu/build_gcc/install/bin/as --with-gnu-ld --with-ld=/scratch/gcc/nightly-2005-04-29-3.4/i686-pc-linux-gnu/build_gcc/install/bin/ld --prefix=/scratch/gcc/nightly-2005-04-29-3.4/i686-pc-linux-gnu/build_gcc/install
More information about the Gcc-testresults
mailing list