Results for 4.1.0 20050429 (experimental) testsuite on powerpc64-unknown-linux-gnu
Diego Novillo
dnovillo@redhat.com
Fri Apr 29 09:20:00 GMT 2005
LAST_UPDATED:
Native configuration is powerpc64-unknown-linux-gnu
=== g++ tests ===
Running target unix
FAIL: g++.dg/other/static11.C (test for excess errors)
FAIL: g++.old-deja/g++.other/comdat4.C (test for excess errors)
FAIL: g++.old-deja/g++.other/init5.C execution test
=== g++ Summary ===
# of expected passes 11024
# of unexpected failures 3
# of expected failures 65
# of unsupported tests 84
/notnfs/dnovillo/sbox/gcc/bld.torreja/gcc/testsuite/../g++ version 4.1.0 20050429 (experimental)
=== gcc tests ===
Running target unix
UNRESOLVED: gcc.c-torture/execute/20020720-1.c execution, -O1
UNRESOLVED: gcc.c-torture/execute/20020720-1.c execution, -O2
UNRESOLVED: gcc.c-torture/execute/20020720-1.c execution, -O3 -fomit-frame-pointer
UNRESOLVED: gcc.c-torture/execute/20020720-1.c execution, -O3 -g
UNRESOLVED: gcc.c-torture/execute/20020720-1.c execution, -Os
FAIL: gcc.dg/altivec-21.c (test for errors, line 13)
FAIL: gcc.dg/altivec-21.c (test for errors, line 14)
FAIL: gcc.dg/ppc64-abi-2.c (test for excess errors)
WARNING: gcc.dg/ppc64-abi-2.c compilation failed to produce executable
FAIL: gcc.dg/uninit-1.c uninitialized variable warning (test for bogus messages, line 16)
XPASS: gcc.dg/tree-ssa/sra-2.c scan-tree-dump-times link_error 0
XPASS: gcc.dg/vect/vect-67.c scan-tree-dump-times vectorized 1 loops 1
=== gcc Summary ===
# of expected passes 36170
# of unexpected failures 4
# of unexpected successes 2
# of expected failures 111
# of unresolved testcases 5
# of untested testcases 28
# of unsupported tests 437
/notnfs/dnovillo/sbox/gcc/bld.torreja/gcc/xgcc version 4.1.0 20050429 (experimental)
=== objc tests ===
Running target unix
=== objc Summary ===
# of expected passes 1534
# of unsupported tests 12
/notnfs/dnovillo/sbox/gcc/bld.torreja/gcc/xgcc version 4.1.0 20050429 (experimental)
=== libffi tests ===
Running target unix
FAIL: libffi.call/float3.c execution test
=== libffi Summary ===
# of expected passes 218
# of unexpected failures 1
# of unsupported tests 2
=== libjava tests ===
Running target unix
FAIL: Array_3 -O3 execution - bytecode->native test
FAIL: Class_1 execution - gij test
FAIL: Class_1 execution - gij test
WARNING: program timed out.
FAIL: FileHandleGcTest execution - gij test
WARNING: program timed out.
FAIL: FileHandleGcTest execution - gij test
FAIL: InvokeInterface execution - gij test
FAIL: InvokeInterface execution - gij test
FAIL: LargeFile execution - source compiled test
FAIL: LargeFile execution - gij test
FAIL: LargeFile execution - bytecode->native test
FAIL: LargeFile -O3 execution - source compiled test
FAIL: LargeFile execution - gij test
FAIL: LargeFile -O3 execution - bytecode->native test
FAIL: PR12350 execution - gij test
FAIL: PR12350 execution - gij test
FAIL: PR12416 execution - gij test
FAIL: PR12416 execution - gij test
WARNING: program timed out.
FAIL: PR18699 execution - gij test
WARNING: program timed out.
FAIL: PR18699 execution - gij test
FAIL: PR260 execution - gij test
FAIL: PR260 execution - gij test
FAIL: SyncTest execution - gij test
FAIL: SyncTest execution - gij test
FAIL: invokethrow execution - gij test
FAIL: invokethrow execution - gij test
FAIL: pr179 execution - gij test
FAIL: pr179 execution - gij test
FAIL: pr8415 execution - gij test
FAIL: pr8415 execution - gij test
FAIL: stringconst2 output - gij test
FAIL: stringconst2 output - gij test
FAIL: pr21115 run
=== libjava Summary ===
# of expected passes 3748
# of unexpected failures 32
# of expected failures 10
# of untested testcases 38
=== libmudflap tests ===
Running target unix
FAIL: libmudflap.c/fail27-frag.c output pattern test
FAIL: libmudflap.c/fail27-frag.c (-O2) output pattern test
FAIL: libmudflap.c/fail27-frag.c (-O3) output pattern test
=== libmudflap Summary ===
# of expected passes 1328
# of unexpected failures 3
=== libstdc++ tests ===
Running target unix
FAIL: abi_check
XPASS: 26_numerics/cmath/c99_classification_macros_c.cc (test for excess errors)
FAIL: 27_io/fpos/1.cc (test for excess errors)
XPASS: 27_io/fpos/14320-1.cc execution test
XPASS: ext/array_allocator/2.cc execution test
FAIL: ext/stdio_sync_filebuf/wchar_t/12077.cc (test for excess errors)
WARNING: ext/stdio_sync_filebuf/wchar_t/12077.cc compilation failed to produce executable
=== libstdc++ Summary ===
# of expected passes 1260
# of unexpected failures 3
# of unexpected successes 3
# of expected failures 4
Compiler version: 4.1.0 20050429 (experimental)
Platform: powerpc64-unknown-linux-gnu
configure flags: --prefix=/home/cygnus/dnovillo/perf/sbox/gcc/local.ppc64/inst.torreja --srcdir=/home/cygnus/dnovillo/perf/sbox/gcc/local.ppc64/src --disable-multilib --enable-mpfr --enable-languages=c,c++,java,objc
More information about the Gcc-testresults
mailing list